{"id":1031,"date":"2016-05-28T15:10:44","date_gmt":"2016-05-28T14:10:44","guid":{"rendered":"http:\/\/istressportsbadminton.com\/?page_id=1031"},"modified":"2022-06-12T10:42:57","modified_gmt":"2022-06-12T08:42:57","slug":"5eme-edition-du-tournoi-national-distres","status":"publish","type":"page","link":"https:\/\/istressportsbadminton.com\/?page_id=1031","title":{"rendered":"5\u00e8me Tournoi National d&rsquo;Istres"},"content":{"rendered":"<p><a href=\"http:\/\/istressportsbadminton.com\/wp-content\/uploads\/2016\/04\/Tournoi-National-Istres-1.jpg\" rel=\"attachment wp-att-1010\"><img loading=\"lazy\" class=\"alignright wp-image-1010\" src=\"http:\/\/istressportsbadminton.com\/wp-content\/uploads\/2016\/04\/Tournoi-National-Istres-1-212x300.jpg\" alt=\"Tournoi National Istres\" width=\"339\" height=\"480\" srcset=\"https:\/\/istressportsbadminton.com\/wp-content\/uploads\/2016\/04\/Tournoi-National-Istres-1-212x300.jpg 212w, https:\/\/istressportsbadminton.com\/wp-content\/uploads\/2016\/04\/Tournoi-National-Istres-1-768x1086.jpg 768w, https:\/\/istressportsbadminton.com\/wp-content\/uploads\/2016\/04\/Tournoi-National-Istres-1-724x1024.jpg 724w, https:\/\/istressportsbadminton.com\/wp-content\/uploads\/2016\/04\/Tournoi-National-Istres-1-1x1.jpg 1w, https:\/\/istressportsbadminton.com\/wp-content\/uploads\/2016\/04\/Tournoi-National-Istres-1.jpg 1448w\" sizes=\"(max-width: 339px) 85vw, 339px\" \/><\/a>Nous sommes heureux de vous annoncer\u00a0l&rsquo;organisation\u00a0de la<br \/>\n<span style=\"color: #993366; font-size: 12pt;\"><strong>5\u00e8me \u00e9dition du Tournoi National d&rsquo;Istres<\/strong><\/span>.<\/p>\n<p>Il se d\u00e9roulera <span style=\"font-size: 12pt; color: #3366ff;\"><strong>les samedi 9 et dimanche 10 juillet 2016<\/strong><\/span> sur <span style=\"text-decoration: underline;\">15 terrains<\/span> dont 2 tapis, r\u00e9partis dans 2 salles situ\u00e9es \u00e0 5 min \u00e0 pied l&rsquo;une de l&rsquo;autre: <strong>le gymnase Donadieu<\/strong> et <strong>la superbe Halle Polyvalente climatis\u00e9e<\/strong>.<\/p>\n<ul style=\"list-style-type: disc;\">\n<li><strong>Samedi 9 juillet<\/strong>: Simples + Mixtes<\/li>\n<li><strong>Dimanche 10 juillet<\/strong>: Doubles + demi-finales et finales Mixtes s\u00e9ries N<\/li>\n<\/ul>\n<p>Un max d\u2019int\u00e9r\u00eat sportif avec <span style=\"text-decoration: underline;\">2 sortants par poule<\/span> et des s\u00e9ries\u00a0r\u00e9parties de la mani\u00e8re suivante:<br \/>\nN2 , N3 , R4 , R5 , R6 , D7 , D8 , D9\/P<\/p>\n<p>On vous promet un confort et un accueil aux petits oignions\u00a0 \ud83d\ude42<\/p>\n<p><a href=\"http:\/\/istressportsbadminton.com\/wp-content\/uploads\/2016\/04\/Picture1.png\"><img loading=\"lazy\" class=\"wp-image-1548 alignleft\" src=\"http:\/\/istressportsbadminton.com\/wp-content\/uploads\/2016\/04\/Picture1.png\" alt=\"Picture1\" width=\"64\" height=\"75\" srcset=\"https:\/\/istressportsbadminton.com\/wp-content\/uploads\/2016\/04\/Picture1.png 126w, https:\/\/istressportsbadminton.com\/wp-content\/uploads\/2016\/04\/Picture1-1x1.png 1w\" sizes=\"(max-width: 64px) 85vw, 64px\" \/><\/a><\/p>\n<p>Et cerise sur le g\u00e2teau, du fun\u00a0avec le samedi soir\u00a0<strong>une soir\u00e9e\/repas <span style=\"text-decoration: underline;\">sur place \u00e0 la Halle Polyvalente<\/span>. <\/strong><\/p>\n<div>Le prix est de\u00a0<b>20 Euro\/pers<\/b>\u00a0et comprenant un <strong>r<\/strong><b>epas de sp\u00e9cialit\u00e9s Vietnamiennes<\/b>\u00a0servi \u00e0 table (menu ci dessous) suivi d&rsquo;une\u00a0<b>soir\u00e9e DJ<\/b>.<\/div>\n<div>Au menu et inclu dans le prix:<\/div>\n<div style=\"text-align: center;\">1 Ap\u00e9ritif (alcool ou sans alcool)<\/div>\n<div>\n<div style=\"text-align: center;\">Amuses bouches<\/div>\n<div style=\"text-align: center;\">&#8212;&#8212;<\/div>\n<div style=\"text-align: center;\"><b><i>Entr\u00e9e<\/i><\/b><\/div>\n<div style=\"text-align: center;\">Chips Crevettes<\/div>\n<div>\n<div style=\"text-align: center;\">assiette Vietnamienne (2 nems, 2 samousas, Salade au poulet)<\/div>\n<div style=\"text-align: center;\">&#8212;&#8211;<\/div>\n<div style=\"text-align: center;\"><b><i>Plat<\/i><\/b><\/div>\n<div style=\"text-align: center;\">Porc laqu\u00e9<\/div>\n<div style=\"text-align: center;\">OU<\/div>\n<div style=\"text-align: center;\">Poulet gingembre<\/div>\n<div style=\"text-align: center;\">OU<\/div>\n<div style=\"text-align: center;\">Poulet citronnelle<\/div>\n<div style=\"text-align: center;\">accompagn\u00e9 de riz cantonnais OU riz nature OU nouilles saut\u00e9es<\/div>\n<div style=\"text-align: center;\">&#8212;-<\/div>\n<div style=\"text-align: center;\"><b><i>Dessert<\/i><\/b><\/div>\n<div style=\"text-align: center;\">Salade de fruit<\/div>\n<div style=\"text-align: center;\">OU<\/div>\n<div style=\"text-align: center;\">Tarte aux fruits<\/div>\n<div style=\"text-align: center;\">OU<\/div>\n<div style=\"text-align: center;\">Tarte chocolat<\/div>\n<div style=\"text-align: center;\">&#8212;-<\/div>\n<div style=\"text-align: center;\"><b><i>Caf\u00e9 et\u00a0<\/i><\/b><i><b>nougats Vi\u00eatnamiens<\/b><\/i><\/div>\n<div style=\"text-align: center;\">&#8212;-<\/div>\n<div style=\"text-align: center;\">une carafe de vin par table<\/div>\n<\/div>\n<div><\/div>\n<div>Dans la mesure du possible, merci d&rsquo;indiquer \u00e0 l&rsquo;avance avec votre\u00a0r\u00e9servation le plat et dessert choisi. Les\u00a0<strong><span style=\"color: #000000;\"><span style=\"font-size: small;\"><u>r\u00e9servations<\/u><\/span>\u00a0<\/span><\/strong>se font \u00e0 l&rsquo;adresse suivante\u00a0<u><strong>avant le dimanche 3 juillet<\/strong><\/u>\u00a0:<\/div>\n<\/div>\n<p><strong>Au programme:<\/strong><\/p>\n<p><a href=\"http:\/\/istressportsbadminton.com\/wp-content\/uploads\/2016\/04\/Picture2.png\"><img loading=\"lazy\" class=\"alignnone wp-image-1549\" src=\"http:\/\/istressportsbadminton.com\/wp-content\/uploads\/2016\/04\/Picture2.png\" alt=\"Picture2\" width=\"225\" height=\"90\" srcset=\"https:\/\/istressportsbadminton.com\/wp-content\/uploads\/2016\/04\/Picture2.png 292w, https:\/\/istressportsbadminton.com\/wp-content\/uploads\/2016\/04\/Picture2-150x60.png 150w, https:\/\/istressportsbadminton.com\/wp-content\/uploads\/2016\/04\/Picture2-2x1.png 2w\" sizes=\"(max-width: 225px) 85vw, 225px\" \/><\/a><\/p>\n<p>En esp\u00e9rant vous y voir tr\u00e8s nombreux, retrouvez nous\u00a0sur la page <span style=\"text-decoration: underline;\">Facebook<\/span> d\u00e9di\u00e9e\u00a0et sur la page <span style=\"text-decoration: underline;\">badiste<\/span>\u00a0pour toutes les modalit\u00e9s d&rsquo;inscription.<\/p>\n<p>Istres Sports Badminton<a href=\"http:\/\/istressportsbadminton.com\/wp-content\/uploads\/2016\/06\/logo-Maritima-Radio-CMJN.png\"><img loading=\"lazy\" class=\"wp-image-1639 size-medium aligncenter\" src=\"http:\/\/istressportsbadminton.com\/wp-content\/uploads\/2016\/06\/logo-Maritima-Radio-CMJN-300x152.png\" alt=\"logo Maritima Radio CMJN\" width=\"300\" height=\"152\" srcset=\"https:\/\/istressportsbadminton.com\/wp-content\/uploads\/2016\/06\/logo-Maritima-Radio-CMJN-300x152.png 300w, https:\/\/istressportsbadminton.com\/wp-content\/uploads\/2016\/06\/logo-Maritima-Radio-CMJN-150x76.png 150w, https:\/\/istressportsbadminton.com\/wp-content\/uploads\/2016\/06\/logo-Maritima-Radio-CMJN-1024x520.png 1024w, https:\/\/istressportsbadminton.com\/wp-content\/uploads\/2016\/06\/logo-Maritima-Radio-CMJN-2x1.png 2w\" sizes=\"(max-width: 300px) 85vw, 300px\" \/><\/a><\/p>\n","protected":false},"excerpt":{"rendered":"<p>Nous sommes heureux de vous annoncer\u00a0l&rsquo;organisation\u00a0de la 5\u00e8me \u00e9dition du Tournoi National d&rsquo;Istres. Il se d\u00e9roulera les samedi 9 et dimanche 10 juillet 2016 sur 15 terrains dont 2 tapis, r\u00e9partis dans 2 salles situ\u00e9es \u00e0 5 min \u00e0 pied l&rsquo;une de l&rsquo;autre: le gymnase Donadieu et la superbe Halle Polyvalente climatis\u00e9e. Samedi 9 juillet: &hellip; <a href=\"https:\/\/istressportsbadminton.com\/?page_id=1031\" class=\"more-link\">Continuer la lecture<span class=\"screen-reader-text\"> de &laquo;&nbsp;5\u00e8me Tournoi National d&rsquo;Istres&nbsp;&raquo;<\/span><\/a><\/p>\n","protected":false},"author":3,"featured_media":1010,"parent":0,"menu_order":0,"comment_status":"closed","ping_status":"closed","template":"","meta":{"sfsi_plus_gutenberg_text_before_share":"","sfsi_plus_gutenberg_show_text_before_share":"","sfsi_plus_gutenberg_icon_type":"","sfsi_plus_gutenberg_icon_alignemt":"","sfsi_plus_gutenburg_max_per_row":""},"_links":{"self":[{"href":"https:\/\/istressportsbadminton.com\/index.php?rest_route=\/wp\/v2\/pages\/1031"}],"collection":[{"href":"https:\/\/istressportsbadminton.com\/index.php?rest_route=\/wp\/v2\/pages"}],"about":[{"href":"https:\/\/istressportsbadminton.com\/index.php?rest_route=\/wp\/v2\/types\/page"}],"author":[{"embeddable":true,"href":"https:\/\/istressportsbadminton.com\/index.php?rest_route=\/wp\/v2\/users\/3"}],"replies":[{"embeddable":true,"href":"https:\/\/istressportsbadminton.com\/index.php?rest_route=%2Fwp%2Fv2%2Fcomments&post=1031"}],"version-history":[{"count":12,"href":"https:\/\/istressportsbadminton.com\/index.php?rest_route=\/wp\/v2\/pages\/1031\/revisions"}],"predecessor-version":[{"id":4208,"href":"https:\/\/istressportsbadminton.com\/index.php?rest_route=\/wp\/v2\/pages\/1031\/revisions\/4208"}],"wp:featuredmedia":[{"embeddable":true,"href":"https:\/\/istressportsbadminton.com\/index.php?rest_route=\/wp\/v2\/media\/1010"}],"wp:attachment":[{"href":"https:\/\/istressportsbadminton.com\/index.php?rest_route=%2Fwp%2Fv2%2Fmedia&parent=1031"}],"curies":[{"name":"wp","href":"https:\/\/api.w.org\/{rel}","templated":true}]}}