{"id":1101,"date":"2016-04-11T15:16:34","date_gmt":"2016-04-11T14:16:34","guid":{"rendered":"http:\/\/istressportsbadminton.com\/?page_id=1101"},"modified":"2016-04-25T15:53:00","modified_gmt":"2016-04-25T14:53:00","slug":"isb-1-champion-de-regionale-3","status":"publish","type":"page","link":"https:\/\/istressportsbadminton.com\/?page_id=1101","title":{"rendered":"ISB 1, champion de R\u00e9gionale 3!!!!!!"},"content":{"rendered":"<p>C&rsquo;est fait!!! Au terme de l&rsquo;ultime journ\u00e9e disput\u00e9e Dimanche \u00e0 Digne, notre \u00e9quipe 1\u00a0remporte\u00a0le\u00a0championnat de R\u00e9gionale 3 et acc\u00e8de donc \u00e0 la R2!!<\/p>\n<p><span style=\"text-decoration: underline; color: #3366ff;\"><strong><a style=\"color: #3366ff; text-decoration: underline;\" href=\"http:\/\/istressportsbadminton.com\/?page_id=1235\">Lisez ici le compte rendu de cette derni\u00e8re journ\u00e9e \u00e9pique!<\/a><\/strong><\/span><\/p>\n<p><a href=\"http:\/\/istressportsbadminton.com\/wp-content\/uploads\/2016\/04\/R3-Dignes-2.jpg\" rel=\"attachment wp-att-1086\"><img loading=\"lazy\" class=\"wp-image-1086 size-medium alignleft\" src=\"http:\/\/istressportsbadminton.com\/wp-content\/uploads\/2016\/04\/R3-Dignes-2-300x225.jpg\" alt=\"R3 Dignes (2)\" width=\"300\" height=\"225\" srcset=\"https:\/\/istressportsbadminton.com\/wp-content\/uploads\/2016\/04\/R3-Dignes-2-300x225.jpg 300w, https:\/\/istressportsbadminton.com\/wp-content\/uploads\/2016\/04\/R3-Dignes-2-768x576.jpg 768w, https:\/\/istressportsbadminton.com\/wp-content\/uploads\/2016\/04\/R3-Dignes-2-1x1.jpg 1w, https:\/\/istressportsbadminton.com\/wp-content\/uploads\/2016\/04\/R3-Dignes-2.jpg 960w\" sizes=\"(max-width: 300px) 85vw, 300px\" \/><\/a>Malgr\u00e9 une saison jalonn\u00e9e de blessures, la\u00a0bande du Captain Phil aura r\u00e9ussi a surmonter toutes ces difficult\u00e9s, et finalement arracher la mont\u00e9e vers l&rsquo;\u00e9chelon sup\u00e9rieur lors de cette ultime\u00a0journ\u00e9e, en battant notamment la talentueuse\u00a0\u00e9quipe de Pertuis, qui aura \u00e9t\u00e9 a la lutte jusqu&rsquo;\u00e0 la fin.<a href=\"http:\/\/istressportsbadminton.com\/wp-content\/uploads\/2016\/04\/R3-Dignes-5.jpg\" rel=\"attachment wp-att-1088\"><img loading=\"lazy\" class=\"wp-image-1088 size-medium alignright\" src=\"http:\/\/istressportsbadminton.com\/wp-content\/uploads\/2016\/04\/R3-Dignes-5-300x169.jpg\" alt=\"R3 Dignes (5)\" width=\"300\" height=\"169\" srcset=\"https:\/\/istressportsbadminton.com\/wp-content\/uploads\/2016\/04\/R3-Dignes-5-300x169.jpg 300w, https:\/\/istressportsbadminton.com\/wp-content\/uploads\/2016\/04\/R3-Dignes-5-768x432.jpg 768w, https:\/\/istressportsbadminton.com\/wp-content\/uploads\/2016\/04\/R3-Dignes-5-2x1.jpg 2w, https:\/\/istressportsbadminton.com\/wp-content\/uploads\/2016\/04\/R3-Dignes-5.jpg 960w\" sizes=\"(max-width: 300px) 85vw, 300px\" \/><\/a><\/p>\n<p>&nbsp;<\/p>\n<p>&nbsp;<\/p>\n<p>Bravo \u00e0\u00a0Aur\u00e9lie, Marine, Marie, St\u00e9phanie, Alex LD, Teddy, Seb, Robert, ainsi que Mickey, Am\u00e9lie, C\u00e9line et Coralie pour cette superbe performance tout au long de la saison qui se conclue sur\u00a0un super bilan de 12 victoires et 2 nuls en 14 rencontres.<\/p>\n<p><span style=\"text-decoration: underline; color: #3366ff;\"><strong>T<a style=\"color: #3366ff; text-decoration: underline;\" href=\"http:\/\/istressportsbadminton.com\/?page_id=174\" target=\"_blank\">ous les r\u00e9sultats de la saison sont a retrouver ici<\/a><\/strong><\/span><\/p>\n<p>Et rendez-vous en R2 la saison prochaine pour, on l&rsquo;esp\u00e8re, une autre superbe aventure!<\/p>\n<p><a href=\"http:\/\/istressportsbadminton.com\/wp-content\/uploads\/2016\/04\/R3-Dignes-4.jpg\" rel=\"attachment wp-att-1087\"><img loading=\"lazy\" class=\"wp-image-1087 size-medium alignleft\" src=\"http:\/\/istressportsbadminton.com\/wp-content\/uploads\/2016\/04\/R3-Dignes-4-169x300.jpg\" alt=\"R3 Dignes (4)\" width=\"169\" height=\"300\" srcset=\"https:\/\/istressportsbadminton.com\/wp-content\/uploads\/2016\/04\/R3-Dignes-4-169x300.jpg 169w, https:\/\/istressportsbadminton.com\/wp-content\/uploads\/2016\/04\/R3-Dignes-4-1x1.jpg 1w, https:\/\/istressportsbadminton.com\/wp-content\/uploads\/2016\/04\/R3-Dignes-4.jpg 540w\" sizes=\"(max-width: 169px) 85vw, 169px\" \/><\/a><\/p>\n<p><a href=\"http:\/\/istressportsbadminton.com\/wp-content\/uploads\/2016\/04\/ISB-Champion-de-R\u00e9gionale-3.jpg\" rel=\"attachment wp-att-1083\"><img loading=\"lazy\" class=\"alignright wp-image-1083\" src=\"http:\/\/istressportsbadminton.com\/wp-content\/uploads\/2016\/04\/ISB-Champion-de-R\u00e9gionale-3-300x225.jpg\" alt=\"ISB, champion de R\u00e9gionale 3!!!!\" width=\"400\" height=\"300\" srcset=\"https:\/\/istressportsbadminton.com\/wp-content\/uploads\/2016\/04\/ISB-Champion-de-R\u00e9gionale-3-300x225.jpg 300w, https:\/\/istressportsbadminton.com\/wp-content\/uploads\/2016\/04\/ISB-Champion-de-R\u00e9gionale-3-768x576.jpg 768w, https:\/\/istressportsbadminton.com\/wp-content\/uploads\/2016\/04\/ISB-Champion-de-R\u00e9gionale-3-1x1.jpg 1w, https:\/\/istressportsbadminton.com\/wp-content\/uploads\/2016\/04\/ISB-Champion-de-R\u00e9gionale-3.jpg 960w\" sizes=\"(max-width: 400px) 85vw, 400px\" \/><\/a><\/p>\n<figure id=\"attachment_1085\" aria-describedby=\"caption-attachment-1085\" style=\"width: 960px\" class=\"wp-caption aligncenter\"><a href=\"http:\/\/istressportsbadminton.com\/wp-content\/uploads\/2016\/04\/R3-Dignes.jpg\" rel=\"attachment wp-att-1085\"><img loading=\"lazy\" class=\"wp-image-1085 size-full\" src=\"http:\/\/istressportsbadminton.com\/wp-content\/uploads\/2016\/04\/R3-Dignes.jpg\" alt=\"R3 Dignes\" width=\"960\" height=\"638\" srcset=\"https:\/\/istressportsbadminton.com\/wp-content\/uploads\/2016\/04\/R3-Dignes.jpg 960w, https:\/\/istressportsbadminton.com\/wp-content\/uploads\/2016\/04\/R3-Dignes-300x199.jpg 300w, https:\/\/istressportsbadminton.com\/wp-content\/uploads\/2016\/04\/R3-Dignes-768x510.jpg 768w, https:\/\/istressportsbadminton.com\/wp-content\/uploads\/2016\/04\/R3-Dignes-2x1.jpg 2w\" sizes=\"(max-width: 709px) 85vw, (max-width: 909px) 67vw, (max-width: 1362px) 62vw, 840px\" \/><\/a><figcaption id=\"caption-attachment-1085\" class=\"wp-caption-text\">La team de choc et quelques uns de ses fans \u00e0 Dignes \ud83d\ude09<\/figcaption><\/figure>\n","protected":false},"excerpt":{"rendered":"<p>C&rsquo;est fait!!! Au terme de l&rsquo;ultime journ\u00e9e disput\u00e9e Dimanche \u00e0 Digne, notre \u00e9quipe 1\u00a0remporte\u00a0le\u00a0championnat de R\u00e9gionale 3 et acc\u00e8de donc \u00e0 la R2!! Lisez ici le compte rendu de cette derni\u00e8re journ\u00e9e \u00e9pique! Malgr\u00e9 une saison jalonn\u00e9e de blessures, la\u00a0bande du Captain Phil aura r\u00e9ussi a surmonter toutes ces difficult\u00e9s, et finalement arracher la mont\u00e9e &hellip; <a href=\"https:\/\/istressportsbadminton.com\/?page_id=1101\" class=\"more-link\">Continuer la lecture<span class=\"screen-reader-text\"> de &laquo;&nbsp;ISB 1, champion de R\u00e9gionale 3!!!!!!&nbsp;&raquo;<\/span><\/a><\/p>\n","protected":false},"author":3,"featured_media":1107,"parent":0,"menu_order":0,"comment_status":"closed","ping_status":"closed","template":"","meta":{"sfsi_plus_gutenberg_text_before_share":"","sfsi_plus_gutenberg_show_text_before_share":"","sfsi_plus_gutenberg_icon_type":"","sfsi_plus_gutenberg_icon_alignemt":"","sfsi_plus_gutenburg_max_per_row":""},"_links":{"self":[{"href":"https:\/\/istressportsbadminton.com\/index.php?rest_route=\/wp\/v2\/pages\/1101"}],"collection":[{"href":"https:\/\/istressportsbadminton.com\/index.php?rest_route=\/wp\/v2\/pages"}],"about":[{"href":"https:\/\/istressportsbadminton.com\/index.php?rest_route=\/wp\/v2\/types\/page"}],"author":[{"embeddable":true,"href":"https:\/\/istressportsbadminton.com\/index.php?rest_route=\/wp\/v2\/users\/3"}],"replies":[{"embeddable":true,"href":"https:\/\/istressportsbadminton.com\/index.php?rest_route=%2Fwp%2Fv2%2Fcomments&post=1101"}],"version-history":[{"count":6,"href":"https:\/\/istressportsbadminton.com\/index.php?rest_route=\/wp\/v2\/pages\/1101\/revisions"}],"predecessor-version":[{"id":1335,"href":"https:\/\/istressportsbadminton.com\/index.php?rest_route=\/wp\/v2\/pages\/1101\/revisions\/1335"}],"wp:featuredmedia":[{"embeddable":true,"href":"https:\/\/istressportsbadminton.com\/index.php?rest_route=\/wp\/v2\/media\/1107"}],"wp:attachment":[{"href":"https:\/\/istressportsbadminton.com\/index.php?rest_route=%2Fwp%2Fv2%2Fmedia&parent=1101"}],"curies":[{"name":"wp","href":"https:\/\/api.w.org\/{rel}","templated":true}]}}