{"id":1674,"date":"2016-07-19T11:46:19","date_gmt":"2016-07-19T10:46:19","guid":{"rendered":"http:\/\/istressportsbadminton.com\/?page_id=1674"},"modified":"2019-10-15T18:14:42","modified_gmt":"2019-10-15T16:14:42","slug":"responsable-partenariat","status":"publish","type":"page","link":"https:\/\/istressportsbadminton.com\/?page_id=1674","title":{"rendered":"Sponsoring ou M\u00e9c\u00e9nat"},"content":{"rendered":"\n<p>Fort d&rsquo;un pass\u00e9 remarqu\u00e9 au niveau national (nationale 2),Istres Sports Badminton et sa nouvelle \u00e9quipe associative a pour objectif de v\u00e9hiculer le dynamisme de ce sport pour ses adh\u00e9rents loisirs comme les comp\u00e9titeurs.<\/p>\n\n\n\n<p>Elle recherche des partenaires locaux, r\u00e9gionaux ou pr\u00e9sent sur la toile pour accompagner la renaissance du club.<\/p>\n\n\n\n<p><a href=\"http:\/\/istressportsbadminton.com\/wp-content\/uploads\/2016\/07\/PARTENARIAT-ISB-2016-17.pdf\" target=\"_blank\" rel=\"noopener noreferrer\"><span style=\"text-decoration: underline;\"><strong><span style=\"color: #33cccc; text-decoration: underline;\">Plus d&rsquo;informations en cliquant ici<\/span><\/strong><\/span><\/a><\/p>\n\n\n\n<p><strong>Responsable partenariat<\/strong> :<\/p>\n\n\n\n<p>Jean-Pierre LEVAN:<\/p>\n\n\n\n<p>jpltolo@live.fr<\/p>\n","protected":false},"excerpt":{"rendered":"<p>Fort d&rsquo;un pass\u00e9 remarqu\u00e9 au niveau national (nationale 2),Istres Sports Badminton et sa nouvelle \u00e9quipe associative a pour objectif de v\u00e9hiculer le dynamisme de ce sport pour ses adh\u00e9rents loisirs comme les comp\u00e9titeurs. Elle recherche des partenaires locaux, r\u00e9gionaux ou pr\u00e9sent sur la toile pour accompagner la renaissance du club. Plus d&rsquo;informations en cliquant ici &hellip; <a href=\"https:\/\/istressportsbadminton.com\/?page_id=1674\" class=\"more-link\">Continuer la lecture<span class=\"screen-reader-text\"> de &laquo;&nbsp;Sponsoring ou M\u00e9c\u00e9nat&nbsp;&raquo;<\/span><\/a><\/p>\n","protected":false},"author":3,"featured_media":0,"parent":0,"menu_order":0,"comment_status":"closed","ping_status":"closed","template":"","meta":{"sfsi_plus_gutenberg_text_before_share":"","sfsi_plus_gutenberg_show_text_before_share":"","sfsi_plus_gutenberg_icon_type":"","sfsi_plus_gutenberg_icon_alignemt":"","sfsi_plus_gutenburg_max_per_row":""},"_links":{"self":[{"href":"https:\/\/istressportsbadminton.com\/index.php?rest_route=\/wp\/v2\/pages\/1674"}],"collection":[{"href":"https:\/\/istressportsbadminton.com\/index.php?rest_route=\/wp\/v2\/pages"}],"about":[{"href":"https:\/\/istressportsbadminton.com\/index.php?rest_route=\/wp\/v2\/types\/page"}],"author":[{"embeddable":true,"href":"https:\/\/istressportsbadminton.com\/index.php?rest_route=\/wp\/v2\/users\/3"}],"replies":[{"embeddable":true,"href":"https:\/\/istressportsbadminton.com\/index.php?rest_route=%2Fwp%2Fv2%2Fcomments&post=1674"}],"version-history":[{"count":6,"href":"https:\/\/istressportsbadminton.com\/index.php?rest_route=\/wp\/v2\/pages\/1674\/revisions"}],"predecessor-version":[{"id":3574,"href":"https:\/\/istressportsbadminton.com\/index.php?rest_route=\/wp\/v2\/pages\/1674\/revisions\/3574"}],"wp:attachment":[{"href":"https:\/\/istressportsbadminton.com\/index.php?rest_route=%2Fwp%2Fv2%2Fmedia&parent=1674"}],"curies":[{"name":"wp","href":"https:\/\/api.w.org\/{rel}","templated":true}]}}