{"id":176,"date":"2015-11-10T15:35:38","date_gmt":"2015-11-10T15:35:38","guid":{"rendered":"http:\/\/istressportsbadminton.com\/?page_id=176"},"modified":"2016-10-01T10:31:16","modified_gmt":"2016-10-01T09:31:16","slug":"calendrier-d1","status":"publish","type":"page","link":"https:\/\/istressportsbadminton.com\/?page_id=176","title":{"rendered":"Calendrier&nbsp;D4&nbsp;"},"content":{"rendered":"<h3><strong>D\u00e9partementale 4 &#8211; Poule B<\/strong><\/h3>\n<p><strong><span style=\"font-size: 10pt;\"><a href=\"http:\/\/istressportsbadminton.com\/wp-content\/uploads\/2015\/11\/D4-J10.jpg\"><img loading=\"lazy\" class=\"alignnone size-full wp-image-1546\" src=\"http:\/\/istressportsbadminton.com\/wp-content\/uploads\/2015\/11\/D4-J10.jpg\" alt=\"D4 J10\" width=\"1256\" height=\"224\" srcset=\"https:\/\/istressportsbadminton.com\/wp-content\/uploads\/2015\/11\/D4-J10.jpg 1256w, https:\/\/istressportsbadminton.com\/wp-content\/uploads\/2015\/11\/D4-J10-150x27.jpg 150w, https:\/\/istressportsbadminton.com\/wp-content\/uploads\/2015\/11\/D4-J10-300x54.jpg 300w, https:\/\/istressportsbadminton.com\/wp-content\/uploads\/2015\/11\/D4-J10-1024x183.jpg 1024w, https:\/\/istressportsbadminton.com\/wp-content\/uploads\/2015\/11\/D4-J10-6x1.jpg 6w\" sizes=\"(max-width: 709px) 85vw, (max-width: 909px) 67vw, (max-width: 1362px) 62vw, 840px\" \/><\/a>Les 2 premi\u00e8res \u00e9quipes sont\u00a0qualifi\u00e9es\u00a0en demi-finale des Play-Off, les 2 finalistes sont promues en D3<\/span><\/strong><\/p>\n<p><strong><span style=\"color: #33cccc;\">&#8211; Mercredi 4 novembre 2015:<\/span><\/strong> Saint Martin &#8211; <strong>Istres\u00a0 <span style=\"color: #99cc00;\">3-4<\/span><\/strong>\u00a0<a href=\"http:\/\/istressportsbadminton.com\/wp-content\/uploads\/2016\/04\/emoji_u1f3c6.png\"><img loading=\"lazy\" class=\"alignnone size-full wp-image-1322\" src=\"http:\/\/istressportsbadminton.com\/wp-content\/uploads\/2016\/04\/emoji_u1f3c6.png\" alt=\"emoji_u1f3c6\" width=\"25\" height=\"25\" srcset=\"https:\/\/istressportsbadminton.com\/wp-content\/uploads\/2016\/04\/emoji_u1f3c6.png 25w, https:\/\/istressportsbadminton.com\/wp-content\/uploads\/2016\/04\/emoji_u1f3c6-1x1.png 1w\" sizes=\"(max-width: 25px) 85vw, 25px\" \/><\/a><br \/>\n<strong><span style=\"color: #33cccc;\">&#8211; Mardi 17 novembre 2015:<\/span><\/strong> <strong>Istres<\/strong> &#8211; Simiane\u00a0 <strong><span style=\"color: #99cc00;\">5-2<\/span><\/strong>\u00a0<a href=\"http:\/\/istressportsbadminton.com\/wp-content\/uploads\/2016\/04\/emoji_u1f3c6.png\"><img loading=\"lazy\" class=\"alignnone size-full wp-image-1322\" src=\"http:\/\/istressportsbadminton.com\/wp-content\/uploads\/2016\/04\/emoji_u1f3c6.png\" alt=\"emoji_u1f3c6\" width=\"25\" height=\"25\" srcset=\"https:\/\/istressportsbadminton.com\/wp-content\/uploads\/2016\/04\/emoji_u1f3c6.png 25w, https:\/\/istressportsbadminton.com\/wp-content\/uploads\/2016\/04\/emoji_u1f3c6-1x1.png 1w\" sizes=\"(max-width: 25px) 85vw, 25px\" \/><\/a><br \/>\n<strong><span style=\"color: #33cccc;\">&#8211; Mardi 8 d\u00e9cembre 2015:<\/span><\/strong> <strong>Istres<\/strong> &#8211; Pelisanne\u00a0 <strong><span style=\"color: #99cc00;\">6-1<\/span><\/strong>\u00a0<a href=\"http:\/\/istressportsbadminton.com\/wp-content\/uploads\/2016\/04\/emoji_u1f3c6.png\"><img loading=\"lazy\" class=\"alignnone size-full wp-image-1322\" src=\"http:\/\/istressportsbadminton.com\/wp-content\/uploads\/2016\/04\/emoji_u1f3c6.png\" alt=\"emoji_u1f3c6\" width=\"25\" height=\"25\" srcset=\"https:\/\/istressportsbadminton.com\/wp-content\/uploads\/2016\/04\/emoji_u1f3c6.png 25w, https:\/\/istressportsbadminton.com\/wp-content\/uploads\/2016\/04\/emoji_u1f3c6-1x1.png 1w\" sizes=\"(max-width: 25px) 85vw, 25px\" \/><\/a><br \/>\n<strong><span style=\"color: #33cccc;\">&#8211; Mardi 12 janvier 2016:<\/span><\/strong> La M\u00e8de &#8211; <strong>Istres \u00a0<span style=\"color: #ff0000;\">4-3<\/span><\/strong> \u00a0<a href=\"http:\/\/istressportsbadminton.com\/wp-content\/uploads\/2016\/04\/defaite.png\"><img loading=\"lazy\" class=\"alignnone size-full wp-image-1373\" src=\"http:\/\/istressportsbadminton.com\/wp-content\/uploads\/2016\/04\/defaite.png\" alt=\"defaite\" width=\"25\" height=\"25\" srcset=\"https:\/\/istressportsbadminton.com\/wp-content\/uploads\/2016\/04\/defaite.png 25w, https:\/\/istressportsbadminton.com\/wp-content\/uploads\/2016\/04\/defaite-1x1.png 1w\" sizes=\"(max-width: 25px) 85vw, 25px\" \/><\/a><br \/>\n<strong><span style=\"color: #33cccc;\">&#8211; Mercredi 27 janvier 2016:<\/span><\/strong> Bouc Bel Air &#8211; <strong>Istres <span style=\"color: #99cc00;\">0-7<\/span><\/strong>\u00a0<a href=\"http:\/\/istressportsbadminton.com\/wp-content\/uploads\/2016\/04\/emoji_u1f3c6.png\"><img loading=\"lazy\" class=\"alignnone size-full wp-image-1322\" src=\"http:\/\/istressportsbadminton.com\/wp-content\/uploads\/2016\/04\/emoji_u1f3c6.png\" alt=\"emoji_u1f3c6\" width=\"25\" height=\"25\" srcset=\"https:\/\/istressportsbadminton.com\/wp-content\/uploads\/2016\/04\/emoji_u1f3c6.png 25w, https:\/\/istressportsbadminton.com\/wp-content\/uploads\/2016\/04\/emoji_u1f3c6-1x1.png 1w\" sizes=\"(max-width: 25px) 85vw, 25px\" \/><\/a><br \/>\n<strong><span style=\"color: #33cccc;\">&#8211; Mardi 23 f\u00e9vrier 2016:<\/span> Istres<\/strong> &#8211; Saint Martin <strong><span style=\"color: #ff0000;\">2-5<\/span>\u00a0<a href=\"http:\/\/istressportsbadminton.com\/wp-content\/uploads\/2016\/04\/defaite.png\"><img loading=\"lazy\" class=\"alignnone size-full wp-image-1373\" src=\"http:\/\/istressportsbadminton.com\/wp-content\/uploads\/2016\/04\/defaite.png\" alt=\"defaite\" width=\"25\" height=\"25\" srcset=\"https:\/\/istressportsbadminton.com\/wp-content\/uploads\/2016\/04\/defaite.png 25w, https:\/\/istressportsbadminton.com\/wp-content\/uploads\/2016\/04\/defaite-1x1.png 1w\" sizes=\"(max-width: 25px) 85vw, 25px\" \/><\/a><\/strong><br \/>\n<strong><span style=\"color: #33cccc;\">&#8211; Lundi 7 mars 2016:<\/span><\/strong> Simiane- <strong>Istres <span style=\"color: #99cc00;\">2-5<\/span>\u00a0<a href=\"http:\/\/istressportsbadminton.com\/wp-content\/uploads\/2016\/04\/emoji_u1f3c6.png\"><img loading=\"lazy\" class=\"alignnone size-full wp-image-1322\" src=\"http:\/\/istressportsbadminton.com\/wp-content\/uploads\/2016\/04\/emoji_u1f3c6.png\" alt=\"emoji_u1f3c6\" width=\"25\" height=\"25\" srcset=\"https:\/\/istressportsbadminton.com\/wp-content\/uploads\/2016\/04\/emoji_u1f3c6.png 25w, https:\/\/istressportsbadminton.com\/wp-content\/uploads\/2016\/04\/emoji_u1f3c6-1x1.png 1w\" sizes=\"(max-width: 25px) 85vw, 25px\" \/><\/a><\/strong><br \/>\n<strong><span style=\"color: #33cccc;\">&#8211; Mercredi 23 mars 2016:<\/span><\/strong> Pelisanne &#8211; <strong>Istres<span style=\"color: #99cc00;\"> 1-6<a href=\"http:\/\/istressportsbadminton.com\/wp-content\/uploads\/2016\/04\/emoji_u1f3c6.png\"><img loading=\"lazy\" class=\"alignnone size-full wp-image-1322\" src=\"http:\/\/istressportsbadminton.com\/wp-content\/uploads\/2016\/04\/emoji_u1f3c6.png\" alt=\"emoji_u1f3c6\" width=\"25\" height=\"25\" srcset=\"https:\/\/istressportsbadminton.com\/wp-content\/uploads\/2016\/04\/emoji_u1f3c6.png 25w, https:\/\/istressportsbadminton.com\/wp-content\/uploads\/2016\/04\/emoji_u1f3c6-1x1.png 1w\" sizes=\"(max-width: 25px) 85vw, 25px\" \/><\/a><\/span><\/strong><br \/>\n<strong><span style=\"color: #33cccc;\">&#8211; Mardi 19 avril 2016:<\/span> Istres<\/strong> &#8211; La M\u00e8de \u00a0<span style=\"color: #99cc00;\"><strong>5-2\u00a0<a href=\"http:\/\/istressportsbadminton.com\/?page_id=1507\"><img loading=\"lazy\" class=\"alignnone size-full wp-image-1322\" src=\"http:\/\/istressportsbadminton.com\/wp-content\/uploads\/2016\/04\/emoji_u1f3c6.png\" alt=\"emoji_u1f3c6\" width=\"25\" height=\"25\" srcset=\"https:\/\/istressportsbadminton.com\/wp-content\/uploads\/2016\/04\/emoji_u1f3c6.png 25w, https:\/\/istressportsbadminton.com\/wp-content\/uploads\/2016\/04\/emoji_u1f3c6-1x1.png 1w\" sizes=\"(max-width: 25px) 85vw, 25px\" \/><\/a><\/strong><\/span><br \/>\n<strong><span style=\"color: #33cccc;\">&#8211; Mardi 10 mai 2016:<\/span><\/strong> <strong>Istres<\/strong> &#8211; Bouc Bel Air<strong> <span style=\"color: #99cc00;\">7-0 WO\u00a0<a href=\"http:\/\/istressportsbadminton.com\/?page_id=1507\"><img loading=\"lazy\" class=\"alignnone size-full wp-image-1322\" src=\"http:\/\/istressportsbadminton.com\/wp-content\/uploads\/2016\/04\/emoji_u1f3c6.png\" alt=\"emoji_u1f3c6\" width=\"25\" height=\"25\" srcset=\"https:\/\/istressportsbadminton.com\/wp-content\/uploads\/2016\/04\/emoji_u1f3c6.png 25w, https:\/\/istressportsbadminton.com\/wp-content\/uploads\/2016\/04\/emoji_u1f3c6-1x1.png 1w\" sizes=\"(max-width: 25px) 85vw, 25px\" \/><\/a><\/span><\/strong><\/p>\n<p><span style=\"color: #33cccc;\"><strong>-PLAYOFF:<\/strong><\/span><strong><br \/>\n<\/strong><strong><span style=\"color: #33cccc;\">\u00a0 \u00a0 \u00a0 \u00a0 -1\/2 finale<\/span><\/strong><br \/>\n<span style=\"color: #33cccc;\"><strong>\u00a0 \u00a0 \u00a0 \u00a0 \u00a0Vendredi 27 Mai, \u00e0 Aix:<\/strong><\/span>\u00a0\u00a0 \u00a0 \u00a0 Aix- <strong>Istres <span style=\"color: #ff0000;\">6-1<\/span>\u00a0<a href=\"http:\/\/istressportsbadminton.com\/wp-content\/uploads\/2016\/04\/defaite.png\"><img loading=\"lazy\" class=\"alignnone size-full wp-image-1373\" src=\"http:\/\/istressportsbadminton.com\/wp-content\/uploads\/2016\/04\/defaite.png\" alt=\"defaite\" width=\"25\" height=\"25\" srcset=\"https:\/\/istressportsbadminton.com\/wp-content\/uploads\/2016\/04\/defaite.png 25w, https:\/\/istressportsbadminton.com\/wp-content\/uploads\/2016\/04\/defaite-1x1.png 1w\" sizes=\"(max-width: 25px) 85vw, 25px\" \/><\/a><\/strong><\/p>\n<p style=\"padding-left: 30px;\"><strong><span style=\"color: #33cccc;\">-Finale 3\u00e8me place<\/span><\/strong><\/p>\n<p style=\"padding-left: 30px;\"><strong><span style=\"color: #33cccc;\">Samedi\u00a011 juin, \u00e0 Sausset: \u00a0 \u00a0<\/span>Istres<\/strong> &#8211; Aubagne <strong><span style=\"color: #99cc00;\">4-3\u00a0<\/span>\u00a0<a href=\"http:\/\/istressportsbadminton.com\/?page_id=1507\"><img loading=\"lazy\" class=\"alignnone size-full wp-image-1322\" src=\"http:\/\/istressportsbadminton.com\/wp-content\/uploads\/2016\/04\/emoji_u1f3c6.png\" alt=\"emoji_u1f3c6\" width=\"25\" height=\"25\" srcset=\"https:\/\/istressportsbadminton.com\/wp-content\/uploads\/2016\/04\/emoji_u1f3c6.png 25w, https:\/\/istressportsbadminton.com\/wp-content\/uploads\/2016\/04\/emoji_u1f3c6-1x1.png 1w\" sizes=\"(max-width: 25px) 85vw, 25px\" \/><\/a><\/strong><\/p>\n<p><span style=\"color: #ff9900; font-size: 14pt;\"><strong>\u21d2 ISB 3\u00a0fini 3\u00e8me de D\u00e9partemental 4\u00a0!<\/strong><\/span><\/p>\n<p><span style=\"color: #ff9900;\">Bilan de la saison, 9V 3D, 55 Matchs gagn\u00e9s, 29 Matchs perdus<\/span><\/p>\n<p><span style=\"text-decoration: underline; color: #3366ff;\"><strong><a style=\"color: #3366ff; text-decoration: underline;\" href=\"http:\/\/www.badnet.org\/badnet\/src\/index.php?ic_a=656385&amp;cb=updateMenu&amp;eventId=5926&amp;action=page:656386;drawId:93357\" target=\"_blank\">Retrouvez tous les r\u00e9sultats et matchs de la D4 sur Badnet en cliquant ici<\/a><\/strong><\/span><\/p>\n\n<!-- iframe plugin v.5.1 wordpress.org\/plugins\/iframe\/ -->\n<iframe src=\"https:\/\/www.badnet.org\/badnet\/src\/index.php?ic_a=656385&#038;cb=updateMenu&#038;eventId=5926&#038;action=page:656386;drawId:93357\" width=\"100%\" height=\"500\" scrolling=\"yes\" class=\"iframe-class\" frameborder=\"0\"><\/iframe>\n\n","protected":false},"excerpt":{"rendered":"<p>D\u00e9partementale 4 &#8211; Poule B Les 2 premi\u00e8res \u00e9quipes sont\u00a0qualifi\u00e9es\u00a0en demi-finale des Play-Off, les 2 finalistes sont promues en D3 &#8211; Mercredi 4 novembre 2015: Saint Martin &#8211; Istres\u00a0 3-4\u00a0 &#8211; Mardi 17 novembre 2015: Istres &#8211; Simiane\u00a0 5-2\u00a0 &#8211; Mardi 8 d\u00e9cembre 2015: Istres &#8211; Pelisanne\u00a0 6-1\u00a0 &#8211; Mardi 12 janvier 2016: La M\u00e8de &hellip; <a href=\"https:\/\/istressportsbadminton.com\/?page_id=176\" class=\"more-link\">Continuer la lecture<span class=\"screen-reader-text\"> de &laquo;&nbsp;Calendrier&nbsp;D4&nbsp;&nbsp;&raquo;<\/span><\/a><\/p>\n","protected":false},"author":2,"featured_media":0,"parent":0,"menu_order":0,"comment_status":"closed","ping_status":"open","template":"","meta":{"sfsi_plus_gutenberg_text_before_share":"","sfsi_plus_gutenberg_show_text_before_share":"","sfsi_plus_gutenberg_icon_type":"","sfsi_plus_gutenberg_icon_alignemt":"","sfsi_plus_gutenburg_max_per_row":""},"_links":{"self":[{"href":"https:\/\/istressportsbadminton.com\/index.php?rest_route=\/wp\/v2\/pages\/176"}],"collection":[{"href":"https:\/\/istressportsbadminton.com\/index.php?rest_route=\/wp\/v2\/pages"}],"about":[{"href":"https:\/\/istressportsbadminton.com\/index.php?rest_route=\/wp\/v2\/types\/page"}],"author":[{"embeddable":true,"href":"https:\/\/istressportsbadminton.com\/index.php?rest_route=\/wp\/v2\/users\/2"}],"replies":[{"embeddable":true,"href":"https:\/\/istressportsbadminton.com\/index.php?rest_route=%2Fwp%2Fv2%2Fcomments&post=176"}],"version-history":[{"count":22,"href":"https:\/\/istressportsbadminton.com\/index.php?rest_route=\/wp\/v2\/pages\/176\/revisions"}],"predecessor-version":[{"id":1855,"href":"https:\/\/istressportsbadminton.com\/index.php?rest_route=\/wp\/v2\/pages\/176\/revisions\/1855"}],"wp:attachment":[{"href":"https:\/\/istressportsbadminton.com\/index.php?rest_route=%2Fwp%2Fv2%2Fmedia&parent=176"}],"curies":[{"name":"wp","href":"https:\/\/api.w.org\/{rel}","templated":true}]}}