{"id":1816,"date":"2016-09-27T14:48:26","date_gmt":"2016-09-27T13:48:26","guid":{"rendered":"http:\/\/istressportsbadminton.com\/?page_id=1816"},"modified":"2016-11-21T15:19:47","modified_gmt":"2016-11-21T14:19:47","slug":"tournoi-des-fontaines-pernes","status":"publish","type":"page","link":"https:\/\/istressportsbadminton.com\/?page_id=1816","title":{"rendered":"Tournoi des Fontaines (Pernes)"},"content":{"rendered":"<p>Hello tout le monde.<\/p>\n<p>Comme nous en avons d\u00e9sormais l&rsquo;habitude, nous allons t\u00e2cher de vous rendre compte,\u00a0tout au long de la saison, des exploits (ou pas\u00a0<img src=\"https:\/\/istressportsbadminton.com\/wp-includes\/images\/smilies\/mrgreen.png\" alt=\":mrgreen:\" class=\"wp-smiley\" style=\"height: 1em; max-height: 1em;\" \/> ) des joueuses et joueurs Istr\u00e9ens engag\u00e9s dans les diff\u00e9rentes comp\u00e9titions de France et de Navarre, et m\u00eame d&rsquo;au del\u00e0.<\/p>\n<p>Apr\u00e8s des d\u00e9buts\u00a0sur les chapeaux de roues avec les\u00a0<span style=\"text-decoration: underline;\"><strong><a href=\"http:\/\/istressportsbadminton.com\/?page_id=1785\" target=\"_blank\">2 premi\u00e8res victoires d&rsquo;ISB glan\u00e9es\u00a0par le jeune Swann<\/a><\/strong><\/span>\u00a0le weekend pr\u00e9c\u00e9dent, les adultes avaient d\u00e9j\u00e0 la pression pour leur premier rendez-vous. Ce premier grand tournoi de l&rsquo;ann\u00e9e se d\u00e9roulait \u00e0 Pernes les 24 et 25 septembre pour le 10\u00e8me tournoi des Fontaines. Au total 3 Istr\u00e9ens \u00e9taient de la partie pour tenter de porter haut et fort les couleurs d&rsquo;ISB!<\/p>\n<p>Le samedi avaient lieu les Simples et Doubles Mixte.<\/p>\n<p>En <strong>Simple Homme tableau R6<\/strong>, <strong>\u00c9ric Blot<\/strong>, pour son retour au club, chute en\u00a01\/4 de finale. Apr\u00e8s une phase de poule franchie avec un bilan de 1 victoire\u00a0et 1\u00a0d\u00e9faite, et un 1\/8 de finale tr\u00e8s serr\u00e9 remport\u00e9\u00a021-19\/ 22-20,\u00a0<strong>\u00c9ric<\/strong> s&rsquo;incline finalement au tour suivant contre le local Lucas WOLFF 21-12\/ 21-17. Dommage!<\/p>\n<p>En <strong>Mixte tableau R5<\/strong>, <strong>JP<\/strong> faisait \u00e9quipe avec son <strong>Agn\u00e8s<\/strong>\u00a0pr\u00e9f\u00e9r\u00e9e, pour un parcours qui va \u00e9galement s&rsquo;arr\u00eater en 1\/4 de finale. 2 victoires en poule, dont un deuxi\u00e8me match remport\u00e9 au couteau\u00a019-21 \/ 23-21 \/ 21-19, <strong>Agn\u00e8s<\/strong> et <strong>JP<\/strong> tombent ensuite s\u00e8chement\u00a021-13 \/ 21-09.<\/p>\n<p>Le lendemain se d\u00e9roulaient les Doubles Hommes et Dame.<\/p>\n<p>A peine remis de sa journ\u00e9e de Mixte, <strong>JP<\/strong> \u00e9tait \u00e0 nouveau de la partie en <strong>Double Hommes\u00a0serie R4<\/strong> associ\u00e9 \u00e0 l&rsquo;Aixois Jonathan ONEPHANDARA. Et ensemble, ils \u00e9chouent \u00e0 une marche de la victoire finale, seulement stopp\u00e9s\u00a0par R\u00e9mi GALLARDO\/Loic ALLIO (Pernes\/Salon) lors d&rsquo;une finale perdue\u00a021-16\/ 21-12. Pour arriver jusque l\u00e0, <strong>JP<\/strong> et Jonathan auront remport\u00e9s 5 matchs solides, dont notamment un 1\/4 de finale aux forceps\u00a021-19 \/ 18-21 \/ 21-19!\u00a0Malgr\u00e9 la d\u00e9ception de la d\u00e9faite, pour un tournoi de reprise, ce f\u00fbt\u00a0plut\u00f4t bien r\u00e9ussi.<\/p>\n<p>Bravo \u00e0 tous les 3!<\/p>\n","protected":false},"excerpt":{"rendered":"<p>Hello tout le monde. Comme nous en avons d\u00e9sormais l&rsquo;habitude, nous allons t\u00e2cher de vous rendre compte,\u00a0tout au long de la saison, des exploits (ou pas\u00a0 ) des joueuses et joueurs Istr\u00e9ens engag\u00e9s dans les diff\u00e9rentes comp\u00e9titions de France et de Navarre, et m\u00eame d&rsquo;au del\u00e0. Apr\u00e8s des d\u00e9buts\u00a0sur les chapeaux de roues avec les\u00a02 &hellip; <a href=\"https:\/\/istressportsbadminton.com\/?page_id=1816\" class=\"more-link\">Continuer la lecture<span class=\"screen-reader-text\"> de &laquo;&nbsp;Tournoi des Fontaines (Pernes)&nbsp;&raquo;<\/span><\/a><\/p>\n","protected":false},"author":3,"featured_media":0,"parent":0,"menu_order":0,"comment_status":"closed","ping_status":"closed","template":"","meta":{"sfsi_plus_gutenberg_text_before_share":"","sfsi_plus_gutenberg_show_text_before_share":"","sfsi_plus_gutenberg_icon_type":"","sfsi_plus_gutenberg_icon_alignemt":"","sfsi_plus_gutenburg_max_per_row":""},"_links":{"self":[{"href":"https:\/\/istressportsbadminton.com\/index.php?rest_route=\/wp\/v2\/pages\/1816"}],"collection":[{"href":"https:\/\/istressportsbadminton.com\/index.php?rest_route=\/wp\/v2\/pages"}],"about":[{"href":"https:\/\/istressportsbadminton.com\/index.php?rest_route=\/wp\/v2\/types\/page"}],"author":[{"embeddable":true,"href":"https:\/\/istressportsbadminton.com\/index.php?rest_route=\/wp\/v2\/users\/3"}],"replies":[{"embeddable":true,"href":"https:\/\/istressportsbadminton.com\/index.php?rest_route=%2Fwp%2Fv2%2Fcomments&post=1816"}],"version-history":[{"count":5,"href":"https:\/\/istressportsbadminton.com\/index.php?rest_route=\/wp\/v2\/pages\/1816\/revisions"}],"predecessor-version":[{"id":1995,"href":"https:\/\/istressportsbadminton.com\/index.php?rest_route=\/wp\/v2\/pages\/1816\/revisions\/1995"}],"wp:attachment":[{"href":"https:\/\/istressportsbadminton.com\/index.php?rest_route=%2Fwp%2Fv2%2Fmedia&parent=1816"}],"curies":[{"name":"wp","href":"https:\/\/api.w.org\/{rel}","templated":true}]}}