{"id":1903,"date":"2016-11-10T12:28:23","date_gmt":"2016-11-10T11:28:23","guid":{"rendered":"http:\/\/istressportsbadminton.com\/?page_id=1903"},"modified":"2016-11-10T12:28:23","modified_gmt":"2016-11-10T11:28:23","slug":"compte-rendu-j1","status":"publish","type":"page","link":"https:\/\/istressportsbadminton.com\/?page_id=1903","title":{"rendered":"Compte Rendu J1"},"content":{"rendered":"<p>A\u00a0Vitrolles, l&rsquo;\u00e9quipe 1 de Phil d\u00e9butait sa saison en R\u00e9gionale 1 avec l&rsquo;objectif annonc\u00e9 d\u2019acc\u00e9der \u00e0 la Pr\u00e9-Nationale!<\/p>\n<p>Tremblement de terre \u00e0 deux jours de la rencontre: Suite \u00e0 un petit retard pour l&rsquo;enregistrement de notre mamie <strong>St\u00e9phanie<\/strong>, Phil se retrouve contraint de se passer de notre championne sous peine de sanction. Une situation dommageable qui aurait pu \u00eatre contourner avec l&rsquo;accord de tous les capitaines. Malheureusement apr\u00e8s l&rsquo;approbation des clubs de Pernes et plus tard de Vitrolles, le club de Salon a cat\u00e9goriquement refus\u00e9. Apr\u00e8s ce geste plein de sportivit\u00e9 de nos amis salonnais, c&rsquo;est donc <strong>Agn\u00e8s<\/strong> et <strong>Marine<\/strong> (accompagn\u00e9es de <strong>JP<\/strong>) qui sont appel\u00e9es en renfort \u00e0 la derni\u00e8re minute pour affronter, dans l&rsquo;ordre, Pernes, Salon et Vitrolles.<\/p>\n<p>Oppos\u00e9 \u00e0 <strong>Pernes<\/strong> pour la premi\u00e8re rencontre de la journ\u00e9e, Phil pouvait \u00e9galement compter sur <strong>Aur\u00e9lie<\/strong> exceptionnellement de passage au milieu de sa formation.<br \/>\nC&rsquo;est <strong>Marie<\/strong> qui d\u00e9bute les hostilit\u00e9s par une belle victoire dans le simple dame 1 face \u00e0 \u00c9lodie Michel 21-15 21-19, suivi par la d\u00e9faite en double dame d&rsquo;<strong>Aur\u00e9lie<\/strong> et <strong>Marine<\/strong> 21-11 21-19. Le double homme compos\u00e9 de <strong>Seb<\/strong> et <strong>Maxence<\/strong> permet \u00e0 Istres de reprendre l&rsquo;avantage dans la rencontre malgr\u00e9 la perte d&rsquo;un set (21-13 17-21 21-13) alors que sur le terrain voisin on assiste \u00e0 l&rsquo;une des plus belles remont\u00e9s de ces derni\u00e8res ann\u00e9es en interclubs! En effet <strong>Teddy<\/strong>, align\u00e9 en simple homme 1 face \u00e0 Herv\u00e9 Cogniaux, se retrouve men\u00e9 16-7 au 3e set avant de finalement l&#8217;emporter\u00a021-19 pour ce qui restera l&rsquo;un des moments forts de la journ\u00e9e! 3-1 en faveur d&rsquo;ISB. La d\u00e9faite en simple dame 2 de <strong>Marine<\/strong> 21-14 21-13 va rapidement \u00eatre compens\u00e9e par la victoire facile de <strong>Seb<\/strong> et <strong>Marie<\/strong> en double mixte 2 21-10 21-13. 4-2 pour Istres, il ne manquait plus qu&rsquo;un point pour assurer la premi\u00e8re victoire de la saison.<br \/>\nEt ce point va \u00eatre ramen\u00e9 avec brio par <strong>Maxence<\/strong> auteur d&rsquo;un \u00e9norme match face \u00e0 Benoit Menbrives 21-13\u00a021-13 suivi de pr\u00e8s par la victoire de <strong>Teddy<\/strong> et <strong>Aur\u00e9lie<\/strong> en double mixte 1 21-14 21-10. <strong>Victoire finale 6-2 pour les 5 premiers points de la saison!\u00a0<a href=\"http:\/\/istressportsbadminton.com\/wp-content\/uploads\/2016\/04\/emoji_u1f3c6.png\"><img loading=\"lazy\" class=\"alignnone size-full wp-image-1322\" src=\"http:\/\/istressportsbadminton.com\/wp-content\/uploads\/2016\/04\/emoji_u1f3c6.png\" alt=\"Victoire\" width=\"25\" height=\"25\" srcset=\"https:\/\/istressportsbadminton.com\/wp-content\/uploads\/2016\/04\/emoji_u1f3c6.png 25w, https:\/\/istressportsbadminton.com\/wp-content\/uploads\/2016\/04\/emoji_u1f3c6-1x1.png 1w\" sizes=\"(max-width: 25px) 85vw, 25px\" \/><\/a><\/strong><\/p>\n<p>La tant attendue 2e rencontre de la journ\u00e9e opposait <strong>Istres<\/strong> \u00e0 <strong>Salon<\/strong>. Et ce fut serr\u00e9!! Apr\u00e8s avoir remport\u00e9 facilement le 1er set, <strong>Teddy<\/strong> et <strong>Marine<\/strong>, qui affrontaient la paire Festoc\/Garabedian, se sont vu rejoindre dans le 2e avant de c\u00e9der finalement dans le 3e au bout du suspense 12-21 21-14 21-18. Sc\u00e9nario quasi similaire dans l&rsquo;autre double mixte opposant <strong>Seb<\/strong> et <strong>Marie<\/strong> aux Allio (Loic et Aliz\u00e9e) o\u00f9 apr\u00e8s avoir enlev\u00e9 le 1er set et perdu le 2e, se sont finalement les istr\u00e9ens qui vont l&#8217;emporter 21-15 15-21 21-17! Pas de miracle en simple dame 1 pour <strong>Agn\u00e8s<\/strong> largement domin\u00e9 par Delphine Piquot 21-5 21-9 compens\u00e9 par la victoire sans trembler de <strong>Maxence<\/strong> en simple homme. 2-2 apr\u00e8s la moiti\u00e9 des matchs. Moins bien class\u00e9 que son adversaire, <strong>Marine<\/strong> ne va pas faire illusion en simple dame 2 (d\u00e9faite 21-10 21-6) tandis que sur le terrain voisin, l&rsquo;un des matchs clefs de la rencontre opposait notre doyen<strong> Jean Pierre<\/strong> au capitaine adverse Nicolas Festoc. Et c&rsquo;est un tr\u00e8s bon <strong>JP<\/strong> qui va l&#8217;emporter au terme d&rsquo;un match parfaitement maitris\u00e9 21-16 21-17. 3-3 avant les doubles! Associ\u00e9s pour la 1ere fois de la journ\u00e9e, notre meilleur paire de double sur le papier <strong>Teddy<\/strong> et <strong>Seb<\/strong> va facilement l&#8217;emporter face \u00e0 la paire Allio\/Sabouraud 21-15 21-12. 4-3 pour ISB! La victoire va se jouer sur le double dame! <strong>Marie<\/strong> et <strong>Agn\u00e8s<\/strong> avaient donc une certaine pression pour ce match face \u00e0 Garabedian\/Piquot. Et malgr\u00e9 un combat acharn\u00e9 comme en atteste le score, ce sont les salonnaises qui vont l&#8217;emporter en 2 sets 21-18 21-17. C&rsquo;est donc finalement un <strong>match nul 4-4<\/strong> qui conclut cette opposition sous tension. Vivement le match retour&#8230;\u00a0<a href=\"http:\/\/istressportsbadminton.com\/wp-content\/uploads\/2015\/11\/balance-justice.jpg\"><img loading=\"lazy\" class=\"alignnone size-full wp-image-431\" src=\"http:\/\/istressportsbadminton.com\/wp-content\/uploads\/2015\/11\/balance-justice.jpg\" alt=\"Egallit\u00e9\" width=\"45\" height=\"35\" srcset=\"https:\/\/istressportsbadminton.com\/wp-content\/uploads\/2015\/11\/balance-justice.jpg 45w, https:\/\/istressportsbadminton.com\/wp-content\/uploads\/2015\/11\/balance-justice-1x1.jpg 1w\" sizes=\"(max-width: 45px) 85vw, 45px\" \/><\/a><\/p>\n<p>Enfin la 3e et derni\u00e8re rencontre de la journ\u00e9e opposait ISB \u00e0 l&rsquo;un des favoris pour la mont\u00e9e et h\u00f4te du jour: <strong>Vitrolles<\/strong>.<br \/>\nFort de ses deux victoires initiales (dont un retentissant 7-1 face \u00e0 Salon), Vitrolles s\u2019avan\u00e7ait confiante face \u00e0 une \u00e9quipe d&rsquo;Istres encore d\u00e9\u00e7ue du nul conc\u00e9d\u00e9e pr\u00e9c\u00e9demment.<br \/>\nDe nouveau align\u00e9 par le capitaine Phil pour ce match au sommet, <strong>Teddy<\/strong> et <strong>Seb<\/strong> d\u00e9butent la rencontre de la meilleure des mani\u00e8res en remportant le double homme en 3 sets 15-21 21-14 21-13. Dans l&rsquo;autre double, <strong>Agn\u00e8s<\/strong> et <strong>Marine<\/strong>, malgr\u00e9 un 1er set accroch\u00e9, s&rsquo;incline en 2 sets 21-18 21-11. Seule Istr\u00e9enne vainqueur en simple depuis le d\u00e9but de la journ\u00e9e, <strong>Marie<\/strong> se retrouvait cette fois ci confront\u00e9 \u00e0 un gros morceau en la personne de la redoutable Jennifer Decomba invaincue en simple aujourd&rsquo;hui. Apr\u00e8s un \u00e9norme d\u00e9but de match et un premier set remport\u00e9 21-15, <strong>Marie<\/strong> va poursuivre sur sa lanc\u00e9e en menant largement dans le 2e set 17-9&#8230;. Puis ce fut le trou noir! 9 points cons\u00e9cutifs conc\u00e9d\u00e9s par notre istr\u00e9enne vont permettre \u00e0 la Vitrollaise de repasser devant dans ce 2e set. Mais c\u2019\u00e9tait sans compter sur le mental extraordinaire de <strong>Marie<\/strong> qui va trouver les ressources pour relever la t\u00eate et\u00a0finalement conclure le set sur le score de 22-20! Superbe victoire de l&rsquo;ancienne joueuse de Martigues qui bat Jennifer pour la premi\u00e8re fois et porte le score \u00e0 2-1 en faveur d&rsquo;ISB! Cette victoire un peu impr\u00e9vu permet \u00e0 Istres de r\u00eaver d&rsquo;une victoire inesp\u00e9r\u00e9e vu le contexte&#8230; Dans l&rsquo;autre match, <strong>Maxence<\/strong>, d\u00e9cid\u00e9ment en grande forme ce dimanche, va dicter sa loi (21-15 21-17) au jeune et tr\u00e8s prometteur Gabriel Rodrigues (14 ans) qui ne cesse de progresser. 3-1 pour Istres! L&rsquo;exploit est en route! Puis vint le tour de <strong>Jean Pierre<\/strong> d&rsquo;affronter Adrien Rodrigues, son ancien pr\u00e9sident, pour un match qui sentait la poudre. Le sens tactique contre la hargne c&rsquo;est finalement la hargne d&rsquo;Adrien qui va l&#8217;emporter au terme d&rsquo;un match spectaculaire sur le score de 21-18 21-16. Vitrolles recolle au score (3-2) tandis que sur le terrain voisin, <strong>Teddy<\/strong> et <strong>Marine<\/strong>, qui restaient sur une d\u00e9faite sur le fil face \u00e0 Salon, ne vont pas laisser passer l&rsquo;occasion de rapporter un 4e point \u00e0 leur \u00e9quipe en conclusion d&rsquo;un gros match largement domin\u00e9 21-19 21-13. 4-2!! Le point du nul est dores et d\u00e9j\u00e0 assur\u00e9 tandis que se pr\u00e9sente sur les terrains, <strong>Agn\u00e8s<\/strong> face \u00e0 Diana Chausson et la paire <strong>Seb\/Marie<\/strong> face \u00e0 Adrien Houeix et Manon Moyroud. Pas de suspense en simple dame, o\u00f9 <strong>Agn\u00e8s<\/strong>, toujours vaillante, ne fera pas le poids pour s&rsquo;incliner 21-11 21-6. Tout va donc se jouer sur le dernier match de la journ\u00e9e!! Et les espoirs des supporters d&rsquo;ISB vont grandir apr\u00e8s un premier set tranquillement maitris\u00e9 par les istr\u00e9ens sur le score de 21-14. Mais c\u2019\u00e9tait sans compter sur la r\u00e9action d&rsquo;orgueil des vitrollais qui vont profiter de la baisse de r\u00e9gime de <strong>Seb<\/strong> et <strong>Marie<\/strong> pour remporter le 2e set sur le m\u00eame score. Le 3e set s&rsquo;annonce bouillant&#8230; Sur la lanc\u00e9e de leur 2e set, Adrien et Manon d\u00e9marrent cette ultime manche sur les chapeaux de roue pour mener 11-4 \u00e0 la pause. Mais loin de se laisse abattre, les istr\u00e9ens vont remonter point apr\u00e8s point et revenir \u00e0 12-10. C&rsquo;est le moment choisit par les locaux pour mettre un coup d&rsquo;acc\u00e9l\u00e9rateur qui va s\u2019av\u00e9rer d\u00e9cisif puisque malgr\u00e9 un sursaut en fin de set, ce sont bien les joueurs de Vitrolles qui l&#8217;emportent 21-17 et <strong>arrachent le nul<\/strong>\u00a0<strong>4-4<\/strong> dans cette magnifique rencontre entre deux \u00e9quipes que l&rsquo;on retrouvera forcement dans les \u00e9quipes de t\u00eate en fin de saison.\u00a0<a href=\"http:\/\/istressportsbadminton.com\/wp-content\/uploads\/2015\/11\/balance-justice.jpg\"><img loading=\"lazy\" class=\"alignnone size-full wp-image-431\" src=\"http:\/\/istressportsbadminton.com\/wp-content\/uploads\/2015\/11\/balance-justice.jpg\" alt=\"Egallit\u00e9\" width=\"45\" height=\"35\" srcset=\"https:\/\/istressportsbadminton.com\/wp-content\/uploads\/2015\/11\/balance-justice.jpg 45w, https:\/\/istressportsbadminton.com\/wp-content\/uploads\/2015\/11\/balance-justice-1x1.jpg 1w\" sizes=\"(max-width: 45px) 85vw, 45px\" \/><\/a><\/p>\n<p><strong>Bilan de cette premi\u00e8re journ\u00e9e de R1: 1 victoire et 2 nuls soit un r\u00e9sultat plus qu&rsquo;honorable compte tenu des absences. Istres pointe \u00e0 la 4e place (sur 8) du classement g\u00e9n\u00e9ral (les 2 premiers acc\u00e8dent \u00e0 la PN).<\/strong><\/p>\n<p>Prochaine journ\u00e9e le dimanche 27 novembre \u00e0 Antibes contre Nice et Antibes!<\/p>\n<p>Bravo \u00e0 toutes et \u00e0 tous!!<\/p>\n","protected":false},"excerpt":{"rendered":"<p>A\u00a0Vitrolles, l&rsquo;\u00e9quipe 1 de Phil d\u00e9butait sa saison en R\u00e9gionale 1 avec l&rsquo;objectif annonc\u00e9 d\u2019acc\u00e9der \u00e0 la Pr\u00e9-Nationale! Tremblement de terre \u00e0 deux jours de la rencontre: Suite \u00e0 un petit retard pour l&rsquo;enregistrement de notre mamie St\u00e9phanie, Phil se retrouve contraint de se passer de notre championne sous peine de sanction. Une situation dommageable &hellip; <a href=\"https:\/\/istressportsbadminton.com\/?page_id=1903\" class=\"more-link\">Continuer la lecture<span class=\"screen-reader-text\"> de &laquo;&nbsp;Compte Rendu J1&nbsp;&raquo;<\/span><\/a><\/p>\n","protected":false},"author":3,"featured_media":0,"parent":0,"menu_order":0,"comment_status":"closed","ping_status":"closed","template":"","meta":{"sfsi_plus_gutenberg_text_before_share":"","sfsi_plus_gutenberg_show_text_before_share":"","sfsi_plus_gutenberg_icon_type":"","sfsi_plus_gutenberg_icon_alignemt":"","sfsi_plus_gutenburg_max_per_row":""},"_links":{"self":[{"href":"https:\/\/istressportsbadminton.com\/index.php?rest_route=\/wp\/v2\/pages\/1903"}],"collection":[{"href":"https:\/\/istressportsbadminton.com\/index.php?rest_route=\/wp\/v2\/pages"}],"about":[{"href":"https:\/\/istressportsbadminton.com\/index.php?rest_route=\/wp\/v2\/types\/page"}],"author":[{"embeddable":true,"href":"https:\/\/istressportsbadminton.com\/index.php?rest_route=\/wp\/v2\/users\/3"}],"replies":[{"embeddable":true,"href":"https:\/\/istressportsbadminton.com\/index.php?rest_route=%2Fwp%2Fv2%2Fcomments&post=1903"}],"version-history":[{"count":2,"href":"https:\/\/istressportsbadminton.com\/index.php?rest_route=\/wp\/v2\/pages\/1903\/revisions"}],"predecessor-version":[{"id":1905,"href":"https:\/\/istressportsbadminton.com\/index.php?rest_route=\/wp\/v2\/pages\/1903\/revisions\/1905"}],"wp:attachment":[{"href":"https:\/\/istressportsbadminton.com\/index.php?rest_route=%2Fwp%2Fv2%2Fmedia&parent=1903"}],"curies":[{"name":"wp","href":"https:\/\/api.w.org\/{rel}","templated":true}]}}