{"id":2017,"date":"2016-11-22T13:40:13","date_gmt":"2016-11-22T12:40:13","guid":{"rendered":"http:\/\/istressportsbadminton.com\/?page_id=2017"},"modified":"2016-11-22T13:40:13","modified_gmt":"2016-11-22T12:40:13","slug":"tij-1-oullins","status":"publish","type":"page","link":"https:\/\/istressportsbadminton.com\/?page_id=2017","title":{"rendered":"TIJ 1 Oullins"},"content":{"rendered":"<p>Apr\u00e8s les Grands Prix Jeunes d\u00e9partementaux, puis les Troph\u00e9es R\u00e9gionaux, notre petit <strong>Swann<\/strong> grimpait encore d&rsquo;un niveau en s&rsquo;attaquant \u00e0 son premier Troph\u00e9e InterR\u00e9gional Jeunes (TIJ) r\u00e9unissant l&rsquo;\u00e9lite des jeunes du grand Sud-Est de la France, regroupant les r\u00e9gions PACA, Rh\u00f4ne et Auvergne. Ce premier TIJ, d&rsquo;une saison qui en compte 3 au total, se d\u00e9roulait \u00e0 Oullins (69) le weekend des 24 et 25 septembre. Swann \u00e9tait engag\u00e9 en Simple et en Double.<\/p>\n<p>En simple, il franchit s\u00e9rieusement ses 2 matchs de poules \u00e0 chaque fois en 2 sets bien ma\u00eetris\u00e9s, pour acc\u00e9der \u00e0 la demi-finale qui le fait affronte<span style=\"color: #000000;\">r\u00a0<a style=\"color: #000000;\">Tahina RAMANANA-RAHARY, num\u00e9ro 5 fran\u00e7ais de la cat\u00e9gorie. <\/a><\/span><\/p>\n<p><span style=\"color: #000000;\"><a style=\"color: #000000;\">Le premier set est tr\u00e8s serr\u00e9, mais Swann finit par le\u00a0conc\u00e9der 21-18. Le second set d\u00e9marre tr\u00e8s mal, et il se retrouve men\u00e9 rapidement 10-3 et la perte du match semble proche. Mais c&rsquo;\u00e9tait sans compter sur le fighting spirit du petit Istr\u00e9en qui trouve les ressources pour remonter petit \u00e0 petit sur son adversaire et revenir totalement dans ce set et dans le match, jusqu&rsquo;\u00e0 mener 18-16 !! Malheureusement, Swanny n&rsquo;arrivera pas a concr\u00e9tiser et s&rsquo;incline avec les honneurs 23-21 !! Des larmes de regret mais un super match plein de promesse pour la suite. Bravo!!<\/a><\/span><\/p>\n<p>Le lendemain, il faisait \u00e9quipe exceptionnellement avec Dorian Mesmacque \u00a0(Aix) dans le tournoi de double dans une poule unique. Un bilan d&rsquo;1 victoire ais\u00e9e pour 2 d\u00e9faites, mais \u00e0\u00a0chaque fois tr\u00e8s serr\u00e9es: 21-18\/ 21-18 contre Tahina et Tim\u00e9o Lacourt (No1 PACA) puis\u00a010-21\/\u00a022-20\/\u00a022-20 dans la seconde !! Au final une journ\u00e9e de double qui ne se jouera pas \u00e0 grand chose. Dommage, mais encore une fois tr\u00e8s prometteur.<\/p>\n<p>Swann aura une fois de plus \u00e9tait \u00e0 la hauteur pour sa premi\u00e8re participation \u00e0 un tournoi de ce\u00a0niveau et aura port\u00e9 haut les couleurs d&rsquo;ISB. F\u00e9licitations !!<\/p>\n<p>&nbsp;<\/p>\n<p>&nbsp;<\/p>\n<p>&nbsp;<\/p>\n<p>&nbsp;<\/p>\n","protected":false},"excerpt":{"rendered":"<p>Apr\u00e8s les Grands Prix Jeunes d\u00e9partementaux, puis les Troph\u00e9es R\u00e9gionaux, notre petit Swann grimpait encore d&rsquo;un niveau en s&rsquo;attaquant \u00e0 son premier Troph\u00e9e InterR\u00e9gional Jeunes (TIJ) r\u00e9unissant l&rsquo;\u00e9lite des jeunes du grand Sud-Est de la France, regroupant les r\u00e9gions PACA, Rh\u00f4ne et Auvergne. Ce premier TIJ, d&rsquo;une saison qui en compte 3 au total, se &hellip; <a href=\"https:\/\/istressportsbadminton.com\/?page_id=2017\" class=\"more-link\">Continuer la lecture<span class=\"screen-reader-text\"> de &laquo;&nbsp;TIJ 1 Oullins&nbsp;&raquo;<\/span><\/a><\/p>\n","protected":false},"author":3,"featured_media":0,"parent":0,"menu_order":0,"comment_status":"closed","ping_status":"closed","template":"","meta":{"sfsi_plus_gutenberg_text_before_share":"","sfsi_plus_gutenberg_show_text_before_share":"","sfsi_plus_gutenberg_icon_type":"","sfsi_plus_gutenberg_icon_alignemt":"","sfsi_plus_gutenburg_max_per_row":""},"_links":{"self":[{"href":"https:\/\/istressportsbadminton.com\/index.php?rest_route=\/wp\/v2\/pages\/2017"}],"collection":[{"href":"https:\/\/istressportsbadminton.com\/index.php?rest_route=\/wp\/v2\/pages"}],"about":[{"href":"https:\/\/istressportsbadminton.com\/index.php?rest_route=\/wp\/v2\/types\/page"}],"author":[{"embeddable":true,"href":"https:\/\/istressportsbadminton.com\/index.php?rest_route=\/wp\/v2\/users\/3"}],"replies":[{"embeddable":true,"href":"https:\/\/istressportsbadminton.com\/index.php?rest_route=%2Fwp%2Fv2%2Fcomments&post=2017"}],"version-history":[{"count":2,"href":"https:\/\/istressportsbadminton.com\/index.php?rest_route=\/wp\/v2\/pages\/2017\/revisions"}],"predecessor-version":[{"id":2019,"href":"https:\/\/istressportsbadminton.com\/index.php?rest_route=\/wp\/v2\/pages\/2017\/revisions\/2019"}],"wp:attachment":[{"href":"https:\/\/istressportsbadminton.com\/index.php?rest_route=%2Fwp%2Fv2%2Fmedia&parent=2017"}],"curies":[{"name":"wp","href":"https:\/\/api.w.org\/{rel}","templated":true}]}}