{"id":2056,"date":"2016-11-30T15:50:03","date_gmt":"2016-11-30T14:50:03","guid":{"rendered":"http:\/\/istressportsbadminton.com\/?page_id=2056"},"modified":"2016-12-08T15:59:21","modified_gmt":"2016-12-08T14:59:21","slug":"gpj-pelissanne","status":"publish","type":"page","link":"https:\/\/istressportsbadminton.com\/?page_id=2056","title":{"rendered":"GPJ P\u00e9lissanne"},"content":{"rendered":"<p>Apr\u00e8s ses<span style=\"text-decoration: underline;\"><strong><a href=\"http:\/\/istressportsbadminton.com\/?page_id=2017\"> perf InterR\u00e9gionales<\/a><\/strong><\/span>, <strong>Swann<\/strong> participait au Grand Prix Jeune de P\u00e9lissanne le 6 Novembre.<\/p>\n<p>Pour l&rsquo;occasion, notre petite graine de champion \u00e9tait engag\u00e9 dans le tableau <strong>benjamin 2<\/strong>, soit avec des jeunes 2 ans plus \u00e2g\u00e9s\u00a0que lui!<\/p>\n<p>Et pourtant, \u00e7a ne l&#8217;emp\u00eache pas d&rsquo;absolument survoler le tournoi, ne laissant que des miettes \u00e0 ses adversaires, ne conc\u00e9dant\u00a0jamais plus de 7 pts par set!! Le score de la finale 21-4\/ 21-4 r\u00e9sume \u00e0 lui seul cette domination.<\/p>\n<p>3\u00e8me victoire de la saison pour Swann, qui apporte le 4\u00e8me troph\u00e9e pour ISB. Bravo!!!!\u00a0<a href=\"http:\/\/istressportsbadminton.com\/wp-content\/uploads\/2016\/04\/emoji_u1f3c6.png\"><img loading=\"lazy\" class=\"alignnone size-full wp-image-1322\" src=\"http:\/\/istressportsbadminton.com\/wp-content\/uploads\/2016\/04\/emoji_u1f3c6.png\" alt=\"Victoire\" width=\"25\" height=\"25\" srcset=\"https:\/\/istressportsbadminton.com\/wp-content\/uploads\/2016\/04\/emoji_u1f3c6.png 25w, https:\/\/istressportsbadminton.com\/wp-content\/uploads\/2016\/04\/emoji_u1f3c6-1x1.png 1w\" sizes=\"(max-width: 25px) 85vw, 25px\" \/><\/a><\/p>\n<p><a href=\"http:\/\/istressportsbadminton.com\/wp-content\/uploads\/2016\/11\/Sans-titre.jpg\"><img loading=\"lazy\" class=\"wp-image-2057 size-large alignleft\" src=\"http:\/\/istressportsbadminton.com\/wp-content\/uploads\/2016\/11\/Sans-titre-1024x440.jpg\" alt=\"Sans titre\" width=\"654\" height=\"281\" srcset=\"https:\/\/istressportsbadminton.com\/wp-content\/uploads\/2016\/11\/Sans-titre-1024x440.jpg 1024w, https:\/\/istressportsbadminton.com\/wp-content\/uploads\/2016\/11\/Sans-titre-150x64.jpg 150w, https:\/\/istressportsbadminton.com\/wp-content\/uploads\/2016\/11\/Sans-titre-300x129.jpg 300w, https:\/\/istressportsbadminton.com\/wp-content\/uploads\/2016\/11\/Sans-titre-2x1.jpg 2w, https:\/\/istressportsbadminton.com\/wp-content\/uploads\/2016\/11\/Sans-titre.jpg 1063w\" sizes=\"(max-width: 654px) 85vw, 654px\" \/><\/a><a href=\"http:\/\/istressportsbadminton.com\/wp-content\/uploads\/2016\/11\/Resized_20161106_164950.jpeg\"><img loading=\"lazy\" class=\"wp-image-2176 size-medium aligncenter\" src=\"http:\/\/istressportsbadminton.com\/wp-content\/uploads\/2016\/11\/Resized_20161106_164950-225x300.jpeg\" alt=\"Resized_20161106_164950\" width=\"225\" height=\"300\" srcset=\"https:\/\/istressportsbadminton.com\/wp-content\/uploads\/2016\/11\/Resized_20161106_164950-225x300.jpeg 225w, https:\/\/istressportsbadminton.com\/wp-content\/uploads\/2016\/11\/Resized_20161106_164950-113x150.jpeg 113w, https:\/\/istressportsbadminton.com\/wp-content\/uploads\/2016\/11\/Resized_20161106_164950-768x1024.jpeg 768w, https:\/\/istressportsbadminton.com\/wp-content\/uploads\/2016\/11\/Resized_20161106_164950-1x1.jpeg 1w, https:\/\/istressportsbadminton.com\/wp-content\/uploads\/2016\/11\/Resized_20161106_164950.jpeg 1440w\" sizes=\"(max-width: 225px) 85vw, 225px\" \/><\/a><\/p>\n<p>&nbsp;<\/p>\n","protected":false},"excerpt":{"rendered":"<p>Apr\u00e8s ses perf InterR\u00e9gionales, Swann participait au Grand Prix Jeune de P\u00e9lissanne le 6 Novembre. Pour l&rsquo;occasion, notre petite graine de champion \u00e9tait engag\u00e9 dans le tableau benjamin 2, soit avec des jeunes 2 ans plus \u00e2g\u00e9s\u00a0que lui! Et pourtant, \u00e7a ne l&#8217;emp\u00eache pas d&rsquo;absolument survoler le tournoi, ne laissant que des miettes \u00e0 ses &hellip; <a href=\"https:\/\/istressportsbadminton.com\/?page_id=2056\" class=\"more-link\">Continuer la lecture<span class=\"screen-reader-text\"> de &laquo;&nbsp;GPJ P\u00e9lissanne&nbsp;&raquo;<\/span><\/a><\/p>\n","protected":false},"author":3,"featured_media":0,"parent":0,"menu_order":0,"comment_status":"closed","ping_status":"closed","template":"","meta":{"sfsi_plus_gutenberg_text_before_share":"","sfsi_plus_gutenberg_show_text_before_share":"","sfsi_plus_gutenberg_icon_type":"","sfsi_plus_gutenberg_icon_alignemt":"","sfsi_plus_gutenburg_max_per_row":""},"_links":{"self":[{"href":"https:\/\/istressportsbadminton.com\/index.php?rest_route=\/wp\/v2\/pages\/2056"}],"collection":[{"href":"https:\/\/istressportsbadminton.com\/index.php?rest_route=\/wp\/v2\/pages"}],"about":[{"href":"https:\/\/istressportsbadminton.com\/index.php?rest_route=\/wp\/v2\/types\/page"}],"author":[{"embeddable":true,"href":"https:\/\/istressportsbadminton.com\/index.php?rest_route=\/wp\/v2\/users\/3"}],"replies":[{"embeddable":true,"href":"https:\/\/istressportsbadminton.com\/index.php?rest_route=%2Fwp%2Fv2%2Fcomments&post=2056"}],"version-history":[{"count":4,"href":"https:\/\/istressportsbadminton.com\/index.php?rest_route=\/wp\/v2\/pages\/2056\/revisions"}],"predecessor-version":[{"id":2178,"href":"https:\/\/istressportsbadminton.com\/index.php?rest_route=\/wp\/v2\/pages\/2056\/revisions\/2178"}],"wp:attachment":[{"href":"https:\/\/istressportsbadminton.com\/index.php?rest_route=%2Fwp%2Fv2%2Fmedia&parent=2056"}],"curies":[{"name":"wp","href":"https:\/\/api.w.org\/{rel}","templated":true}]}}