{"id":2066,"date":"2016-12-02T17:42:37","date_gmt":"2016-12-02T16:42:37","guid":{"rendered":"http:\/\/istressportsbadminton.com\/?page_id=2066"},"modified":"2020-10-08T00:24:24","modified_gmt":"2020-10-07T22:24:24","slug":"la-team-isb-eventz","status":"publish","type":"page","link":"https:\/\/istressportsbadminton.com\/?page_id=2066","title":{"rendered":"La Team ISB EVENTZ"},"content":{"rendered":"\n<p>Depuis plusieurs saisons, les \u00e9v\u00e9nements et autres r\u00e9jouissances jalonnant la vie de notre club ont \u00e9t\u00e9 confi\u00e9s \u00e0 une entit\u00e9 seulement connue sous le nom de TEAM ISB EVENTZ.<\/p>\n\n\n\n<p>Ses membres fondateurs, devant le manque d&rsquo;ambition des soci\u00e9t\u00e9s ultra-secr\u00e8tes auxquelles ils appartenaient alors (Illuminatis, Majestics 12, FanClub Chantal Goya, Andouillette AAA, Soci\u00e9t\u00e9 Protectrice de la Galinette Cendr\u00e9e,&#8230;), d\u00e9cid\u00e8rent de se regrouper sous une nouvelle banni\u00e8re qui leur permettrait d&rsquo;atteindre leur but ultime: la domination de l&rsquo;Univers!! La Team ISB EVENTZ \u00e9tait n\u00e9e!!<\/p>\n\n\n\n<div class=\"wp-block-image\"><figure class=\"aligncenter\"><a href=\"http:\/\/istressportsbadminton.com\/wp-content\/uploads\/2016\/12\/Sans-titre.jpg\"><img loading=\"lazy\" width=\"300\" height=\"221\" src=\"http:\/\/istressportsbadminton.com\/wp-content\/uploads\/2016\/12\/Sans-titre-300x221.jpg\" alt=\"Sans titre\" class=\"wp-image-2067\" srcset=\"https:\/\/istressportsbadminton.com\/wp-content\/uploads\/2016\/12\/Sans-titre-300x221.jpg 300w, https:\/\/istressportsbadminton.com\/wp-content\/uploads\/2016\/12\/Sans-titre-150x111.jpg 150w, https:\/\/istressportsbadminton.com\/wp-content\/uploads\/2016\/12\/Sans-titre-1x1.jpg 1w, https:\/\/istressportsbadminton.com\/wp-content\/uploads\/2016\/12\/Sans-titre.jpg 615w\" sizes=\"(max-width: 300px) 85vw, 300px\" \/><\/a><\/figure><\/div>\n\n\n\n<p>Ces agents de l&rsquo;ombre restent discrets, recherch\u00e9s par toutes les polices du monde et de l&rsquo;Univers. Les contacter n&rsquo;est pas ais\u00e9. Mais si vous avez des id\u00e9es d&rsquo;\u00e9v\u00e9nements \u00e0 proposer, des photos d&rsquo;activit\u00e9s pass\u00e9es a transmettre ou autres requ\u00eate, ou m\u00eame <strong>si vous voulez rejoindre cette caste<\/strong>, un moyen s\u00fbr et efficace existe, contactez les \u00e0: <\/p>\n\n\n\n<p style=\"text-align:center\" class=\"has-medium-font-size\"><span style=\"color: #3366ff;\"><strong>isb.eventz@gmail.com&nbsp;<\/strong><\/span><\/p>\n\n\n\n<p>Sportivement, Festivement et Istripotement&#8230; Toujours!<\/p>\n\n\n\n<div class=\"wp-block-image\"><figure class=\"aligncenter\"><a href=\"http:\/\/istressportsbadminton.com\/wp-content\/uploads\/2016\/12\/DSCF1492.jpg\"><img loading=\"lazy\" width=\"2048\" height=\"1536\" src=\"http:\/\/istressportsbadminton.com\/wp-content\/uploads\/2016\/12\/DSCF1492.jpg\" alt=\"DSCF1492\" class=\"wp-image-2352\" srcset=\"https:\/\/istressportsbadminton.com\/wp-content\/uploads\/2016\/12\/DSCF1492.jpg 2048w, https:\/\/istressportsbadminton.com\/wp-content\/uploads\/2016\/12\/DSCF1492-150x113.jpg 150w, https:\/\/istressportsbadminton.com\/wp-content\/uploads\/2016\/12\/DSCF1492-300x225.jpg 300w, https:\/\/istressportsbadminton.com\/wp-content\/uploads\/2016\/12\/DSCF1492-1024x768.jpg 1024w, https:\/\/istressportsbadminton.com\/wp-content\/uploads\/2016\/12\/DSCF1492-1x1.jpg 1w\" sizes=\"(max-width: 709px) 85vw, (max-width: 909px) 67vw, (max-width: 1362px) 62vw, 840px\" \/><\/a><figcaption>Les 7 (presque) fantastiques de la Team Eventz 2017 : David, Christine, Claire, Jack, Fanny, Annie et Alex<\/figcaption><\/figure><\/div>\n\n\n\n<p>La Team ISB EVENTZ,<br>\ncharg\u00e9e des \u00e9v\u00e9nements du Istres Sports Badminton<\/p>\n","protected":false},"excerpt":{"rendered":"<p>Depuis plusieurs saisons, les \u00e9v\u00e9nements et autres r\u00e9jouissances jalonnant la vie de notre club ont \u00e9t\u00e9 confi\u00e9s \u00e0 une entit\u00e9 seulement connue sous le nom de TEAM ISB EVENTZ. Ses membres fondateurs, devant le manque d&rsquo;ambition des soci\u00e9t\u00e9s ultra-secr\u00e8tes auxquelles ils appartenaient alors (Illuminatis, Majestics 12, FanClub Chantal Goya, Andouillette AAA, Soci\u00e9t\u00e9 Protectrice de la &hellip; <a href=\"https:\/\/istressportsbadminton.com\/?page_id=2066\" class=\"more-link\">Continuer la lecture<span class=\"screen-reader-text\"> de &laquo;&nbsp;La Team ISB EVENTZ&nbsp;&raquo;<\/span><\/a><\/p>\n","protected":false},"author":3,"featured_media":0,"parent":0,"menu_order":0,"comment_status":"closed","ping_status":"closed","template":"","meta":{"sfsi_plus_gutenberg_text_before_share":"","sfsi_plus_gutenberg_show_text_before_share":"","sfsi_plus_gutenberg_icon_type":"","sfsi_plus_gutenberg_icon_alignemt":"","sfsi_plus_gutenburg_max_per_row":""},"_links":{"self":[{"href":"https:\/\/istressportsbadminton.com\/index.php?rest_route=\/wp\/v2\/pages\/2066"}],"collection":[{"href":"https:\/\/istressportsbadminton.com\/index.php?rest_route=\/wp\/v2\/pages"}],"about":[{"href":"https:\/\/istressportsbadminton.com\/index.php?rest_route=\/wp\/v2\/types\/page"}],"author":[{"embeddable":true,"href":"https:\/\/istressportsbadminton.com\/index.php?rest_route=\/wp\/v2\/users\/3"}],"replies":[{"embeddable":true,"href":"https:\/\/istressportsbadminton.com\/index.php?rest_route=%2Fwp%2Fv2%2Fcomments&post=2066"}],"version-history":[{"count":9,"href":"https:\/\/istressportsbadminton.com\/index.php?rest_route=\/wp\/v2\/pages\/2066\/revisions"}],"predecessor-version":[{"id":3766,"href":"https:\/\/istressportsbadminton.com\/index.php?rest_route=\/wp\/v2\/pages\/2066\/revisions\/3766"}],"wp:attachment":[{"href":"https:\/\/istressportsbadminton.com\/index.php?rest_route=%2Fwp%2Fv2%2Fmedia&parent=2066"}],"curies":[{"name":"wp","href":"https:\/\/api.w.org\/{rel}","templated":true}]}}