{"id":2195,"date":"2016-12-09T16:34:07","date_gmt":"2016-12-09T15:34:07","guid":{"rendered":"http:\/\/istressportsbadminton.com\/?page_id=2195"},"modified":"2016-12-09T16:34:07","modified_gmt":"2016-12-09T15:34:07","slug":"compte-rendu-j2-5","status":"publish","type":"page","link":"https:\/\/istressportsbadminton.com\/?page_id=2195","title":{"rendered":"Compte Rendu J2"},"content":{"rendered":"<p>On poursuit les comptes rendus avec la D3 de Thibaud qui affrontait le leader aixois le mardi 29 novembre:<\/p>\n<p>Priv\u00e9 de Nico, Thibaud enregistrait le renfort de Greg pour cette rencontre face au favori de la poule avec l&rsquo;objectif de confirmer la victoire inaugurale face \u00e0 Salon. La rencontre d\u00e9bute par le match de R\u00e9gine et simple dame et de Steph en simple homme 1. Oppos\u00e9e \u00e0 Pauline Alamercery bien mieux class\u00e9e qu&rsquo;elle (D8 contre P10), R\u00e9gine va d&rsquo;abord subir la loi de son adversaire et perdre le 1er set 21-15 avant de magnifiquement r\u00e9agir en remportant le 2e 21-13. Malheureusement, notre v\u00e9t\u00e9rante va finir par plier 21-14 au 3e. Dans le m\u00eame temps, Steph retrouvait Anthony Monello contre qui il restait sur une belle victoire en finale du dernier tournoi de Ventabren en mai dernier. Habituellement accroch\u00e9, ce match ne va pas d\u00e9roger \u00e0 la r\u00e8gle: Facile vainqueur du 1er set 21-12, Steph conc\u00e8de le second 21-13. Comme la finale conclue 21-19 au 3e, tout va se jouer sur ce dernier set. Et l&rsquo;histoire ne se r\u00e9p\u00e8tera malheureusement pas! Steph n&rsquo;existe pas dans ce 3e set, s&rsquo;incline 21-08 et permet \u00e0 Aix de mener 2-0 apr\u00e8s les deux premiers matchs. La r\u00e9action des istr\u00e9ens ne va pas se faire attendre. Dans la foul\u00e9e de ces deux d\u00e9faites, Thibaud, en bon capitaine, et Dorian, remportent leur simple respectivement 21-11 21-16 et 21-08 21-19 et ram\u00e8nent ISB \u00e0 2-2. Pas de miracle en revanche dans le double dame assez largement perdu par Annie et R\u00e9gine 14-21 11-21 avant que notre double vedette Thibaud et Franck n&rsquo;\u00e9galise \u00e0 3-3 apr\u00e8s une victoire 21-18 21-09. Tout va donc se jouer le mixte! La pression sur les \u00e9paules de Greg et Lucie est grande! Pour leur premi\u00e8re association, les istr\u00e9ens se d\u00e9brouillent plut\u00f4t bien et s&rsquo;adjugent le premier set 21-16. Mais les aixois Christopher et Elsa ne vont pas se laisser faire comme \u00e7a et remportent le 2e set 21-15&#8230; Une nouvelle fois la d\u00e9cision va se faire dans l&rsquo;ultime manche. Et comme lors des deux matchs pr\u00e9c\u00e9dents en 3 sets, Greg et Lucie vont craquer et s&rsquo;incliner 21-14 ! D\u00e9faite finale 4-3 pour ISB face \u00e0 une \u00e9quipe d&rsquo;Aix qui va finir par devenir une b\u00eate noire&#8230;<\/p>\n<p>Istres est 3e ex \u00e6quo \u00e0 l&rsquo;issu de cette 2e journ\u00e9e derri\u00e8re Aix et Bouc Bel Air qui comptent 2 victoires en 2 matchs.<\/p>\n<p>Prochain rendez vous: ce mardi 13 d\u00e9cembre \u00e0 Donadieu pour la r\u00e9ception de Simiane.<\/p>\n","protected":false},"excerpt":{"rendered":"<p>On poursuit les comptes rendus avec la D3 de Thibaud qui affrontait le leader aixois le mardi 29 novembre: Priv\u00e9 de Nico, Thibaud enregistrait le renfort de Greg pour cette rencontre face au favori de la poule avec l&rsquo;objectif de confirmer la victoire inaugurale face \u00e0 Salon. La rencontre d\u00e9bute par le match de R\u00e9gine &hellip; <a href=\"https:\/\/istressportsbadminton.com\/?page_id=2195\" class=\"more-link\">Continuer la lecture<span class=\"screen-reader-text\"> de &laquo;&nbsp;Compte Rendu J2&nbsp;&raquo;<\/span><\/a><\/p>\n","protected":false},"author":3,"featured_media":0,"parent":0,"menu_order":0,"comment_status":"closed","ping_status":"closed","template":"","meta":{"sfsi_plus_gutenberg_text_before_share":"","sfsi_plus_gutenberg_show_text_before_share":"","sfsi_plus_gutenberg_icon_type":"","sfsi_plus_gutenberg_icon_alignemt":"","sfsi_plus_gutenburg_max_per_row":""},"_links":{"self":[{"href":"https:\/\/istressportsbadminton.com\/index.php?rest_route=\/wp\/v2\/pages\/2195"}],"collection":[{"href":"https:\/\/istressportsbadminton.com\/index.php?rest_route=\/wp\/v2\/pages"}],"about":[{"href":"https:\/\/istressportsbadminton.com\/index.php?rest_route=\/wp\/v2\/types\/page"}],"author":[{"embeddable":true,"href":"https:\/\/istressportsbadminton.com\/index.php?rest_route=\/wp\/v2\/users\/3"}],"replies":[{"embeddable":true,"href":"https:\/\/istressportsbadminton.com\/index.php?rest_route=%2Fwp%2Fv2%2Fcomments&post=2195"}],"version-history":[{"count":1,"href":"https:\/\/istressportsbadminton.com\/index.php?rest_route=\/wp\/v2\/pages\/2195\/revisions"}],"predecessor-version":[{"id":2196,"href":"https:\/\/istressportsbadminton.com\/index.php?rest_route=\/wp\/v2\/pages\/2195\/revisions\/2196"}],"wp:attachment":[{"href":"https:\/\/istressportsbadminton.com\/index.php?rest_route=%2Fwp%2Fv2%2Fmedia&parent=2195"}],"curies":[{"name":"wp","href":"https:\/\/api.w.org\/{rel}","templated":true}]}}