{"id":2248,"date":"2016-12-22T16:28:26","date_gmt":"2016-12-22T15:28:26","guid":{"rendered":"http:\/\/istressportsbadminton.com\/?page_id=2248"},"modified":"2016-12-22T20:50:44","modified_gmt":"2016-12-22T19:50:44","slug":"regionale-2-saison-2016-2017","status":"publish","type":"page","link":"https:\/\/istressportsbadminton.com\/?page_id=2248","title":{"rendered":"R\u00e9gionale 2 Saison 2016-2017"},"content":{"rendered":"<p>Sous la houlette du nouveau capitaine Francky, les joyeux lurons de l&rsquo;\u00e9quipe 2 d&rsquo;ISB sont engag\u00e9s cette saison en R\u00e9gionale 2.<\/p>\n<p>De bien belles t\u00eates de vainqueurs que voila&#8230;\u00a0 <img src=\"https:\/\/istressportsbadminton.com\/wp-includes\/images\/smilies\/mrgreen.png\" alt=\":mrgreen:\" class=\"wp-smiley\" style=\"height: 1em; max-height: 1em;\" \/> C&rsquo;est pas gagn\u00e9&#8230; Quoique. Retrouvez tous leurs exploits dans ce menu.<\/p>\n<figure id=\"attachment_2254\" aria-describedby=\"caption-attachment-2254\" style=\"width: 300px\" class=\"wp-caption alignleft\"><a href=\"http:\/\/istressportsbadminton.com\/wp-content\/uploads\/2016\/12\/15224616_10154758045916528_1594240747_o-1.jpg\"><img loading=\"lazy\" class=\"wp-image-2254 size-medium\" src=\"http:\/\/istressportsbadminton.com\/wp-content\/uploads\/2016\/12\/15224616_10154758045916528_1594240747_o-1-300x225.jpg\" alt=\"15224616_10154758045916528_1594240747_o (1)\" width=\"300\" height=\"225\" srcset=\"https:\/\/istressportsbadminton.com\/wp-content\/uploads\/2016\/12\/15224616_10154758045916528_1594240747_o-1-300x225.jpg 300w, https:\/\/istressportsbadminton.com\/wp-content\/uploads\/2016\/12\/15224616_10154758045916528_1594240747_o-1-150x113.jpg 150w, https:\/\/istressportsbadminton.com\/wp-content\/uploads\/2016\/12\/15224616_10154758045916528_1594240747_o-1-1024x768.jpg 1024w, https:\/\/istressportsbadminton.com\/wp-content\/uploads\/2016\/12\/15224616_10154758045916528_1594240747_o-1-1x1.jpg 1w, https:\/\/istressportsbadminton.com\/wp-content\/uploads\/2016\/12\/15224616_10154758045916528_1594240747_o-1.jpg 2048w\" sizes=\"(max-width: 300px) 85vw, 300px\" \/><\/a><figcaption id=\"caption-attachment-2254\" class=\"wp-caption-text\">Lors de la J2. Au 1er rang Mickey, Am\u00e9lie, JP, Laeticia. Et 2\u00e8 rang Eric, Captain Francky, Agn\u00e8s, Marine et Thomas<\/figcaption><\/figure>\n<figure id=\"attachment_2249\" aria-describedby=\"caption-attachment-2249\" style=\"width: 300px\" class=\"wp-caption alignright\"><a href=\"http:\/\/istressportsbadminton.com\/wp-content\/uploads\/2016\/12\/15595569_10210653496269998_1113882219_o.jpg\"><img loading=\"lazy\" class=\"wp-image-2249 size-medium\" src=\"http:\/\/istressportsbadminton.com\/wp-content\/uploads\/2016\/12\/15595569_10210653496269998_1113882219_o-300x225.jpg\" alt=\"15595569_10210653496269998_1113882219_o\" width=\"300\" height=\"225\" srcset=\"https:\/\/istressportsbadminton.com\/wp-content\/uploads\/2016\/12\/15595569_10210653496269998_1113882219_o-300x225.jpg 300w, https:\/\/istressportsbadminton.com\/wp-content\/uploads\/2016\/12\/15595569_10210653496269998_1113882219_o-150x113.jpg 150w, https:\/\/istressportsbadminton.com\/wp-content\/uploads\/2016\/12\/15595569_10210653496269998_1113882219_o-1024x768.jpg 1024w, https:\/\/istressportsbadminton.com\/wp-content\/uploads\/2016\/12\/15595569_10210653496269998_1113882219_o-1x1.jpg 1w, https:\/\/istressportsbadminton.com\/wp-content\/uploads\/2016\/12\/15595569_10210653496269998_1113882219_o.jpg 2048w\" sizes=\"(max-width: 300px) 85vw, 300px\" \/><\/a><figcaption id=\"caption-attachment-2249\" class=\"wp-caption-text\">Lors de la J3. Au premier plan, JP \u00e9cras\u00e9 par Am\u00e9lie et Agn\u00e8s. Au second rang, Eric, Marine, Fabrice et Alex<\/figcaption><\/figure>\n","protected":false},"excerpt":{"rendered":"<p>Sous la houlette du nouveau capitaine Francky, les joyeux lurons de l&rsquo;\u00e9quipe 2 d&rsquo;ISB sont engag\u00e9s cette saison en R\u00e9gionale 2. De bien belles t\u00eates de vainqueurs que voila&#8230;\u00a0 C&rsquo;est pas gagn\u00e9&#8230; Quoique. Retrouvez tous leurs exploits dans ce menu.<\/p>\n","protected":false},"author":3,"featured_media":0,"parent":0,"menu_order":0,"comment_status":"closed","ping_status":"closed","template":"","meta":{"sfsi_plus_gutenberg_text_before_share":"","sfsi_plus_gutenberg_show_text_before_share":"","sfsi_plus_gutenberg_icon_type":"","sfsi_plus_gutenberg_icon_alignemt":"","sfsi_plus_gutenburg_max_per_row":""},"_links":{"self":[{"href":"https:\/\/istressportsbadminton.com\/index.php?rest_route=\/wp\/v2\/pages\/2248"}],"collection":[{"href":"https:\/\/istressportsbadminton.com\/index.php?rest_route=\/wp\/v2\/pages"}],"about":[{"href":"https:\/\/istressportsbadminton.com\/index.php?rest_route=\/wp\/v2\/types\/page"}],"author":[{"embeddable":true,"href":"https:\/\/istressportsbadminton.com\/index.php?rest_route=\/wp\/v2\/users\/3"}],"replies":[{"embeddable":true,"href":"https:\/\/istressportsbadminton.com\/index.php?rest_route=%2Fwp%2Fv2%2Fcomments&post=2248"}],"version-history":[{"count":4,"href":"https:\/\/istressportsbadminton.com\/index.php?rest_route=\/wp\/v2\/pages\/2248\/revisions"}],"predecessor-version":[{"id":2255,"href":"https:\/\/istressportsbadminton.com\/index.php?rest_route=\/wp\/v2\/pages\/2248\/revisions\/2255"}],"wp:attachment":[{"href":"https:\/\/istressportsbadminton.com\/index.php?rest_route=%2Fwp%2Fv2%2Fmedia&parent=2248"}],"curies":[{"name":"wp","href":"https:\/\/api.w.org\/{rel}","templated":true}]}}