{"id":2334,"date":"2016-12-31T13:22:32","date_gmt":"2016-12-31T12:22:32","guid":{"rendered":"http:\/\/istressportsbadminton.com\/?page_id=2334"},"modified":"2016-12-31T13:24:31","modified_gmt":"2016-12-31T12:24:31","slug":"2334-2","status":"publish","type":"page","link":"https:\/\/istressportsbadminton.com\/?page_id=2334","title":{"rendered":"Compte Rendu J3"},"content":{"rendered":"<p>Salut tout le monde!<\/p>\n<p>Le dimanche 18 d\u00e9cembre 2016 ont eu lieu les 3e et derni\u00e8res journ\u00e9es des matchs aller des championnats r\u00e9gionaux.<\/p>\n<p>A\u00a0Vitrolles, l&rsquo;\u00e9quipe 1 du capitaine <b>Phil<\/b>, achevait sa phase aller face \u00e0 Aix, leader du g\u00e9n\u00e9ral avant cette journ\u00e9e, et Cannes.<\/p>\n<p>La journ\u00e9e d\u00e9bute donc par LA rencontre au sommet face \u00e0 la redoutable armada aixoise. Toujours priv\u00e9 de <b>L\u00e9onie<\/b>, <b>Phil <\/b>alignait une compo classique: <b>St\u00e9phanie<\/b>, <b>Marie<\/b>, <b>Aur\u00e9lie<\/b>, <b>Teddy<\/b>, <b>Maxence<\/b>, <b>Seb<\/b>, et <b>Quentin<\/b>.<\/p>\n<p>Comme d&rsquo;habitude on d\u00e9marre les hostilit\u00e9s par les doubles homme et dame: Mieux class\u00e9s que leur adversaire, <b>Quentin <\/b>et <b>Seb <\/b>ne vont pas rater l&rsquo;occasion de marquer le 1er point de leur \u00e9quipe avec une victoire nette et sans bavure 21-15 21-13.<\/p>\n<p>Moins de r\u00e9ussite dans l&rsquo;autre match puisqu&rsquo;apr\u00e8s la perte du 1er set 21-17 et le gain du second 21-15, <b>St\u00e9phanie <\/b>et <b>Marie <\/b>vont finir par s&rsquo;incliner 21-18 dans un 3e set qu&rsquo;elles auront domin\u00e9s la majeure partie du temps. Une d\u00e9faite rageante donc qui permet \u00e0 Aix d&rsquo;\u00e9galiser \u00e0 1-1.<\/p>\n<p>Align\u00e9s en Mx1, <b>Teddy <\/b>et <b>Aur\u00e9lie <\/b>vont ensuite sortir un gros match face \u00e0 Herv\u00e9 Sahut (R4) et Elise Raysseguier (N3). Un premier set remport\u00e9 avec autorit\u00e9 21-15 puis un 2e perdu de justesse 21-19, les istr\u00e9ens vont reprendre les choses en main dans un 3e set survol\u00e9 21-11 pour le 2e point d&rsquo;ISB dans cette rencontre.<\/p>\n<p>Sur le terrain voisin, <b>Maxence <\/b>(R5), oppos\u00e9 \u00e0 J\u00e9rome Musial (R4) va cravacher dur durant 3 sets et finir par s&rsquo;incliner apr\u00e8s une fin de match difficile physiquement 21-19 17-21 21-13. 2-2 \u00e0 la mi temps d&rsquo;une rencontre qui tient toutes ses promesses.<\/p>\n<p>Pour les 2 matchs suivants, <b>Phil <\/b>avait tent\u00e9 un coup de poker: Habituellement aligner en simple, <b>Marie <\/b>jouera le mixte 2 avec <b>Seb <\/b>tandis que <b>St\u00e9phanie <\/b>jouera le simple 2. Et il ne va s&rsquo;en falloir de beaucoup pour que le pari soit gagnant mais <b>St\u00e9phanie<\/b>, trop diminu\u00e9 physiquement, va s&rsquo;incliner en 3 sets malgr\u00e9 sa nette sup\u00e9riorit\u00e9 technique (21-10 17-21 21-13) alors que <b>Marie <\/b>et <b>Seb<\/b>, apr\u00e8s avoir perdu le 1er et remport\u00e9 le 2e, vont sombrer \u00e0 5-5 dans le 3e pour une d\u00e9faite 21-16 13-21 21-14. 4-2 pour Aix qui prive dores et d\u00e9j\u00e0 les istr\u00e9ens des 5 pts de la victoire en attendant les simples 1.<\/p>\n<p>Face \u00e0 un adversaire qu&rsquo;il avait d\u00e9j\u00e0 battu, <b>Teddy <\/b>va parfaitement assumer son statut de meilleur joueur de simple en l&#8217;emportant 21-17 23-21 malgr\u00e9 des frayeurs \u00e0 la fin de chaque set. 4-3.<\/p>\n<p>Le point du match nul repose donc sur les \u00e9paules d&rsquo;<b>Aur\u00e9lie <\/b>(R5) oppos\u00e9e de nouveau \u00e0 Elise Raysseguier (R4) mieux class\u00e9e qu&rsquo;elle en simple. Et <b>Aur\u00e9lie <\/b>va une nouvelle fois afficher tous ses progr\u00e8s en simple en remportant un match parfaitement maitris\u00e9 21-15 21-13.<\/p>\n<p>4-4 entre ISB et Aix qui se quittent dos \u00e0 dos avec tout de m\u00eame quelques regrets cot\u00e9 istr\u00e9ens en raison entre autre du sc\u00e9nario du DD.<\/p>\n<p>La 2e rencontre de la journ\u00e9e va mettre au prise ISB \u00e0 l&rsquo;\u00e9quipe de Cannes, avant derni\u00e8re du classement. Les istr\u00e9ens partaient donc favoris face \u00e0 une formation d\u00e9faite 6-2 par Vitrolles dans la matin\u00e9e.<\/p>\n<p>On d\u00e9bute de nouveau par les doubles avec cette fois ci un sc\u00e9nario diff\u00e9rent en DD o\u00f9 <b>Stef <\/b>et <b>Marie <\/b>vont l&#8217;emporter en 3 sets 21-16 20-22 21-15 face \u00e0 une paire cannoise (compos\u00e9 de Marie-Agn\u00e8s Portero et Salom\u00e9 Vermot) tr\u00e8s accrocheuse.<\/p>\n<p><b>Seb <\/b>et <b>Quentin <\/b>vont quant \u00e0 eux s&rsquo;imposer de nouveau malgr\u00e9 un \u00e9norme trou d&rsquo;air dans le 2e set: Score final 21-17 10-21 21-15.<\/p>\n<p>En confiance apr\u00e8s sa belle victoire du matin en simple, <b>Aur\u00e9lie <\/b>va avoir fort \u00e0 faire face \u00e0 Tiphaine Segeon dont le classement (D7) ne refl\u00e8te pas la valeur. Men\u00e9e largement dans le 1er set, <b>Aur\u00e9lie <\/b>va aligner 7 points cons\u00e9cutifs pour \u00e9galiser \u00e0 20 partout avant de finalement c\u00e9der 21-23. Dans la lanc\u00e9e de sa fin de set, notre istr\u00e9enne va survoler une 2e manche conclue 21-10. L&rsquo;ultime set va voir les deux joueuses se rendre coup pour coup et c&rsquo;est en d\u00e9finitive la cannoise qui va sortir vainqueur de cette magnifique rencontre (21-17 au 3e).<\/p>\n<p>Sc\u00e9nario quasi identique sur le terrain voisin o\u00f9 <b>Teddy <\/b>va tomber sur un os en la personne de Christophe Philibert. A l&rsquo;instar d&rsquo;<b>Aur\u00e9lie<\/b>, <b>Teddy <\/b>va perdre en 3 sets 21-16 9-21 21-16 apr\u00e8s avoir largement remport\u00e9 la 2e manche. Cannes \u00e9galise donc \u00e0 2-2 et accroche les istr\u00e9ens de mani\u00e8re un peu inattendue.<\/p>\n<p>Mais <b>Quentin <\/b>et <b>Marie<\/b>, align\u00e9s respectivement en SH2 et SD2, vont remettre les pendules \u00e0 l&rsquo;heure avec deux belles victoires en 2 sets 23-21 21-12 et 21-10 24-22 pour porter la marque \u00e0 4-2 pour ISB.<\/p>\n<p>Le point de la victoire va revenir aux \u00ab\u00a0anciens\u00a0\u00bb <b>Seb <\/b>et <b>Stef <\/b>qui vont lutter 3 sets pour venir \u00e0 bout de la paire Portero\/Henriot sur le score de 21-18 16-21 21-12.<\/p>\n<p>Le dernier match \u00ab\u00a0pour du beurre\u00a0\u00bb va accoucher d&rsquo;une \u00e9norme bagarre qu&rsquo;<b>Aur\u00e9lie <\/b>et <b>Maxence <\/b>vont finir par emporter avec en prime une remont\u00e9e fantastique dans le dernier set 17-21 21-18 22-20!<\/p>\n<p>Victoire finale 6-2 pour ISB qui conclu la phase aller \u00e0 la 4e place du classement avec un bilan de 3 victoires, 3 nuls et 1 d\u00e9faite. Dans l&rsquo;autre \u00e9norme rencontre de la journ\u00e9e, Vitrolles est venu \u00e0 bout d&rsquo;Aix 6-2 tandis que dans les autres matchs du jour, Salon va accrocher Antibes 4-4 ce qui donne un embouteillage en t\u00eate du classement g\u00e9n\u00e9ral. Antibes pointe en t\u00eate \u00e0 mi parcours avec 29 pts devant Vitrolles et Aix 27 pts, puis on retrouve Istres 26 pts et Salon 24 pts. La 2e partie de saison d&rsquo;annonce bouillante avec d\u00e8s le dimanche 29 janvier 2017 \u00e0 Salon les rencontres face \u00e0 Pernes, Salon et Vitrolles!<\/p>\n<p>Rendez-vous en 2017 pour la suite des aventures des \u00e9quipes d&rsquo;interclubs d&rsquo;ISB et bon r\u00e9veillon \u00e0 tous!<\/p>\n<p>Alex<\/p>\n","protected":false},"excerpt":{"rendered":"<p>Salut tout le monde! Le dimanche 18 d\u00e9cembre 2016 ont eu lieu les 3e et derni\u00e8res journ\u00e9es des matchs aller des championnats r\u00e9gionaux. A\u00a0Vitrolles, l&rsquo;\u00e9quipe 1 du capitaine Phil, achevait sa phase aller face \u00e0 Aix, leader du g\u00e9n\u00e9ral avant cette journ\u00e9e, et Cannes. La journ\u00e9e d\u00e9bute donc par LA rencontre au sommet face \u00e0 &hellip; <a href=\"https:\/\/istressportsbadminton.com\/?page_id=2334\" class=\"more-link\">Continuer la lecture<span class=\"screen-reader-text\"> de &laquo;&nbsp;Compte Rendu J3&nbsp;&raquo;<\/span><\/a><\/p>\n","protected":false},"author":3,"featured_media":0,"parent":0,"menu_order":0,"comment_status":"closed","ping_status":"closed","template":"","meta":{"sfsi_plus_gutenberg_text_before_share":"","sfsi_plus_gutenberg_show_text_before_share":"","sfsi_plus_gutenberg_icon_type":"","sfsi_plus_gutenberg_icon_alignemt":"","sfsi_plus_gutenburg_max_per_row":""},"_links":{"self":[{"href":"https:\/\/istressportsbadminton.com\/index.php?rest_route=\/wp\/v2\/pages\/2334"}],"collection":[{"href":"https:\/\/istressportsbadminton.com\/index.php?rest_route=\/wp\/v2\/pages"}],"about":[{"href":"https:\/\/istressportsbadminton.com\/index.php?rest_route=\/wp\/v2\/types\/page"}],"author":[{"embeddable":true,"href":"https:\/\/istressportsbadminton.com\/index.php?rest_route=\/wp\/v2\/users\/3"}],"replies":[{"embeddable":true,"href":"https:\/\/istressportsbadminton.com\/index.php?rest_route=%2Fwp%2Fv2%2Fcomments&post=2334"}],"version-history":[{"count":2,"href":"https:\/\/istressportsbadminton.com\/index.php?rest_route=\/wp\/v2\/pages\/2334\/revisions"}],"predecessor-version":[{"id":2337,"href":"https:\/\/istressportsbadminton.com\/index.php?rest_route=\/wp\/v2\/pages\/2334\/revisions\/2337"}],"wp:attachment":[{"href":"https:\/\/istressportsbadminton.com\/index.php?rest_route=%2Fwp%2Fv2%2Fmedia&parent=2334"}],"curies":[{"name":"wp","href":"https:\/\/api.w.org\/{rel}","templated":true}]}}