{"id":2406,"date":"2017-02-01T15:09:25","date_gmt":"2017-02-01T14:09:25","guid":{"rendered":"http:\/\/istressportsbadminton.com\/?page_id=2406"},"modified":"2017-02-01T15:16:05","modified_gmt":"2017-02-01T14:16:05","slug":"compte-rendu-j3-6","status":"publish","type":"page","link":"https:\/\/istressportsbadminton.com\/?page_id=2406","title":{"rendered":"Compte Rendu J3"},"content":{"rendered":"<p>Mercredi 25 janvier, la <strong>Promobad<\/strong>, coach\u00e9e, en l&rsquo;absence de Captain Olive, par son fid\u00e8le assistant Alex D,\u00a0se d\u00e9pla\u00e7ait pour la premi\u00e8re fois de la saison pour le compte de la 3\u00e8me journ\u00e9e. Apr\u00e8s ses deux premi\u00e8res rencontres victorieuses \u00e0 domicile, l&rsquo;enjeu \u00e9tait cette fois-ci de taille, puisque ISB, second, se rendait chez l&rsquo;actuel leader de la poule,\u00a0<strong>Rognes<\/strong>, avec l&rsquo;objectif de s&#8217;emparer de la t\u00eate en cas de victoire.<\/p>\n<p>Laurent T, forfait de derni\u00e8re minute, 11 joueurs avaient finalement fait le voyage: <strong>St\u00e9phanie, Laurence, M\u00e9lody, Audrey et Taline <\/strong>chez les dames,\u00a0et <strong>Jonathan<\/strong>,<strong> Didier, Laurent D, Cyril, Valentin <\/strong>et<strong> Alex D<\/strong>, pour un total de &#8230;19 matchs de pr\u00e9vus ! (et oui, en promobad \u00e7a ne rigole pas!!). Le timing ne permettra finalement de n&rsquo;en jouer \u00ab\u00a0que\u00a0\u00bb 18&#8230; : 5 SH, 5 DH, 2 SD, 3 DD et 3 Mx.<\/p>\n<p>La premi\u00e8re rotation voyait les 2 doubles Hommes <strong>Jonathan\/Didier<\/strong> et <strong>Valentin\/Cyril<\/strong> l&#8217;emporter sans trop trembler en 2 sets. Le spectacle \u00e9tait sur les 2 autres terrains avec les 2 simples dames pour <strong>Laurence<\/strong> et <strong>M\u00e9lody<\/strong>. Pour sa premi\u00e8re en simple, <strong>Laurence<\/strong> y fait tr\u00e9s bonne figure, mais s&rsquo;incline de justesse\u00a022-20\/ 21-19. Et que dire de <strong>M\u00e9lody<\/strong>, dans un match au suspense insoutenable: un premier set remport\u00e9, puis un second interminable que notre istr\u00e9enne perd 29-27!! La manche d\u00e9cisive est aussi serr\u00e9e, et \u00e0 ce petit jeu, c&rsquo;est malheureusement <strong>M\u00e9lody<\/strong> qui \u00e9choue au terme d&rsquo;un superbe combat, score final\u00a015-21\/ 29-27\/ 21-19 !!! Et 2 \u00e9quipes dos \u00e0 dos 2-2.<\/p>\n<p>Mais sur les rotations suivantes, petit \u00e0 petit, c&rsquo;est Istres qui va prendre l&rsquo;ascendant. Les d\u00e9faites sans d\u00e9m\u00e9riter des 3 doubles dames\u00a0<strong>M\u00e9lody\/St\u00e8phanie<\/strong>, <strong>M\u00e9lody\/Audrey<\/strong> et <strong>St\u00e9phanie\/Laurence<\/strong>\u00a0(en 3 sets acharn\u00e9es pour ces dernieres,\u00a013-21 21-17 21-19 !)\u00a0vont se voir contrebalanc\u00e9s par les victoire des 5 Simples Hommes (<strong>Jonathan<\/strong> 2 fois, <strong>Valentin<\/strong>, <strong>Laurent<\/strong> et <strong>Alex<\/strong>), et des 2 premiers doubles mixtes (<strong>Taline\/Valentin<\/strong> et <strong>Laurence\/Alex<\/strong>). 9-5 pour ISB, il manquait un petit point pour assurer la victoire.<\/p>\n<p>C&rsquo;est chose faite avec les 2 doubles hommes remport\u00e9s par <strong>Laurent\/Alex<\/strong>, puis <strong>Cyril\/Laurent<\/strong>. Les 2 derniers matchs perdus <strong>Cyril\/Didier<\/strong>, puis le mixte <strong>Audrey\/Didier<\/strong>, n&rsquo;y changeront rien, <strong>la Promobad Istr\u00e9enne l&#8217;emporte au final 11-7<\/strong>, et s&#8217;empare par la m\u00eame de la premi\u00e8re place du classement \u00e0 \u00e9galit\u00e9 avec Saint-Cannat et Rognes.<\/p>\n<p>Et comme le 4 \u00e8me Set Rognen ne porte pas son nom pour rien, il \u00e9tait alors temps de partager le d\u00e9licieux buffet pr\u00e9par\u00e9 par les h\u00f4tes d&rsquo;un soir, un buffet de top niveau\u00a0comme d&rsquo;hab <img loading=\"lazy\" class=\"\" src=\"https:\/\/ssl.gstatic.com\/mail\/emoji\/6\/48px\/emoji_u1f44d.png\" alt=\"\uf44d\" width=\"18\" height=\"18\" data-goomoji=\"1f44d\" \/>\u00a0 Merci \u00e0 Silvio et toute son \u00e9quipe pour leur accueil.<\/p>\n<p>Le prochain rendez-vous pour l&rsquo;equipe de Promobad, samedi 18 f\u00e9vrier et un d\u00e9placement qui s&rsquo;annonce lui aussi tr\u00e9s sympathique \u00e0 Sausset.<\/p>\n<figure id=\"attachment_2408\" aria-describedby=\"caption-attachment-2408\" style=\"width: 654px\" class=\"wp-caption aligncenter\"><a href=\"http:\/\/istressportsbadminton.com\/wp-content\/uploads\/2017\/02\/IMG_2270.jpg\"><img loading=\"lazy\" class=\"wp-image-2408 size-large\" src=\"http:\/\/istressportsbadminton.com\/wp-content\/uploads\/2017\/02\/IMG_2270-1024x768.jpg\" alt=\"IMG_2270\" width=\"654\" height=\"491\" srcset=\"https:\/\/istressportsbadminton.com\/wp-content\/uploads\/2017\/02\/IMG_2270-1024x768.jpg 1024w, https:\/\/istressportsbadminton.com\/wp-content\/uploads\/2017\/02\/IMG_2270-150x113.jpg 150w, https:\/\/istressportsbadminton.com\/wp-content\/uploads\/2017\/02\/IMG_2270-300x225.jpg 300w, https:\/\/istressportsbadminton.com\/wp-content\/uploads\/2017\/02\/IMG_2270-1x1.jpg 1w\" sizes=\"(max-width: 654px) 85vw, 654px\" \/><\/a><figcaption id=\"caption-attachment-2408\" class=\"wp-caption-text\">La Promobad, le devoir accompli&#8230; et le ventre bien rempli \ud83d\ude00 ! Laurent, Didier, Audrey, Alex, Jonathan, Laurence, Cyril, Taline, Stephanie, Valentin et M\u00e9lody<\/figcaption><\/figure>\n\n<!-- iframe plugin v.5.1 wordpress.org\/plugins\/iframe\/ -->\n<iframe src=\"https:\/\/www.badnet.org\/badnet\/src\/index.php?ic_a=656385&#038;cb=updateMenu&#038;eventId=6940&#038;action=page:656386;drawId:112328\" width=\"100%\" height=\"500\" scrolling=\"yes\" class=\"iframe-class\" frameborder=\"0\"><\/iframe>\n\n<p>&nbsp;<\/p>\n","protected":false},"excerpt":{"rendered":"<p>Mercredi 25 janvier, la Promobad, coach\u00e9e, en l&rsquo;absence de Captain Olive, par son fid\u00e8le assistant Alex D,\u00a0se d\u00e9pla\u00e7ait pour la premi\u00e8re fois de la saison pour le compte de la 3\u00e8me journ\u00e9e. Apr\u00e8s ses deux premi\u00e8res rencontres victorieuses \u00e0 domicile, l&rsquo;enjeu \u00e9tait cette fois-ci de taille, puisque ISB, second, se rendait chez l&rsquo;actuel leader de &hellip; <a href=\"https:\/\/istressportsbadminton.com\/?page_id=2406\" class=\"more-link\">Continuer la lecture<span class=\"screen-reader-text\"> de &laquo;&nbsp;Compte Rendu J3&nbsp;&raquo;<\/span><\/a><\/p>\n","protected":false},"author":3,"featured_media":0,"parent":0,"menu_order":0,"comment_status":"closed","ping_status":"closed","template":"","meta":{"sfsi_plus_gutenberg_text_before_share":"","sfsi_plus_gutenberg_show_text_before_share":"","sfsi_plus_gutenberg_icon_type":"","sfsi_plus_gutenberg_icon_alignemt":"","sfsi_plus_gutenburg_max_per_row":""},"_links":{"self":[{"href":"https:\/\/istressportsbadminton.com\/index.php?rest_route=\/wp\/v2\/pages\/2406"}],"collection":[{"href":"https:\/\/istressportsbadminton.com\/index.php?rest_route=\/wp\/v2\/pages"}],"about":[{"href":"https:\/\/istressportsbadminton.com\/index.php?rest_route=\/wp\/v2\/types\/page"}],"author":[{"embeddable":true,"href":"https:\/\/istressportsbadminton.com\/index.php?rest_route=\/wp\/v2\/users\/3"}],"replies":[{"embeddable":true,"href":"https:\/\/istressportsbadminton.com\/index.php?rest_route=%2Fwp%2Fv2%2Fcomments&post=2406"}],"version-history":[{"count":6,"href":"https:\/\/istressportsbadminton.com\/index.php?rest_route=\/wp\/v2\/pages\/2406\/revisions"}],"predecessor-version":[{"id":2415,"href":"https:\/\/istressportsbadminton.com\/index.php?rest_route=\/wp\/v2\/pages\/2406\/revisions\/2415"}],"wp:attachment":[{"href":"https:\/\/istressportsbadminton.com\/index.php?rest_route=%2Fwp%2Fv2%2Fmedia&parent=2406"}],"curies":[{"name":"wp","href":"https:\/\/api.w.org\/{rel}","templated":true}]}}