{"id":2426,"date":"2017-02-04T18:21:41","date_gmt":"2017-02-04T17:21:41","guid":{"rendered":"http:\/\/istressportsbadminton.com\/?page_id=2426"},"modified":"2017-02-05T12:59:26","modified_gmt":"2017-02-05T11:59:26","slug":"compte-rendu-j5-5","status":"publish","type":"page","link":"https:\/\/istressportsbadminton.com\/?page_id=2426","title":{"rendered":"Compte rendu J5"},"content":{"rendered":"<p><span style=\"font-size: small;\">Salut tout le monde!<\/span><\/p>\n<p><span style=\"font-size: small;\">Le mercredi 25 janvier, apr\u00e8s 4 premi\u00e8res journ\u00e9es jou\u00e9es \u00e0 la maison (pour un bilan de 3v et 1d), l&rsquo;\u00e9quipe 3 du capitaine Thibaud se d\u00e9pla\u00e7ait pour la 1ere fois de la saison pour un choc face \u00e0 Bouc Bel Air actuellement 2e ex \u00e6quo avec Istres. De retour aux affaires apr\u00e8s un interm\u00e8de new-yorkais, Thibaud devait composer avec la blessure d\u2019Agn\u00e8s qui a pouss\u00e9 Lucie \u00e0 monter jouer en R2. Dans ce match d\u00e9cisif dans la course aux play off, il alignait donc la compo suivante: SH1 Dorian, SH2, Steph, SH3 Nico, DH Thibaud\/Phil, SD R\u00e9gine, DD R\u00e9gine\/Annie, Mx Franck\/Annie.<\/span><\/p>\n<p><span style=\"font-size: small;\">Place au terrain avec 3 matchs pour la premi\u00e8re rotation: Belles performances de R\u00e9gine qui remporte enfin son simple dame 21-17 21-18 apr\u00e8s 4 \u00e9checs depuis le d\u00e9but de la saison, et de Steph vainqueur confortable 21-13 21-16. En revanche, apr\u00e8s 2 sets tr\u00e8s disput\u00e9s 17-21 21-18 Franck et Annie vont s&rsquo;incliner assez largement dans le 3e set 21-11 pour le premier point boucain. 2-1 pour les visiteurs apr\u00e8s 3 matchs.<br \/>\n<\/span><\/p>\n<p><span style=\"font-size: small;\">A l&rsquo;aise dans son nouveau r\u00f4le de leader du simple homme, Dorian remporte facilement son simple 1 21-9 21-14 avant que R\u00e9gine et Annie ne c\u00e8dent en double dame malgr\u00e9 un 1er set accroch\u00e9 21-18 21-12. 3-2 avant les 2 derniers matchs.<br \/>\n<\/span><\/p>\n<p><span style=\"font-size: small;\">Le point de la victoire revient \u00e0 Nico, vainqueur 22-20 21-18 malgr\u00e9 des conditions de luminosit\u00e9 plus que difficile.<br \/>\n<\/span><\/p>\n<p><span style=\"font-size: small;\">Phil et Thibaud vont conclure cette belle soir\u00e9e istr\u00e9enne par une\u00a0victoire pour l&rsquo;honneur 22-20 21-18 qui conclue la rencontre sur le score final de 5-2!<\/span><\/p>\n<p><span style=\"font-size: small;\">Petit bilan apr\u00e8s les matchs aller: Istres se classe 2e du g\u00e9n\u00e9ral avec 8 pts (4v 1d) derri\u00e8re l&rsquo;ogre aixois invaincu (10 pts avec 5v). Nos h\u00f4tes du jour chutent \u00e0 la 3e place avec 6 pts devant Simiane 4 pts, Ventabren 2 pts et enfin Salon bon dernier avec 0 pt et 5d.<br \/>\n<\/span><\/p>\n<p><span style=\"font-size: small;\">Prochain rendez vous le lundi 6 f\u00e9vrier \u00e0 Salon avant le match au sommet contre Aix d\u00e9but mars.<\/span><\/p>\n\n<!-- iframe plugin v.5.1 wordpress.org\/plugins\/iframe\/ -->\n<iframe src=\"https:\/\/www.badnet.org\/badnet\/src\/index.php?ic_a=656385&#038;cb=updateMenu&#038;eventId=6898&#038;action=page:656386;drawId:111983\" width=\"100%\" height=\"500\" scrolling=\"yes\" class=\"iframe-class\" frameborder=\"0\"><\/iframe>\n\n","protected":false},"excerpt":{"rendered":"<p>Salut tout le monde! Le mercredi 25 janvier, apr\u00e8s 4 premi\u00e8res journ\u00e9es jou\u00e9es \u00e0 la maison (pour un bilan de 3v et 1d), l&rsquo;\u00e9quipe 3 du capitaine Thibaud se d\u00e9pla\u00e7ait pour la 1ere fois de la saison pour un choc face \u00e0 Bouc Bel Air actuellement 2e ex \u00e6quo avec Istres. De retour aux affaires &hellip; <a href=\"https:\/\/istressportsbadminton.com\/?page_id=2426\" class=\"more-link\">Continuer la lecture<span class=\"screen-reader-text\"> de &laquo;&nbsp;Compte rendu J5&nbsp;&raquo;<\/span><\/a><\/p>\n","protected":false},"author":3,"featured_media":0,"parent":0,"menu_order":0,"comment_status":"closed","ping_status":"closed","template":"","meta":{"sfsi_plus_gutenberg_text_before_share":"","sfsi_plus_gutenberg_show_text_before_share":"","sfsi_plus_gutenberg_icon_type":"","sfsi_plus_gutenberg_icon_alignemt":"","sfsi_plus_gutenburg_max_per_row":""},"_links":{"self":[{"href":"https:\/\/istressportsbadminton.com\/index.php?rest_route=\/wp\/v2\/pages\/2426"}],"collection":[{"href":"https:\/\/istressportsbadminton.com\/index.php?rest_route=\/wp\/v2\/pages"}],"about":[{"href":"https:\/\/istressportsbadminton.com\/index.php?rest_route=\/wp\/v2\/types\/page"}],"author":[{"embeddable":true,"href":"https:\/\/istressportsbadminton.com\/index.php?rest_route=\/wp\/v2\/users\/3"}],"replies":[{"embeddable":true,"href":"https:\/\/istressportsbadminton.com\/index.php?rest_route=%2Fwp%2Fv2%2Fcomments&post=2426"}],"version-history":[{"count":2,"href":"https:\/\/istressportsbadminton.com\/index.php?rest_route=\/wp\/v2\/pages\/2426\/revisions"}],"predecessor-version":[{"id":2449,"href":"https:\/\/istressportsbadminton.com\/index.php?rest_route=\/wp\/v2\/pages\/2426\/revisions\/2449"}],"wp:attachment":[{"href":"https:\/\/istressportsbadminton.com\/index.php?rest_route=%2Fwp%2Fv2%2Fmedia&parent=2426"}],"curies":[{"name":"wp","href":"https:\/\/api.w.org\/{rel}","templated":true}]}}