{"id":2439,"date":"2017-02-05T12:46:06","date_gmt":"2017-02-05T11:46:06","guid":{"rendered":"http:\/\/istressportsbadminton.com\/?page_id=2439"},"modified":"2017-02-05T12:57:39","modified_gmt":"2017-02-05T11:57:39","slug":"compte-rendu-j4-6","status":"publish","type":"page","link":"https:\/\/istressportsbadminton.com\/?page_id=2439","title":{"rendered":"Compte Rendu J4"},"content":{"rendered":"<p>D\u00e9but des matchs retours \u00e9galement ce dimanche 29 janvier pour la R1 du capitaine <b>Phil <\/b>qui retrouvait les \u00e9quipes de Pernes (8e), Salon (5e) et Vitrolles (2e) apr\u00e8s les \u00e9v\u00e9nements du match aller (non qualification de <b>St\u00e9phanie <\/b>suite au refus de Salon de l&rsquo;autoriser \u00e0 jouer). C&rsquo;est donc avec un l\u00e9ger esprit de revanche que les istr\u00e9ens se d\u00e9pla\u00e7ait \u00e0 Salon, renforc\u00e9s par le retour de blessure de <b>L\u00e9onie<\/b>,\u00a0et les premi\u00e8res apparitions de <b>Thomas <\/b>et <b>L\u00e6titia <\/b>en R1. Ces renforts bienvenus permettaient de palier les absences de <b>Quentin<\/b>, toujours g\u00ean\u00e9 par son genou et en pleine r\u00e9\u00e9ducation, et d&rsquo;<b>Aur\u00e9lie<\/b>, de retour de voyage le matin de la rencontre et qui rejoindra l&rsquo;\u00e9quipe dans la journ\u00e9e.<\/p>\n<p>Pour le premier match face \u00e0 Pernes, <b>Phil <\/b>avait fait appel \u00e0 <b>Orianne<\/b>, tr\u00e8s bonne joueuse de Promobad, pour jouer le SD2 afin de pr\u00e9venir tout risque de blessure des autres filles diminu\u00e9es sur ce tableau.<\/p>\n<p>Et la rencontre ne va pas tr\u00e8s bien d\u00e9buter pour ISB avec deux d\u00e9faites lors des deux premiers matchs pour <b>Teddy <\/b>et <b>Maxence <\/b>respectivement en SH1 et 2. <b>Teddy <\/b>s&rsquo;incline sur le fil face \u00e0 Benoit Membrives 21-19 22-24 18-21 apr\u00e8s \u00eatre pass\u00e9 tout pr\u00e8s de la victoire tandis que <b>Maxence <\/b>est d\u00e9fait en 2 sets malgr\u00e9 un 2e set ultra serr\u00e9 21-14 27-25.<\/p>\n<p>La tendance ne va pas s&rsquo;inverser avec les deux matchs suivants qui verront <b>Orianne <\/b>faire de son mieux mais c\u00e9der 21-9 21-7 dans le SD2 et <b>Marie<\/b>, elle aussi, d\u00e9faite par C\u00e9line Testud 21-2 21-18. Stupeur apr\u00e8s les 4 premiers matchs: Istres est men\u00e9e 4-0 par la lanterne rouge de la poule! Petite lueur d&rsquo;espoir les 4 matchs restants \u00e0 jouer sont les doubles, v\u00e9ritables points forts de l&rsquo;\u00e9quipe.<\/p>\n<p>C&rsquo;est donc sans droit \u00e0 l&rsquo;erreur que les DH et DD se pr\u00e9sentent alors sur le terrain. La pression, <b>Thomas <\/b>et <b>Seb<\/b>, qui ont connu le haut niveau, ne la connaissent pas. Ils dominent la paire Membrives\/Wolff avec autorit\u00e9 21-16 21-17 alors que pour son premier match de la saison en interclubs, <b>L\u00e9onie<\/b>, qui se remet doucement d&rsquo;une d\u00e9chirure au mollet, se retrouvait associ\u00e9e \u00e0 <b>St\u00e9phanie <\/b>pour une victoire nette et sans bavure 21-9 21-12. 4-2 pour Pernes mais l&rsquo;espoir du match nul commence \u00e0 renaitre dans le camp istr\u00e9en.<\/p>\n<p>Et d&rsquo;un espoir \u00e0 la r\u00e9alit\u00e9 il n&rsquo;y a qu&rsquo;un pas ou plut\u00f4t deux mixtes: Le premier est survol\u00e9 par la famille Clemen\u00e7on puisque <b>Thomas <\/b>et <b>Laetitia <\/b>gagnent leur match 21-15 21-8, et le 2e, pour lequel <b>Teddy <\/b>et <b>Marie <\/b>\u00e9taient pour la 1ere fois associ\u00e9s, se conclu \u00e9galement par une victoire sur un score un peu plus serr\u00e9 21-17 25-23.<\/p>\n<p>4-4! Ouf!\u00a0Les istr\u00e9ens \u00e9vitent de justesse une d\u00e9faite face au dernier qui aurait fait tache mais r\u00e9alisent tout de m\u00eame une mauvaise op\u00e9ration dans la course \u00e0 la mont\u00e9e.<\/p>\n<p>Tenu en \u00e9chec au match aller 4-4, ISB retrouvait leur meilleur ennemi salonnais pour la 2e rencontre de la journ\u00e9e. Non-qualifi\u00e9e \u00e0 l&rsquo;aller, <b>St\u00e9phanie <\/b>\u00e9tait cette fois bien pr\u00e9sente pour affronter un des concurrents directs \u00e0 la mont\u00e9e en PN.<\/p>\n<p>La rencontre d\u00e9bute par les deux mixtes: Sur leur lanc\u00e9e du match pr\u00e9c\u00e9dent, <b>Laetitia <\/b>et <b>Thomas <\/b>ne vont laisser aucune chance \u00e0 Aliz\u00e9e et Loic Allio battus sur le score sans appel de 21-12 21-8 alors que dans l&rsquo;autre match <b>St\u00e9phanie <\/b>et <b>Teddy <\/b>vont litt\u00e9ralement surclasser la paire Piquot\/Festoc 21-9 21-7.<\/p>\n<p>Signe de la facilit\u00e9 avec laquelle les Clemen\u00e7on ont gagn\u00e9 leur match, <b>Thomas <\/b>enchaine tout de suite avec le SH2 tandis que <b>Marie <\/b>est oppos\u00e9 \u00e0 Aliz\u00e9e Allio sur l&rsquo;autre terrain. A l&rsquo;instar de son d\u00e9but de journ\u00e9e, aucun probl\u00e8me pour <b>Thomas <\/b>qui l&#8217;emporte 21-18 21-9.<\/p>\n<p>Grosse bataille en revanche dans le SD2! Nettement mieux rentr\u00e9e dans son match que ce matin, <b>Marie <\/b>conclue le 1er set sur le score de 21-11. La 2e manche est beaucoup plus disput\u00e9e et <b>Marie <\/b>tente le tout pour le tout pour conclure le match au plus vite redoutant un 3e set ind\u00e9cis face \u00e0 une joueuse visiblement plus en forme physiquement. Les joueuses se rendent coup pour coup et \u00e0 20-20 c&rsquo;est finalement la salonnaise qui se d\u00e9tache et l&#8217;emporte sur le score de 22-20. Tout est \u00e0 refaire pour la joueuse d&rsquo;ISB qui semble accuser le coup apr\u00e8s la perte de ce 2e set&#8230; Mais c&rsquo;est mal connaitre <b>Marie <\/b>qui va puiser dans ses r\u00e9serves et trouver l&rsquo;\u00e9nergie de conclure ce match incroyable sur le score de 21-18!! Magnifique victoire (la 5e cette saison en simple) qui permet \u00e0 ISB de mener 4-0 \u00e0 mi-rencontre!<\/p>\n<p>Pas de miracle pour <b>Aur\u00e9lie <\/b>qui, tout juste d\u00e9barqu\u00e9e des Philippines (!) et subissant le plein fouet le d\u00e9calage horaire, ne va pas faire le poids face \u00e0 Delphine Piquot pour une d\u00e9faite 21-7 21-5 qui permet \u00e0 Salon de marquer son premier point dans la rencontre.<\/p>\n<p>Dans le m\u00eame temps <b>Teddy <\/b>va livrer une grosse bataille contre le capitaine salonnais Nicolas Festoc. Revanchard apr\u00e8s sa d\u00e9faite du matin sur le fil, <b>Teddy <\/b>va mal entamer son match en perdant le 1er set 21-17. Le temps de prendre la mesure de son adversaire, le joueur d&rsquo;Istres va finir par rentrer compl\u00e8tement dans le match et mettant un gros coup d\u2019acc\u00e9l\u00e9rateur pour remporter le 2e set 21-15. Le 3e set n&rsquo;est que la confirmation de cette domination ponctu\u00e9e par un cinglant 21-9 qui permet \u00e0 ISB de marquer le 5e point de la rencontre!<\/p>\n<p>Le double homme remport\u00e9 au petit trot par <b>Seb <\/b>et <b>Maxence <\/b>21-14 18-21 21-12 et le double dame tranquillement gagn\u00e9 par <b>L\u00e9onie <\/b>et <b>St\u00e9phanie <\/b>21-18 21-9 portent le score \u00e0 7-1 en faveur d&rsquo;ISB qui aura r\u00e9pondu sur le terrain aux \u00e9v\u00e8nements du match aller \ud83d\ude09<\/p>\n<p>La 3e et derni\u00e8re rencontre mettait au prise ISB et Vitrolles pour LE choc de la journ\u00e9e. 2e au g\u00e9n\u00e9ral (1 point devant Istres) avant le d\u00e9but de cette journ\u00e9e, Vitrolles se pr\u00e9sentait fort de deux victoires contre Pernes (5-3) et Salon (7-1) plus t\u00f4t dans la journ\u00e9e.<\/p>\n<p>La rencontre d\u00e9bute par les deux doubles: D\u00e9termin\u00e9 \u00e0 prendre l&rsquo;ascendant d&rsquo;entr\u00e9e, <b>Phil <\/b>aligne la paire <b>Seb<\/b>\/<b>Thomas <\/b>qui ne va faire qu&rsquo;une bouch\u00e9e de Yanh Bordes (N3) et Adrien Rodrigues (N3) 21-8 21-16 tandis que sur l&rsquo;autre terrain c&rsquo;\u00e9tait l&rsquo;heure des retrouvailles entre les anciennes partenaires <b>L\u00e9onie <\/b>et <b>Laetitia <\/b>qui n&rsquo;ont visiblement rien perdues de leur complicit\u00e9 pour une victoire facile 21-14 21-11.<\/p>\n<p>Place aux simples 1 avec un nouveau match \u00e0 rallonge pour <b>Teddy <\/b>oppos\u00e9 \u00e0 Adrien: 22-20 pour l&rsquo;istr\u00e9en au 1er puis 22-20 pour le vitrollais au 2e, c&rsquo;est finalement le pr\u00e9sident du Vitrolles Badminton qui fera la diff\u00e9rence physiquement en remportant le 3e set 21-15 pour ramener son \u00e9quipe \u00e0 2-1.<\/p>\n<p>Pas tout \u00e0 fait remise de son pr\u00e9c\u00e9dent simple, <b>Marie <\/b>se pr\u00e9sentait diminu\u00e9e sur le terrain face \u00e0 la redoutable Diana Chausson (R5). Apr\u00e8s un 1er set perdu s\u00e8chement 21-10, la joueuse d&rsquo;ISB va de nouveau trouver des ressources insoup\u00e7onn\u00e9es pour remporter le 2e set 24-22! A deux doigts de passer au contr\u00f4le anti dopage tant l&rsquo;abn\u00e9gation de l&rsquo;istr\u00e9enne \u00e9bahie l&rsquo;assistance, la fatigue va finir par rattraper <b>Marie <\/b>qui s&rsquo;incline 21-15 dans le 3e set mais qui pourra \u00eatre fi\u00e8re de sa journ\u00e9e ou elle aura plus que tout donn\u00e9! Bravo!<\/p>\n<p>2-2 \u00e0 la mi temps de la rencontre quand <b>Thomas <\/b>entre sur le terrain face au jeune Gabriel Rodrigues (R5 cadet) qui ne cesse de progresser. Mais l&rsquo;exp\u00e9rience et la puissance de <b>Thomas<\/b> auront rapidement raison de la fougue de Gabriel pour une victoire 21-11 21-14 de l&rsquo;istr\u00e9en qui permet \u00e0 Istres de reprendre l&rsquo;avantage 3-2.<\/p>\n<p>Habitu\u00e9s \u00e0 jouer ensemble depuis 3 saisons maintenant, <b>Seb <\/b>et <b>St\u00e9phanie <\/b>vont remporter leur mixte 1 en deux sets malgr\u00e9 une premi\u00e8re manche accroch\u00e9 21-17 21-12.<\/p>\n<p>Pour le mixte 2 en revanche c&rsquo;est l&rsquo;inconnu total puisque <b>L\u00e9onie <\/b>et <b>Maxence <\/b>jouent ensemble pour la 1ere fois et sont oppos\u00e9s \u00e0 la paire Houeix (R4) \/ Decomba (R5). Ce petit d\u00e9tail ne semblent pas perturber nos istr\u00e9ens qui remportent le premier set 21-16 avant de conclure tranquillement le match 21-12 pour le 5e point synonyme de victoire!<\/p>\n<p>Le dernier match (simple dame 2) de cette loooooongue journ\u00e9e va mettre en jeu le point de bonus d\u00e9fensif pour Vitrolles qui rapporterait 1 pt supplementaire (2 pts au lieu d&rsquo;1) en cas de d\u00e9faite 5-3. <b>Aur\u00e9lie <\/b>rentr\u00e9e se reposer, c&rsquo;est <b>St\u00e9phanie <\/b>qui se pr\u00e9sente sur le terrain dans un tableau qu&rsquo;elle affectionne gu\u00e8re. C&rsquo;est pourtant avec une facilit\u00e9 d\u00e9concertante que notre \u00ab\u00a0mamie\u00a0\u00bb va l&#8217;emporter face \u00e0 Aurore Martin sur le score sans appel de 21-11 21-12.<\/p>\n<p>Victoire finale 6-2 qui, cerise sur le g\u00e2teau, prive Vitrolles du point de bonus. Bravo \u00e0 <b>Phil <\/b>et \u00e0 toute l&rsquo;\u00e9quipe!<\/p>\n<p>Dans les autres matchs de la journ\u00e9e, Aix fait la bonne op\u00e9ration avec 3 victoires en 3 matchs dont l&rsquo;une 7-1 contre Antibes, en t\u00eate avant cette journ\u00e9e, qui gagne ses deux autres matchs. Ce qui donne au g\u00e9n\u00e9ral: Aix en t\u00eate avec 42 pts devant Antibes, 2e avec 40 pts. Puis vient Istres, 3e avec 39 pts et Vitrolles, 4e avec 38 pts. Le trou semble creus\u00e9 avec Salon, 5e avec 31 pts suivi de Nice, 6e avec 26 pts, Pernes, 7e avec 17 pts et Cannes, 8e avec 16 pts.<\/p>\n<p>Je rappelle que les deux premiers seront promus en Pr\u00e9-National (PN) et qu&rsquo;Aix ne peut pas monter en raison de l&rsquo;interdiction d&rsquo;avoir deux \u00e9quipes dans la m\u00eame division. Il reste donc 4 rencontres \u00e0 jouer pour d\u00e9terminer qui d&rsquo;Antibes, d&rsquo;Istres ou de Vitrolles acc\u00e8dera \u00e0 la PN \u00e0 la fin de la saison!<\/p>\n<p>Rendez vous pour la suite du feuilleton le dimanche 19 mars \u00e0 la maison puisque nous accueillerons Nice et Antibes au gymnase Donadieu!<\/p>\n<p>Allez Istres!!!<\/p>\n<p>Alex P<\/p>\n\n<!-- iframe plugin v.5.1 wordpress.org\/plugins\/iframe\/ -->\n<iframe src=\"http:\/\/www.badnet.org\/badnet\/src\/index.php?ic_a=656385&#038;cb=updateMenu&#038;eventId=6835&#038;action=page:656386;drawId:110431\" width=\"100%\" height=\"500\" scrolling=\"yes\" class=\"iframe-class\" frameborder=\"0\"><\/iframe>\n\n","protected":false},"excerpt":{"rendered":"<p>D\u00e9but des matchs retours \u00e9galement ce dimanche 29 janvier pour la R1 du capitaine Phil qui retrouvait les \u00e9quipes de Pernes (8e), Salon (5e) et Vitrolles (2e) apr\u00e8s les \u00e9v\u00e9nements du match aller (non qualification de St\u00e9phanie suite au refus de Salon de l&rsquo;autoriser \u00e0 jouer). C&rsquo;est donc avec un l\u00e9ger esprit de revanche que &hellip; <a href=\"https:\/\/istressportsbadminton.com\/?page_id=2439\" class=\"more-link\">Continuer la lecture<span class=\"screen-reader-text\"> de &laquo;&nbsp;Compte Rendu J4&nbsp;&raquo;<\/span><\/a><\/p>\n","protected":false},"author":3,"featured_media":0,"parent":0,"menu_order":0,"comment_status":"closed","ping_status":"closed","template":"","meta":{"sfsi_plus_gutenberg_text_before_share":"","sfsi_plus_gutenberg_show_text_before_share":"","sfsi_plus_gutenberg_icon_type":"","sfsi_plus_gutenberg_icon_alignemt":"","sfsi_plus_gutenburg_max_per_row":""},"_links":{"self":[{"href":"https:\/\/istressportsbadminton.com\/index.php?rest_route=\/wp\/v2\/pages\/2439"}],"collection":[{"href":"https:\/\/istressportsbadminton.com\/index.php?rest_route=\/wp\/v2\/pages"}],"about":[{"href":"https:\/\/istressportsbadminton.com\/index.php?rest_route=\/wp\/v2\/types\/page"}],"author":[{"embeddable":true,"href":"https:\/\/istressportsbadminton.com\/index.php?rest_route=\/wp\/v2\/users\/3"}],"replies":[{"embeddable":true,"href":"https:\/\/istressportsbadminton.com\/index.php?rest_route=%2Fwp%2Fv2%2Fcomments&post=2439"}],"version-history":[{"count":3,"href":"https:\/\/istressportsbadminton.com\/index.php?rest_route=\/wp\/v2\/pages\/2439\/revisions"}],"predecessor-version":[{"id":2447,"href":"https:\/\/istressportsbadminton.com\/index.php?rest_route=\/wp\/v2\/pages\/2439\/revisions\/2447"}],"wp:attachment":[{"href":"https:\/\/istressportsbadminton.com\/index.php?rest_route=%2Fwp%2Fv2%2Fmedia&parent=2439"}],"curies":[{"name":"wp","href":"https:\/\/api.w.org\/{rel}","templated":true}]}}