{"id":2455,"date":"2017-02-08T17:37:21","date_gmt":"2017-02-08T16:37:21","guid":{"rendered":"http:\/\/istressportsbadminton.com\/?page_id=2455"},"modified":"2017-02-09T15:19:39","modified_gmt":"2017-02-09T14:19:39","slug":"tournoi-des-glauges-eyguieres","status":"publish","type":"page","link":"https:\/\/istressportsbadminton.com\/?page_id=2455","title":{"rendered":"Tournoi des Glauges (Eygui\u00e8res)"},"content":{"rendered":"<p>10 Istr\u00e9ens avaient fait le d\u00e9placement \u00e0 Eygui\u00e8res en ce weekend du 21 et 22 janvier 2017 pour participer a la 1\u00e8re \u00e9dition du\u00a0Tournoi des Glauges en Simples, Mixtes et Doubles Dames.<\/p>\n<p>En <strong>simple dame D8\/D9<\/strong>, <strong>Am\u00e9lie<\/strong> (D9) franchit les poules avec 2 victoires-1 d\u00e9faite, mais\u00a0s&rsquo;incline au tour suivant en demi-finale contre la jeune aixoise Oc\u00e9ane Letienne, future vainqueur du tournoi.<br \/>\nEn <strong>s\u00e9rie R6\/D7<\/strong>, moins de r\u00e9ussite pour <strong>Agn\u00e8s<\/strong> (D7), 2 d\u00e9faites et malheureusement une \u00e9limination en poule<\/p>\n<p>En <strong>simple homme D8\/D9<\/strong>, <strong>B&amp;C<\/strong> \u00e9taient de sortis, \u00a0et une fois n&rsquo;est pas coutume, <strong>Max<\/strong> et <strong>Baptiste<\/strong> (P10) rentrent totalement bredouilles avec l\u00e0\u00a0aussi \u00e9limination d\u00e8s les poules et 2 d\u00e9faites chacun! On n&rsquo;\u00e9tait plus habitu\u00e9 \u00e0 \u00e7a avec eux!<br \/>\nEn <strong>simple homme<\/strong> toujours, <strong>R6\/D7<\/strong>, avec notre pinguin pr\u00e9f\u00e9r\u00e9, aussi \u00e0 l&rsquo;aise sur un terrain de simple que sur sa banquise. Toujours un peu long \u00e0 se r\u00e9chauffer, <strong>St\u00e9ph<\/strong> (D7), apr\u00e8s sa victoire inaugurale nous fait sa classique et conc\u00e8de son habituelle d\u00e9faite en poule, poule dont il sort n\u00e9anmoins pour rentrer dans la partie o\u00fa il excelle: les tours \u00e0 \u00e9limination directe! Et effectivement, il monte en puissance et \u00e9limine les 2 aixois Ludovic Bosetti puis Aur\u00e9lien Loisel en quart et demi-finale, pour s&rsquo;offrir une nouvelle finale! Malheureusement, au bout de la journ\u00e9e, il n&rsquo;y aura pas de titre pour St\u00e9ph, la derni\u00e8re marche sera cette fois-ci trop haute, il\u00a0s&rsquo;incline en 2 sets 21-14\/ 21-14 contre Romain Platel (Trests, D7) au terme d&rsquo;un gros parcours dans un tableau relev\u00e9. Bravo Pinguin!<\/p>\n<figure id=\"attachment_2465\" aria-describedby=\"caption-attachment-2465\" style=\"width: 199px\" class=\"wp-caption alignleft\"><a href=\"http:\/\/istressportsbadminton.com\/wp-content\/uploads\/2017\/02\/Max-Mixte-Eyguiere.jpg\"><img loading=\"lazy\" class=\"wp-image-2465 size-medium\" src=\"http:\/\/istressportsbadminton.com\/wp-content\/uploads\/2017\/02\/Max-Mixte-Eyguiere-199x300.jpg\" alt=\"Max Mixte Eyguiere\" width=\"199\" height=\"300\" srcset=\"https:\/\/istressportsbadminton.com\/wp-content\/uploads\/2017\/02\/Max-Mixte-Eyguiere-199x300.jpg 199w, https:\/\/istressportsbadminton.com\/wp-content\/uploads\/2017\/02\/Max-Mixte-Eyguiere-99x150.jpg 99w, https:\/\/istressportsbadminton.com\/wp-content\/uploads\/2017\/02\/Max-Mixte-Eyguiere-678x1024.jpg 678w, https:\/\/istressportsbadminton.com\/wp-content\/uploads\/2017\/02\/Max-Mixte-Eyguiere-1x1.jpg 1w, https:\/\/istressportsbadminton.com\/wp-content\/uploads\/2017\/02\/Max-Mixte-Eyguiere.jpg 1356w\" sizes=\"(max-width: 199px) 85vw, 199px\" \/><\/a><figcaption id=\"caption-attachment-2465\" class=\"wp-caption-text\">Victoire pour Max et Marjorie!!<\/figcaption><\/figure>\n<p>Le dimanche en <strong>Mixte<\/strong>, apr\u00e8s sa d\u00e9ception de la veille, <strong>Max<\/strong> (P10) avait l&rsquo;occasion de remettre les points sur les i, associ\u00e9 pour la premi\u00e8re fois \u00e0 sa coll\u00e8gue de fac Marjorie Dospital-Mauro (Apt, NC), <strong>en s\u00e9rie\u00a0P<\/strong>. \u00a0Et pour une premi\u00e8re, ce fut proche de la perfection puisqu&rsquo;ils remportent le troph\u00e9e apr\u00e8s 5 belles victoires et 1 seul set de perdu dans toute la competition! Les mauvais r\u00e9sultats du simple sont effac\u00e9s pour Max qui ajoute un <strong>15\u00e8me troph\u00e9e dans l&rsquo;escarcelle du club<\/strong>, et son <strong>3\u00e8me titre personnel<\/strong> de la saison. Bravo minot!!\u00a0<a href=\"http:\/\/istressportsbadminton.com\/wp-content\/uploads\/2016\/04\/emoji_u1f3c6.png\"><img loading=\"lazy\" class=\"alignnone size-full wp-image-1322\" src=\"http:\/\/istressportsbadminton.com\/wp-content\/uploads\/2016\/04\/emoji_u1f3c6.png\" alt=\"Victoire\" width=\"25\" height=\"25\" srcset=\"https:\/\/istressportsbadminton.com\/wp-content\/uploads\/2016\/04\/emoji_u1f3c6.png 25w, https:\/\/istressportsbadminton.com\/wp-content\/uploads\/2016\/04\/emoji_u1f3c6-1x1.png 1w\" sizes=\"(max-width: 25px) 85vw, 25px\" \/><\/a><\/p>\n<p><strong>Mixte<\/strong> toujours, 2 paires nous int\u00e9ressaient en <strong>R6\/D7<\/strong>. <strong>Am\u00e9lie<\/strong> (D7) et <strong>St\u00e9ph<\/strong> (D8), sans doutes \u00e9mouss\u00e9s de leurs simples de la veille perdent leurs 3 matchs de poule.<br \/>\n<strong>Thibaud<\/strong> (D7)\u00a0et la sympathique Emilie Sambardy (Eygui\u00e8res, R6) feront un peu mieux, avec 1 victoires pour 2 d\u00e9faites mais un destin identique et une \u00e9limination pr\u00e9matur\u00e9e d\u00e8s la phase de poule.<\/p>\n<p>En <strong>Mixte R4\/R5<\/strong>, 4 Istr\u00e9ens \u00e9taient sur la ligne de d\u00e9part.<br \/>\nPour <strong>Francky<\/strong> (D7) et <strong>Agn\u00e8s<\/strong> (R5), marche un peu trop haute et 2 d\u00e9faites en poule, mais surtout une blessure au genou pour une Agn\u00e8s\u00a0qui, t\u00eatue comme une mule et au courage, aura voulu terminer quand m\u00eame le second match dans lequel nos istr\u00e9ens \u00e9taient bien engag\u00e9s, mais au risque d&rsquo;aggraver la blessure!<br \/>\nEgalement engag\u00e9s dans cette s\u00e9rie, <strong>Marie<\/strong> (R4) avec Adrien Houeix (Vitrolles, R4) et <strong>JP<\/strong> (R5) avec Tania Hernandez (Airbus, R5) se retrouvaient dans la m\u00eame poule de 4. Et les deux paires franchissent l&rsquo;obstacle, <strong>Marie<\/strong> et Adrien (3 victoires) devan\u00e7ant <strong>JP<\/strong>\/Tania (2 victoires et 1 d\u00e9faite), en remportant notamment leur duel au terme d&rsquo;un match on ne peut plus accroch\u00e9\u00a021-19 \/ 19-21 \/ 23-21 ! Pour Tania et JP, l&rsquo;aventure s\u2019arr\u00eatera au tour suivant, au stade du quart de finale contre les P\u00e9lissannais M\u00e9lanie DaRold et Damien Ravoux au bout, la aussi, d&rsquo;un 3\u00e8me set \u00e0 suspens:\u00a021-19 \/ 06-21 \/ 22-20 ! Marie et Adrien passent eux cet obstacle mais chutent ensuite en demi-finale contre les \u00e9poux Leblet.<\/p>\n<p>Enfin, derni\u00e8re \u00e9preuve, avec le <strong>double dame<\/strong>\u00a0\u00e9tal\u00e9 sur 2 jours, qui voyait une premi\u00e8re ensemble en tournoi pour <strong>Marine<\/strong> et <strong>Agn\u00e8s<\/strong> (apr\u00e8s 2 association en interclubs cette saison), engag\u00e9es en <strong>R6\/D7<\/strong>. Le samedi (avec une Agn\u00e8s encore \u00e0 100%) se d\u00e9roulait la phase de poule que nos 2 joueuses vont parfaitement g\u00e9rer avec 2 victoires et une premi\u00e8re place qui les qualifie pour la demi-finale du lendemain apr\u00e8s-midi. Malheureusement, entre temps, le genou de notre Agn\u00e8s nationale aura fait des siennes. Et avec son\u00a0c\u00e9l\u00e8bre caract\u00e8re de battante, et contre avis m\u00e9dical (!!), mais surtout avec la volont\u00e9 de ne pas laisser tomber Marine, elle d\u00e9bute n\u00e9anmoins le match, mais la douleur \u00e9tant trop forte, les filles sont contraintes \u00e0 l&rsquo;abandon \u00e0 12-14 dans le premier set. Nous rassurons tous les fans d&rsquo;Agn\u00e8s, il semblerait n\u00e9anmoins que la blessure soit moins importante que redout\u00e9e.<\/p>\n<p>Bravo \u00e0 tous\u00a0<img src=\"https:\/\/ssl.gstatic.com\/mail\/emoji\/6\/48px\/emoji_u1f44d.png\" alt=\"\uf44d\" data-goomoji=\"1f44d\" \/><\/p>\n","protected":false},"excerpt":{"rendered":"<p>10 Istr\u00e9ens avaient fait le d\u00e9placement \u00e0 Eygui\u00e8res en ce weekend du 21 et 22 janvier 2017 pour participer a la 1\u00e8re \u00e9dition du\u00a0Tournoi des Glauges en Simples, Mixtes et Doubles Dames. En simple dame D8\/D9, Am\u00e9lie (D9) franchit les poules avec 2 victoires-1 d\u00e9faite, mais\u00a0s&rsquo;incline au tour suivant en demi-finale contre la jeune aixoise &hellip; <a href=\"https:\/\/istressportsbadminton.com\/?page_id=2455\" class=\"more-link\">Continuer la lecture<span class=\"screen-reader-text\"> de &laquo;&nbsp;Tournoi des Glauges (Eygui\u00e8res)&nbsp;&raquo;<\/span><\/a><\/p>\n","protected":false},"author":3,"featured_media":0,"parent":0,"menu_order":0,"comment_status":"closed","ping_status":"closed","template":"","meta":{"sfsi_plus_gutenberg_text_before_share":"","sfsi_plus_gutenberg_show_text_before_share":"","sfsi_plus_gutenberg_icon_type":"","sfsi_plus_gutenberg_icon_alignemt":"","sfsi_plus_gutenburg_max_per_row":""},"_links":{"self":[{"href":"https:\/\/istressportsbadminton.com\/index.php?rest_route=\/wp\/v2\/pages\/2455"}],"collection":[{"href":"https:\/\/istressportsbadminton.com\/index.php?rest_route=\/wp\/v2\/pages"}],"about":[{"href":"https:\/\/istressportsbadminton.com\/index.php?rest_route=\/wp\/v2\/types\/page"}],"author":[{"embeddable":true,"href":"https:\/\/istressportsbadminton.com\/index.php?rest_route=\/wp\/v2\/users\/3"}],"replies":[{"embeddable":true,"href":"https:\/\/istressportsbadminton.com\/index.php?rest_route=%2Fwp%2Fv2%2Fcomments&post=2455"}],"version-history":[{"count":8,"href":"https:\/\/istressportsbadminton.com\/index.php?rest_route=\/wp\/v2\/pages\/2455\/revisions"}],"predecessor-version":[{"id":2467,"href":"https:\/\/istressportsbadminton.com\/index.php?rest_route=\/wp\/v2\/pages\/2455\/revisions\/2467"}],"wp:attachment":[{"href":"https:\/\/istressportsbadminton.com\/index.php?rest_route=%2Fwp%2Fv2%2Fmedia&parent=2455"}],"curies":[{"name":"wp","href":"https:\/\/api.w.org\/{rel}","templated":true}]}}