{"id":2555,"date":"2017-03-01T15:08:45","date_gmt":"2017-03-01T14:08:45","guid":{"rendered":"http:\/\/istressportsbadminton.com\/?page_id=2555"},"modified":"2017-03-01T15:08:45","modified_gmt":"2017-03-01T14:08:45","slug":"double-vitrollais-vitrolles","status":"publish","type":"page","link":"https:\/\/istressportsbadminton.com\/?page_id=2555","title":{"rendered":"Double Vitrollais (Vitrolles)"},"content":{"rendered":"<p>Bonjour \u00e0 tous,<\/p>\n<p>Suite (et presque fin) de la mise \u00e0 jour des perfs Istr\u00e9ennes du mois de f\u00e9vrier avec les r\u00e9sultat du tournoi de double Vitrollais du weekend des 11 et 12 f\u00e9vrier \u00a0\ud83d\ude09<\/p>\n<p>En<strong> Double Dame D7\/D8<\/strong>, <strong>R\u00e9gine<\/strong> ( D8) et la Mart\u00e9gale Isabelle Fizet (D7) sortent de poule avec 1 victoire et 1 d\u00e9faite mais s&rsquo;inclinent finalement au tour suivant au stade des quarts de finale.<\/p>\n<p>En <strong>Double Homme D9\/P<\/strong>, on retrouvait <strong>David<\/strong> (P11) \u00a0avec son coll\u00e8gue de Martigues Adrien Doctrinal (P10), et <strong>J\u00e9r\u00e9my<\/strong> (P10) avec <strong>Alex D<\/strong> (D9). Plac\u00e9s dans la m\u00eame poule de 3, c&rsquo;est finalement Alex et J\u00e9r\u00e9my qui en sortent premier, David et Adrien se retrouvant \u00e9limin\u00e9s \u00e0 la diff\u00e9rence de sets, les 3 \u00e9quipes finissants avec 1 victoire et 1 d\u00e9faite. Mais les 2 survivants Istr\u00e9ens n&rsquo;iront gu\u00e8re plus loin, J\u00e9r\u00e9my et Alex chutent s\u00e8chement en huiti\u00e8me de finale.<br \/>\nEn <strong>s\u00e9rie D7\/D8<\/strong>, <strong>Jonathan<\/strong> (D8) et son partenaire habituel Florian Vanhallewyn (Digne, D7) vont s&rsquo;incliner\u00a0en demi-finale avec un bilan de 3 belles victoires pour une d\u00e9faite contre Paul et Valentin Thomas (Sausset).<\/p>\n<p>Le lendemain en\u00a0<strong>Mixte<\/strong>, on retrouvait \u00e0 nouveau <strong>Jonathan<\/strong> (P10) engag\u00e9 avec Marie Gorius ( Manosque, P10) en tableau D9\/P.\u00a0Et cette fois-ci, Jonathan et Marie vont jusqu&rsquo;au bout et <strong>remporte le tournoi<\/strong> au bout d&rsquo;une belle journ\u00e9e sold\u00e9e par 4 victoire pour 1 petite d\u00e9faite. <strong>24\u00e8me titre pour le club<\/strong>, 4\u00e8me pour Jonathan. Bravo!!\u00a0<a href=\"http:\/\/istressportsbadminton.com\/wp-content\/uploads\/2016\/04\/emoji_u1f3c6.png\"><img loading=\"lazy\" class=\"alignnone size-full wp-image-1322\" src=\"http:\/\/istressportsbadminton.com\/wp-content\/uploads\/2016\/04\/emoji_u1f3c6.png\" alt=\"Victoire\" width=\"25\" height=\"25\" srcset=\"https:\/\/istressportsbadminton.com\/wp-content\/uploads\/2016\/04\/emoji_u1f3c6.png 25w, https:\/\/istressportsbadminton.com\/wp-content\/uploads\/2016\/04\/emoji_u1f3c6-1x1.png 1w\" sizes=\"(max-width: 25px) 85vw, 25px\" \/><\/a><\/p>\n<p>Enfin, en <strong>R4<\/strong>, <strong>Maxence<\/strong> et <strong>Marie<\/strong> (R4) ne garderont pas un grand souvenir de ce tournoi, sortis d\u00e9s les poules apr\u00e8s 2 d\u00e9faites et 1 petite victoire. \u00c7a sera pour une prochaine.<\/p>\n<p>&nbsp;<\/p>\n","protected":false},"excerpt":{"rendered":"<p>Bonjour \u00e0 tous, Suite (et presque fin) de la mise \u00e0 jour des perfs Istr\u00e9ennes du mois de f\u00e9vrier avec les r\u00e9sultat du tournoi de double Vitrollais du weekend des 11 et 12 f\u00e9vrier \u00a0\ud83d\ude09 En Double Dame D7\/D8, R\u00e9gine ( D8) et la Mart\u00e9gale Isabelle Fizet (D7) sortent de poule avec 1 victoire et &hellip; <a href=\"https:\/\/istressportsbadminton.com\/?page_id=2555\" class=\"more-link\">Continuer la lecture<span class=\"screen-reader-text\"> de &laquo;&nbsp;Double Vitrollais (Vitrolles)&nbsp;&raquo;<\/span><\/a><\/p>\n","protected":false},"author":3,"featured_media":0,"parent":0,"menu_order":0,"comment_status":"closed","ping_status":"closed","template":"","meta":{"sfsi_plus_gutenberg_text_before_share":"","sfsi_plus_gutenberg_show_text_before_share":"","sfsi_plus_gutenberg_icon_type":"","sfsi_plus_gutenberg_icon_alignemt":"","sfsi_plus_gutenburg_max_per_row":""},"_links":{"self":[{"href":"https:\/\/istressportsbadminton.com\/index.php?rest_route=\/wp\/v2\/pages\/2555"}],"collection":[{"href":"https:\/\/istressportsbadminton.com\/index.php?rest_route=\/wp\/v2\/pages"}],"about":[{"href":"https:\/\/istressportsbadminton.com\/index.php?rest_route=\/wp\/v2\/types\/page"}],"author":[{"embeddable":true,"href":"https:\/\/istressportsbadminton.com\/index.php?rest_route=\/wp\/v2\/users\/3"}],"replies":[{"embeddable":true,"href":"https:\/\/istressportsbadminton.com\/index.php?rest_route=%2Fwp%2Fv2%2Fcomments&post=2555"}],"version-history":[{"count":4,"href":"https:\/\/istressportsbadminton.com\/index.php?rest_route=\/wp\/v2\/pages\/2555\/revisions"}],"predecessor-version":[{"id":2559,"href":"https:\/\/istressportsbadminton.com\/index.php?rest_route=\/wp\/v2\/pages\/2555\/revisions\/2559"}],"wp:attachment":[{"href":"https:\/\/istressportsbadminton.com\/index.php?rest_route=%2Fwp%2Fv2%2Fmedia&parent=2555"}],"curies":[{"name":"wp","href":"https:\/\/api.w.org\/{rel}","templated":true}]}}