{"id":2626,"date":"2017-03-30T12:36:21","date_gmt":"2017-03-30T11:36:21","guid":{"rendered":"http:\/\/istressportsbadminton.com\/?page_id=2626"},"modified":"2017-09-07T00:24:14","modified_gmt":"2017-09-06T22:24:14","slug":"tournoi-de-la-st-patrick-mars-2017","status":"publish","type":"page","link":"https:\/\/istressportsbadminton.com\/?page_id=2626","title":{"rendered":"Tournoi de la St Patrick mars 2017"},"content":{"rendered":"<p><a href=\"http:\/\/istressportsbadminton.com\/wp-content\/uploads\/2017\/03\/Picture1.jpg\"><img loading=\"lazy\" class=\"alignright wp-image-2579 size-medium\" src=\"http:\/\/istressportsbadminton.com\/wp-content\/uploads\/2017\/03\/Picture1-300x219.jpg\" alt=\"Picture1\" width=\"300\" height=\"219\" srcset=\"https:\/\/istressportsbadminton.com\/wp-content\/uploads\/2017\/03\/Picture1-300x219.jpg 300w, https:\/\/istressportsbadminton.com\/wp-content\/uploads\/2017\/03\/Picture1-150x110.jpg 150w, https:\/\/istressportsbadminton.com\/wp-content\/uploads\/2017\/03\/Picture1-1024x748.jpg 1024w, https:\/\/istressportsbadminton.com\/wp-content\/uploads\/2017\/03\/Picture1-1x1.jpg 1w, https:\/\/istressportsbadminton.com\/wp-content\/uploads\/2017\/03\/Picture1.jpg 1541w\" sizes=\"(max-width: 300px) 85vw, 300px\" \/><\/a>Vendredi 24 mars, la Team ISB Eventz avait sorti le vert&#8230; et les verres pour le 2nd tournoi de la St Patrick.<\/p>\n<p>Autour de l&rsquo;habituel buffet d\u00e9licieusement approvisionn\u00e9 en denr\u00e9es (plus ou moins <img src=\"https:\/\/istressportsbadminton.com\/wp-includes\/images\/smilies\/mrgreen.png\" alt=\":mrgreen:\" class=\"wp-smiley\" style=\"height: 1em; max-height: 1em;\" \/> ) comestibles et ingurgitables par nos licenci\u00e9s, de la charcuterie Corse de Jack (pas tr\u00e8s irlandais mais on avait donn\u00e9 d\u00e9rogation ) , de la musique de DJ Fanny, des d\u00e9cos made in Seb, Christine, Annie, Claire, sans oublier les lots fournis par David et Jack (toujours lui, cette fois ci bien plus dans le ton irlandais <img src=\"https:\/\/istressportsbadminton.com\/wp-includes\/images\/smilies\/mrgreen.png\" alt=\":mrgreen:\" class=\"wp-smiley\" style=\"height: 1em; max-height: 1em;\" \/> ), le tout saupoudr\u00e9 de la superbe ambiance mise par vous tous, la recette pour une nouvelle soir\u00e9e pleine de bonne humeur, qui rappelle une nouvelle fois qu&rsquo;ISB est d\u00e9cid\u00e9ment un peu plus qu&rsquo;un simple club de bad.<\/p>\n<p>Ah, et pour l&rsquo;anecdote, le tournoi a \u00e9t\u00e9 remport\u00e9 par la Team Smithwick&rsquo;s form\u00e9e d&rsquo;Aur\u00e9lie G, Cyril, Jack et le capitaine JP !!<\/p>\n<p><a href=\"https:\/\/www.facebook.com\/Istres-Sports-Badminton-226389823942\/photos\/?tab=album&amp;album_id=10155802367828943\" target=\"_blank\">Retrouvez toutes les photos de la soir\u00e9e en cliquant ici<\/a> .<\/p>\n<p>A tr\u00e8s bient\u00f4t pour de nouvelles aventures.<\/p>\n<p>La Team Eventz<\/p>\n<figure id=\"attachment_2627\" aria-describedby=\"caption-attachment-2627\" style=\"width: 300px\" class=\"wp-caption aligncenter\"><a href=\"http:\/\/istressportsbadminton.com\/wp-content\/uploads\/2017\/03\/20170324_225041.jpg\"><img loading=\"lazy\" class=\"wp-image-2627 size-medium\" src=\"http:\/\/istressportsbadminton.com\/wp-content\/uploads\/2017\/03\/20170324_225041-300x300.jpg\" alt=\"20170324_225041\" width=\"300\" height=\"300\" srcset=\"https:\/\/istressportsbadminton.com\/wp-content\/uploads\/2017\/03\/20170324_225041-300x300.jpg 300w, https:\/\/istressportsbadminton.com\/wp-content\/uploads\/2017\/03\/20170324_225041-150x150.jpg 150w, https:\/\/istressportsbadminton.com\/wp-content\/uploads\/2017\/03\/20170324_225041-1024x1024.jpg 1024w, https:\/\/istressportsbadminton.com\/wp-content\/uploads\/2017\/03\/20170324_225041-1x1.jpg 1w\" sizes=\"(max-width: 300px) 85vw, 300px\" \/><\/a><figcaption id=\"caption-attachment-2627\" class=\"wp-caption-text\">Les winners de la team SmizzSmizz<\/figcaption><\/figure>\n<p><a href=\"http:\/\/istressportsbadminton.com\/wp-content\/uploads\/2017\/03\/20170324_225146-1.jpg\"><img loading=\"lazy\" class=\"alignnone size-full wp-image-2628\" src=\"http:\/\/istressportsbadminton.com\/wp-content\/uploads\/2017\/03\/20170324_225146-1.jpg\" alt=\"20170324_225146\" width=\"3088\" height=\"3088\" srcset=\"https:\/\/istressportsbadminton.com\/wp-content\/uploads\/2017\/03\/20170324_225146-1.jpg 3088w, https:\/\/istressportsbadminton.com\/wp-content\/uploads\/2017\/03\/20170324_225146-1-150x150.jpg 150w, https:\/\/istressportsbadminton.com\/wp-content\/uploads\/2017\/03\/20170324_225146-1-300x300.jpg 300w, https:\/\/istressportsbadminton.com\/wp-content\/uploads\/2017\/03\/20170324_225146-1-1024x1024.jpg 1024w, https:\/\/istressportsbadminton.com\/wp-content\/uploads\/2017\/03\/20170324_225146-1-1x1.jpg 1w\" sizes=\"(max-width: 709px) 85vw, (max-width: 909px) 67vw, (max-width: 1362px) 62vw, 840px\" \/><\/a><\/p>\n","protected":false},"excerpt":{"rendered":"<p>Vendredi 24 mars, la Team ISB Eventz avait sorti le vert&#8230; et les verres pour le 2nd tournoi de la St Patrick. Autour de l&rsquo;habituel buffet d\u00e9licieusement approvisionn\u00e9 en denr\u00e9es (plus ou moins ) comestibles et ingurgitables par nos licenci\u00e9s, de la charcuterie Corse de Jack (pas tr\u00e8s irlandais mais on avait donn\u00e9 d\u00e9rogation ) &hellip; <a href=\"https:\/\/istressportsbadminton.com\/?page_id=2626\" class=\"more-link\">Continuer la lecture<span class=\"screen-reader-text\"> de &laquo;&nbsp;Tournoi de la St Patrick mars 2017&nbsp;&raquo;<\/span><\/a><\/p>\n","protected":false},"author":3,"featured_media":0,"parent":0,"menu_order":0,"comment_status":"closed","ping_status":"closed","template":"","meta":{"sfsi_plus_gutenberg_text_before_share":"","sfsi_plus_gutenberg_show_text_before_share":"","sfsi_plus_gutenberg_icon_type":"","sfsi_plus_gutenberg_icon_alignemt":"","sfsi_plus_gutenburg_max_per_row":""},"_links":{"self":[{"href":"https:\/\/istressportsbadminton.com\/index.php?rest_route=\/wp\/v2\/pages\/2626"}],"collection":[{"href":"https:\/\/istressportsbadminton.com\/index.php?rest_route=\/wp\/v2\/pages"}],"about":[{"href":"https:\/\/istressportsbadminton.com\/index.php?rest_route=\/wp\/v2\/types\/page"}],"author":[{"embeddable":true,"href":"https:\/\/istressportsbadminton.com\/index.php?rest_route=\/wp\/v2\/users\/3"}],"replies":[{"embeddable":true,"href":"https:\/\/istressportsbadminton.com\/index.php?rest_route=%2Fwp%2Fv2%2Fcomments&post=2626"}],"version-history":[{"count":2,"href":"https:\/\/istressportsbadminton.com\/index.php?rest_route=\/wp\/v2\/pages\/2626\/revisions"}],"predecessor-version":[{"id":2840,"href":"https:\/\/istressportsbadminton.com\/index.php?rest_route=\/wp\/v2\/pages\/2626\/revisions\/2840"}],"wp:attachment":[{"href":"https:\/\/istressportsbadminton.com\/index.php?rest_route=%2Fwp%2Fv2%2Fmedia&parent=2626"}],"curies":[{"name":"wp","href":"https:\/\/api.w.org\/{rel}","templated":true}]}}