{"id":2649,"date":"2017-04-14T14:51:12","date_gmt":"2017-04-14T13:51:12","guid":{"rendered":"http:\/\/istressportsbadminton.com\/?page_id=2649"},"modified":"2017-06-21T23:41:05","modified_gmt":"2017-06-21T21:41:05","slug":"6eme-tournoi-national-distres","status":"publish","type":"page","link":"https:\/\/istressportsbadminton.com\/?page_id=2649","title":{"rendered":"6\u00e8me Tournoi National d&rsquo;Istres"},"content":{"rendered":"<p><a href=\"http:\/\/istressportsbadminton.com\/wp-content\/uploads\/2017\/04\/affiche-tournoi-v3_ter-1.png\"><img loading=\"lazy\" class=\"alignright wp-image-2716 \" src=\"http:\/\/istressportsbadminton.com\/wp-content\/uploads\/2017\/04\/affiche-tournoi-v3_ter-1-212x300.png\" alt=\"affiche tournoi v3_ter (1)\" width=\"308\" height=\"436\" srcset=\"https:\/\/istressportsbadminton.com\/wp-content\/uploads\/2017\/04\/affiche-tournoi-v3_ter-1-212x300.png 212w, https:\/\/istressportsbadminton.com\/wp-content\/uploads\/2017\/04\/affiche-tournoi-v3_ter-1-106x150.png 106w, https:\/\/istressportsbadminton.com\/wp-content\/uploads\/2017\/04\/affiche-tournoi-v3_ter-1-724x1024.png 724w, https:\/\/istressportsbadminton.com\/wp-content\/uploads\/2017\/04\/affiche-tournoi-v3_ter-1-1x1.png 1w, https:\/\/istressportsbadminton.com\/wp-content\/uploads\/2017\/04\/affiche-tournoi-v3_ter-1.png 1754w\" sizes=\"(max-width: 308px) 85vw, 308px\" \/><\/a>Istres Sports Badminton \u00e0 le plaisir de vous annoncer la tenue de son 6\u00e8me Tournoi National <strong>les 8 et 9 juillet 2017<\/strong>.<\/p>\n<p>Fort du succ\u00e8s remport\u00e9 par l&rsquo;\u00e9dition pr\u00e9c\u00e9dente, le club vous pr\u00e9pare une nouvelle fois un rendez-vous qui se voudra encore plus sympathique, agr\u00e9able et sportif.<\/p>\n<p>Une comp\u00e9tition ouverte aux\u00a0cat\u00e9gorie N2 \u00e0 P, disput\u00e9e encore une fois dans la superbe Halle Polyvalente et au Gymnase Donadieu, sur 15 terrains dont 2 tapis, en simple, doubles et mixte.<\/p>\n<p>Et le samedi soir, repas et soir\u00e9e festive sur place avec le groupe Acoustic\u00a0 \ud83d\ude09<\/p>\n<p>Plus d&rsquo;info prochainement.<span style=\"color: #33cccc;\"><strong> <a style=\"color: #33cccc;\" href=\"http:\/\/badiste.fr\/tournoi-badminton\/6eme-tournoi-national-d-istres-7393.html\" target=\"_blank\">En attendant, l&rsquo;\u00e9v\u00e9nement est \u00e0 l&rsquo;affichage sur Badiste en suivant ce lien.<\/a><\/strong><\/span><\/p>\n<p>En esp\u00e9rant vous y voir encore r\u00e9pondre pr\u00e9sent en nombre.<\/p>\n<p>Sportivement!<\/p>\n","protected":false},"excerpt":{"rendered":"<p>Istres Sports Badminton \u00e0 le plaisir de vous annoncer la tenue de son 6\u00e8me Tournoi National les 8 et 9 juillet 2017. Fort du succ\u00e8s remport\u00e9 par l&rsquo;\u00e9dition pr\u00e9c\u00e9dente, le club vous pr\u00e9pare une nouvelle fois un rendez-vous qui se voudra encore plus sympathique, agr\u00e9able et sportif. Une comp\u00e9tition ouverte aux\u00a0cat\u00e9gorie N2 \u00e0 P, disput\u00e9e &hellip; <a href=\"https:\/\/istressportsbadminton.com\/?page_id=2649\" class=\"more-link\">Continuer la lecture<span class=\"screen-reader-text\"> de &laquo;&nbsp;6\u00e8me Tournoi National d&rsquo;Istres&nbsp;&raquo;<\/span><\/a><\/p>\n","protected":false},"author":3,"featured_media":0,"parent":0,"menu_order":0,"comment_status":"closed","ping_status":"closed","template":"","meta":{"sfsi_plus_gutenberg_text_before_share":"","sfsi_plus_gutenberg_show_text_before_share":"","sfsi_plus_gutenberg_icon_type":"","sfsi_plus_gutenberg_icon_alignemt":"","sfsi_plus_gutenburg_max_per_row":""},"_links":{"self":[{"href":"https:\/\/istressportsbadminton.com\/index.php?rest_route=\/wp\/v2\/pages\/2649"}],"collection":[{"href":"https:\/\/istressportsbadminton.com\/index.php?rest_route=\/wp\/v2\/pages"}],"about":[{"href":"https:\/\/istressportsbadminton.com\/index.php?rest_route=\/wp\/v2\/types\/page"}],"author":[{"embeddable":true,"href":"https:\/\/istressportsbadminton.com\/index.php?rest_route=\/wp\/v2\/users\/3"}],"replies":[{"embeddable":true,"href":"https:\/\/istressportsbadminton.com\/index.php?rest_route=%2Fwp%2Fv2%2Fcomments&post=2649"}],"version-history":[{"count":5,"href":"https:\/\/istressportsbadminton.com\/index.php?rest_route=\/wp\/v2\/pages\/2649\/revisions"}],"predecessor-version":[{"id":2653,"href":"https:\/\/istressportsbadminton.com\/index.php?rest_route=\/wp\/v2\/pages\/2649\/revisions\/2653"}],"wp:attachment":[{"href":"https:\/\/istressportsbadminton.com\/index.php?rest_route=%2Fwp%2Fv2%2Fmedia&parent=2649"}],"curies":[{"name":"wp","href":"https:\/\/api.w.org\/{rel}","templated":true}]}}