{"id":2681,"date":"2017-04-26T14:57:21","date_gmt":"2017-04-26T13:57:21","guid":{"rendered":"http:\/\/istressportsbadminton.com\/?page_id=2681"},"modified":"2017-04-26T14:57:21","modified_gmt":"2017-04-26T13:57:21","slug":"compte-rendu-j8-3","status":"publish","type":"page","link":"https:\/\/istressportsbadminton.com\/?page_id=2681","title":{"rendered":"Compte Rendu J8"},"content":{"rendered":"<p>Salut tout le monde!<\/p>\n<p>Le lundi 20 mars se jouait la 8e et ant\u00e9p\u00e9nulti\u00e8me journ\u00e9e de la saison r\u00e9guli\u00e8re de D3 avec un d\u00e9placement de l&rsquo;\u00e9quipe 3 d&rsquo;ISB \u00e0 Simiane. Le capitaine <b>Thibaud <\/b>avait convoqu\u00e9 l&rsquo;\u00e9quipe suivante: <b>R\u00e9gine<\/b>, <b>Lucie<\/b>, <b>St\u00e9phane<\/b>, <b>Baptiste<\/b>, <b>Phil<\/b>, <b>Franck <\/b>et lui m\u00eame.<br \/>\n2e avant cette journ\u00e9e derri\u00e8re les intouchables aixois, l&rsquo;enjeu \u00e9tait simple: Gagner pour maintenir l&rsquo;\u00e9cart avec Bouc Bel Air, 3e \u00e0 2 pts d&rsquo;ISB. Simiane, 4e et toujours en course pour les play off ne l&rsquo;entendait pas de cette oreille&#8230;<\/p>\n<p>Victorieuse la veille en R2, <b>R\u00e9gine <\/b>n&rsquo;y arrive d\u00e9cid\u00e9ment pas en D3 avec une nouvelle d\u00e9faite en simple au bout des 3 sets. 1-0 pour les locaux.<\/p>\n<p>Auteur de superbes performances en tournoi depuis le d\u00e9but de la saison, <b>Baptiste <\/b>se voyait enfin r\u00e9compens\u00e9 avec cette premi\u00e8re convocation de la saison en D3. Et le benjamin du groupe ne va pas laisser passer sa chance de prouver \u00e0 son capitaine qu&rsquo;il a eu raison de le s\u00e9lectionner en remportant son simple 3, 21-18 21-15. Bravo!<\/p>\n<p>Dans la foul\u00e9e, <b>Thibaud <\/b>et <b>St\u00e9phane <\/b>remportent sans soucis leur simple respectif pour porter le score \u00e0 3-1 en faveur d&rsquo;ISB.<\/p>\n<p>Sans prendre de repos, <b>Thibaud<\/b>, associ\u00e9 \u00e0 <b>Phil<\/b>, va de nouveau se balader avec une victoire 21-10 21-12 pour assurer la victoire de son \u00e9quipe!<\/p>\n<p><b>Franck <\/b>et <b>Lucie <\/b>vont poursuivre la balade istr\u00e9enne en 2 sets tandis que le double dame compos\u00e9 de <b>R\u00e9gine <\/b>et <b>Lucie <\/b>s&rsquo;incline au terme d&rsquo;un match accroch\u00e9 21-19 au 3e set. Victoire 5-2 pour ISB qui conforte sa 2e place!<\/p>\n<p>Sauf que&#8230;. Quelques jours plus tard la sanction tombe! Align\u00e9es en R2 la veille de la rencontre de D3, <b>R\u00e9gine <\/b>et <b>Lucie <\/b>n&rsquo;aurait pas du jou\u00e9es en D3 ayant disput\u00e9es trop de match \u00e0 l&rsquo;\u00e9chelon sup\u00e9rieur. Cette mauvaise interpr\u00e9tation du r\u00e8glement va donc nous couter cher! +1 \/ -1 pour tous les matchs jou\u00e9s par les filles et la rencontre remport\u00e9e 5-2 se transforme en 3-1 pour Simiane! Malgr\u00e9 l&rsquo;accord de tous les capitaines (merci \u00e0 tous pour leur fair play), la commission d&rsquo;interclubs a tranch\u00e9: R\u00e9gine et Lucie ne peuvent plus jouer en D3 jusqu&rsquo;\u00e0 la fin de la saison!! Une tuile pour l&rsquo;\u00e9quipe mais surtout pour ces deux joueuses qui, victimes du r\u00e8glement, ne pourront pas aider leur \u00e9quipe en play off (si elle se qualifie).<\/p>\n<p>Au classement ce retournement de situation permet \u00e0 Bouc Bel Air de recoller \u00e0 \u00e9galit\u00e9 de point (10) avec ISB \u00e0 la 2e place tandis que Simiane reste 4e avec 8 pts. Je rappelle que les 2 premiers de chaque poule se qualifient pour les 1\/2 finale et que seuls les finalistes acc\u00e8dent \u00e0 la D2.<\/p>\n<p>Prochaine journ\u00e9e des demain soir (mardi 4 avril) \u00e0 Ventabren avant le match ultra d\u00e9cisif contre Bouc Bel Air \u00e0 Istres le 25 avril.<\/p>\n<p>Allez Istres!<br \/>\nAlex<\/p>\n","protected":false},"excerpt":{"rendered":"<p>Salut tout le monde! Le lundi 20 mars se jouait la 8e et ant\u00e9p\u00e9nulti\u00e8me journ\u00e9e de la saison r\u00e9guli\u00e8re de D3 avec un d\u00e9placement de l&rsquo;\u00e9quipe 3 d&rsquo;ISB \u00e0 Simiane. Le capitaine Thibaud avait convoqu\u00e9 l&rsquo;\u00e9quipe suivante: R\u00e9gine, Lucie, St\u00e9phane, Baptiste, Phil, Franck et lui m\u00eame. 2e avant cette journ\u00e9e derri\u00e8re les intouchables aixois, l&rsquo;enjeu &hellip; <a href=\"https:\/\/istressportsbadminton.com\/?page_id=2681\" class=\"more-link\">Continuer la lecture<span class=\"screen-reader-text\"> de &laquo;&nbsp;Compte Rendu J8&nbsp;&raquo;<\/span><\/a><\/p>\n","protected":false},"author":3,"featured_media":0,"parent":0,"menu_order":0,"comment_status":"closed","ping_status":"closed","template":"","meta":{"sfsi_plus_gutenberg_text_before_share":"","sfsi_plus_gutenberg_show_text_before_share":"","sfsi_plus_gutenberg_icon_type":"","sfsi_plus_gutenberg_icon_alignemt":"","sfsi_plus_gutenburg_max_per_row":""},"_links":{"self":[{"href":"https:\/\/istressportsbadminton.com\/index.php?rest_route=\/wp\/v2\/pages\/2681"}],"collection":[{"href":"https:\/\/istressportsbadminton.com\/index.php?rest_route=\/wp\/v2\/pages"}],"about":[{"href":"https:\/\/istressportsbadminton.com\/index.php?rest_route=\/wp\/v2\/types\/page"}],"author":[{"embeddable":true,"href":"https:\/\/istressportsbadminton.com\/index.php?rest_route=\/wp\/v2\/users\/3"}],"replies":[{"embeddable":true,"href":"https:\/\/istressportsbadminton.com\/index.php?rest_route=%2Fwp%2Fv2%2Fcomments&post=2681"}],"version-history":[{"count":1,"href":"https:\/\/istressportsbadminton.com\/index.php?rest_route=\/wp\/v2\/pages\/2681\/revisions"}],"predecessor-version":[{"id":2682,"href":"https:\/\/istressportsbadminton.com\/index.php?rest_route=\/wp\/v2\/pages\/2681\/revisions\/2682"}],"wp:attachment":[{"href":"https:\/\/istressportsbadminton.com\/index.php?rest_route=%2Fwp%2Fv2%2Fmedia&parent=2681"}],"curies":[{"name":"wp","href":"https:\/\/api.w.org\/{rel}","templated":true}]}}