{"id":3670,"date":"2020-01-28T18:08:20","date_gmt":"2020-01-28T16:08:20","guid":{"rendered":"http:\/\/istressportsbadminton.com\/?page_id=3670"},"modified":"2020-03-12T13:05:38","modified_gmt":"2020-03-12T11:05:38","slug":"tournoi-interne-de-simple-istres-sports-badminton","status":"publish","type":"page","link":"https:\/\/istressportsbadminton.com\/?page_id=3670","title":{"rendered":"Tournoi Interne ISB"},"content":{"rendered":"\n<p class=\"has-text-color has-vivid-red-color\"><strong>MaJ des tableaux 12\/03<\/strong><\/p>\n\n\n\n<div class=\"wp-block-file\"><a href=\"http:\/\/istressportsbadminton.com\/wp-content\/uploads\/2020\/03\/Tableau-P-Hommes.pdf\">Tableau P Hommes<\/a><a href=\"http:\/\/istressportsbadminton.com\/wp-content\/uploads\/2020\/03\/Tableau-P-Hommes.pdf\" class=\"wp-block-file__button\" download>T\u00e9l\u00e9charger<\/a><\/div>\n\n\n\n<div class=\"wp-block-file\"><a href=\"http:\/\/istressportsbadminton.com\/wp-content\/uploads\/2020\/03\/Tableau-P-Dames.pdf\">Tableau P Dames<\/a><a href=\"http:\/\/istressportsbadminton.com\/wp-content\/uploads\/2020\/03\/Tableau-P-Dames.pdf\" class=\"wp-block-file__button\" download>T\u00e9l\u00e9charger<\/a><\/div>\n\n\n<p>MaJ 12\/03<\/p>\n\n\n<p>Bonjour chers Istripotes, <\/p>\n\n\n\n<p>Cela ne vous a pas \u00e9chapp\u00e9 et vous avez re\u00e7u les mails le concernant, le club organise son premier tournoi interne de simple. <\/p>\n\n\n\n<p>Le format est un tournoi en \u00e9limination directe qui se joue en progressant dans les niveaux de classement au cours de la saison, des tableaux NC maintenant jusqu&rsquo;aux tableaux N dans quelques mois.<\/p>\n\n\n\n<p>Commencent donc d&rsquo;abord les joueurs class\u00e9s NC, Femmes et Hommes qui se disputent le titre de champion. <\/p>\n\n\n\n<p>Une fois le tableau jou\u00e9, place au tableau des joueurs class\u00e9s P, auquel participent \u00e9galement les 4 demi-finalistes des tableaux NC.<\/p>\n\n\n\n<p>Puis ce sera au tour du tableau D auquel seront ajout\u00e9s les 4 demi-finalistes du tableau P, etc , jusqu&rsquo;aux N.<\/p>\n\n\n\n<p>Les premiers matchs des tableaux NC ont d\u00e9j\u00e0 \u00e9t\u00e9 jou\u00e9s, vous pourrez retrouver sur cette page l&rsquo;avanc\u00e9e des tableaux au fur et a mesure de la remont\u00e9e des r\u00e9sultats.<\/p>\n\n\n\n<p>Nous vous rappelons que les r\u00e9sultats sont a communiquer \u00e0 l&rsquo;organisateur intraclub.isb@gmail.com<\/p>\n\n\n\n<p>Bons matchs \u00e0 tous <\/p>\n","protected":false},"excerpt":{"rendered":"<p>MaJ des tableaux 12\/03 MaJ 12\/03 Bonjour chers Istripotes, Cela ne vous a pas \u00e9chapp\u00e9 et vous avez re\u00e7u les mails le concernant, le club organise son premier tournoi interne de simple. Le format est un tournoi en \u00e9limination directe qui se joue en progressant dans les niveaux de classement au cours de la saison, &hellip; <a href=\"https:\/\/istressportsbadminton.com\/?page_id=3670\" class=\"more-link\">Continuer la lecture<span class=\"screen-reader-text\"> de &laquo;&nbsp;Tournoi Interne ISB&nbsp;&raquo;<\/span><\/a><\/p>\n","protected":false},"author":3,"featured_media":0,"parent":0,"menu_order":0,"comment_status":"closed","ping_status":"closed","template":"","meta":{"sfsi_plus_gutenberg_text_before_share":"","sfsi_plus_gutenberg_show_text_before_share":"","sfsi_plus_gutenberg_icon_type":"","sfsi_plus_gutenberg_icon_alignemt":"","sfsi_plus_gutenburg_max_per_row":""},"_links":{"self":[{"href":"https:\/\/istressportsbadminton.com\/index.php?rest_route=\/wp\/v2\/pages\/3670"}],"collection":[{"href":"https:\/\/istressportsbadminton.com\/index.php?rest_route=\/wp\/v2\/pages"}],"about":[{"href":"https:\/\/istressportsbadminton.com\/index.php?rest_route=\/wp\/v2\/types\/page"}],"author":[{"embeddable":true,"href":"https:\/\/istressportsbadminton.com\/index.php?rest_route=\/wp\/v2\/users\/3"}],"replies":[{"embeddable":true,"href":"https:\/\/istressportsbadminton.com\/index.php?rest_route=%2Fwp%2Fv2%2Fcomments&post=3670"}],"version-history":[{"count":8,"href":"https:\/\/istressportsbadminton.com\/index.php?rest_route=\/wp\/v2\/pages\/3670\/revisions"}],"predecessor-version":[{"id":3693,"href":"https:\/\/istressportsbadminton.com\/index.php?rest_route=\/wp\/v2\/pages\/3670\/revisions\/3693"}],"wp:attachment":[{"href":"https:\/\/istressportsbadminton.com\/index.php?rest_route=%2Fwp%2Fv2%2Fmedia&parent=3670"}],"curies":[{"name":"wp","href":"https:\/\/api.w.org\/{rel}","templated":true}]}}