{"id":37,"date":"2015-07-23T16:15:00","date_gmt":"2015-07-23T16:15:00","guid":{"rendered":"http:\/\/istressportsbadminton.com\/?page_id=37"},"modified":"2016-08-30T14:22:21","modified_gmt":"2016-08-30T13:22:21","slug":"inscription-2014-2015","status":"publish","type":"page","link":"https:\/\/istressportsbadminton.com\/?page_id=37","title":{"rendered":"<strong>Inscriptions 2016-2017<\/strong>"},"content":{"rendered":"<p>C\u2019est la reprise! La nouvelle saison 2016-2017 d\u00e9marre le jeudi 1er septembre. Voici tous les d\u00e9tails pour nous rejoindre et faire partie de la grande famille d\u2019Istres Sports Badminton (ISB) \u00a0&#x1f600;<\/p>\n<p>Pour vous inscrire aupr\u00e9s du club, rien de plus simple. Imprimez et compl\u00e9tez le dossier d&rsquo;inscription disponible dans le lien ci-dessous. Puis une fois <span style=\"text-decoration: underline;\"><strong>complet<\/strong><\/span>, remettez-le\u00a0avec le r\u00e9glement de la cotisation, si possible\u00a0en main propre au gymnase aupr\u00e9s d&rsquo;un membre du bureau.<\/p>\n<p><span style=\"text-decoration: underline;\"><strong><span style=\"color: #33cccc; text-decoration: underline;\"><a style=\"color: #33cccc; text-decoration: underline;\" href=\"http:\/\/istressportsbadminton.com\/wp-content\/uploads\/2015\/07\/ISTRES-SPORTS-BADMINTON-2016-2017-.pdf\" target=\"_blank\">Acc\u00e8s\u00a0au dossier d&rsquo;inscription et de prise en charge FFbad\u00a0(Imprimable)<\/a><\/span><\/strong><\/span><\/p>\n<p><span style=\"color: #000000;\">Les licences ne seront valid\u00e9es que si le dossier <strong><span style=\"text-decoration: underline;\">EST COMPLET<\/span><\/strong>, soit :<\/span><br \/>\n<span style=\"color: #000000;\">&#8211; Ce dossier\u00a0d\u2019inscription comprenant :<\/span><\/p>\n<p style=\"padding-left: 30px;\"><span style=\"color: #000000;\">\u2022 Page 1 \u00ab\u00a0Dossier d&rsquo;inscription\u00a0\u00bb d\u00fbment et lisiblement rempli, y compris <strong>votre adresse email<\/strong>\u00a0<\/span><br \/>\n<span style=\"color: #000000;\">\u2022 Page 3 \u00ab\u00a0Autorisation parentale\u00a0\u00bb (pour les mineurs)\u00a0sign\u00e9e, dat\u00e9e, mention lu et approuv\u00e9<\/span><br \/>\n<span style=\"color: #000000;\">\u2022 Page 4 \u00ab\u00a0Les conditions d\u2019inscription\u00a0\u00bb sign\u00e9es, dat\u00e9es, mention lu et approuv\u00e9<\/span><\/p>\n<p style=\"padding-left: 30px;\"><span style=\"color: #000000;\">\u2022 Page 5\u00a0\u00ab\u00a0Certificat m\u00e9dical de non contre-indication \u00a0\u00bb\u00a0<strong>compl\u00e9t\u00e9 par un m\u00e9decin<\/strong><\/span><\/p>\n<p><span style=\"color: #000000;\">&#8211; Le r\u00e8glement de la cotisation suivant le type de pratique (par carte bancaire, ch\u00e8que ou esp\u00e8ces)<\/span><\/p>\n<p style=\"padding-left: 60px; text-align: left;\"><strong><span style=\"text-decoration: underline;\"><span style=\"color: #000000; text-decoration: underline;\">140\u00a0\u20ac<\/span><\/span><\/strong><br \/>\n<strong><span style=\"color: #000000;\">Adulte comp\u00e9titeur:\u00a0<\/span><\/strong><span style=\"color: #000000;\"> (<a href=\"http:\/\/istressportsbadminton.com\/?page_id=45\">acc\u00e9s aux 3 cr\u00e9neaux \u00ab\u00a0jeu libre\u00a0\u00bb + entrainement encadr\u00e9 \u00ab\u00a0Adultes comp\u00e9titeurs\u00a0\u00bb jeudi 19h30-22h + frais d&rsquo;inscriptions aux comp\u00e9titions pris en charge par le club<\/a>)<\/span><br \/>\n<span style=\"text-decoration: underline;\"><strong><span style=\"color: #000000; text-decoration: underline;\">85\u00a0\u20ac<\/span><\/strong><\/span><br \/>\n<span style=\"color: #000000;\"><strong>Adulte loisir<\/strong><\/span> (<a href=\"http:\/\/istressportsbadminton.com\/?page_id=45\">acc\u00e9s aux 3 cr\u00e9neaux \u00ab\u00a0jeu libre<\/a>\u00a0\u00bb\u00a0<a href=\"http:\/\/istressportsbadminton.com\/?page_id=45\">+ \u00ab\u00a0initiations adulte d\u00e9butant\u00a0\u00bb le mercredi 19h30-20h30 et vendredi 20h-21h<\/a>)<br \/>\n<span style=\"text-decoration: underline;\"><strong><span style=\"color: #000000; text-decoration: underline;\">85\u00a0\u20ac<\/span><\/strong><\/span><br \/>\n<span style=\"color: #000000;\"><strong>Jeune loisir (11-17 ans)<\/strong>\u00a0<strong>\u00ab\u00a0<span style=\"color: #000000;\">1<\/span><\/strong><a href=\"http:\/\/istressportsbadminton.com\/?page_id=45\"><strong><span style=\"color: #000000;\">\u00a0cr\u00e9neau encadr\u00e9\u00a0\u00bb\u00a0<\/span><\/strong>(le mercredi 18h-19h30 <span style=\"text-decoration: underline;\"><strong>OU<\/strong><\/span> le vendredi\u00a018h-20h<\/a>)<\/span><br \/>\n<span style=\"text-decoration: underline;\"><strong><span style=\"color: #000000; text-decoration: underline;\">115 \u20ac<\/span><\/strong><\/span><br \/>\n<span style=\"color: #000000;\"><strong>Jeune loisir (11-17 ans)<\/strong><\/span>\u00a0<strong><span style=\"color: #000000;\">\u00ab\u00a0<\/span><span style=\"color: #000000;\">2<\/span><\/strong><a href=\"http:\/\/istressportsbadminton.com\/?page_id=45\"><strong><span style=\"color: #000000;\">\u00a0cr\u00e9neaux encadr\u00e9s<\/span>\u00ab\u00a0<\/strong> (le mercredi\u00a018h-19h30 <strong><span style=\"text-decoration: underline;\">ET<\/span>\u00a0<\/strong>le vendredi\u00a018h-20h<\/a>)<br \/>\n<span style=\"text-decoration: underline;\"><strong><span style=\"color: #000000; text-decoration: underline;\">85\u00a0\u20ac<\/span><\/strong><\/span><br \/>\n<strong><span style=\"color: #000000;\">Mini-Bad\u00a0<\/span><\/strong><span style=\"color: #000000;\">\u00a0<strong>(5-10 ans)<\/strong>\u00a0<span style=\"color: #808080;\">(<a href=\"http:\/\/istressportsbadminton.com\/?page_id=45\">1 cr\u00e9neau jeudi 18h-19h30<\/a>)<\/span><\/span><\/p>\n<div>Possibilit\u00e9s de r\u00e9duction si plusieurs inscriptions par famille (-10% pour le 2e membre de la famille, &#8211;<br \/>\n20% pour le 3e, etc..) et pour les inscriptions en cours de saison.<\/div>\n<div><\/div>\n<div><span style=\"color: #000000;\"><strong>En outre, un cr\u00e9neau famille est mis \u00e0 disposition des enfants (Jeune loisir et Minibad) ainsi que de leurs parents (<span style=\"text-decoration: underline;\">licenci\u00e9s uniquement<\/span>) le samedi de 10h \u00e0 12h.<\/strong><\/span><\/div>\n<div><span style=\"color: #000000;\">\u00a0<\/span><\/div>\n<div><span style=\"color: #000000;\">L&rsquo;inscription\u00a0comprend pour tous\u00a0:<\/span><span style=\"color: #000000;\">\u00a0<\/span><\/div>\n<div><span style=\"color: #000000;\">&#8211; La licence\/assurance FFBA, les droits de la Ligue PACA, du Comit\u00e9 13 et d\u2019ISB en g\u00e9n\u00e9ral.<\/span><\/div>\n<div><span style=\"color: #000000;\">&#8211; Acc\u00e8s aux diff\u00e9rents cr\u00e9neaux propos\u00e9s selon la cotisation choisie.<\/span><\/div>\n<div><span style=\"color: #000000;\">&#8211; Pr\u00eat de raquettes pour les d\u00e9butants.<\/span><\/div>\n<div><span style=\"color: #000000;\">&#8211; Vente de volants plumes \u00e0 prix pr\u00e9f\u00e9rentiels lors des diff\u00e9rents cr\u00e9neaux (se renseigner aupr\u00e9s d&rsquo;un membre du bureau)<\/span><\/div>\n<div><span style=\"color: #000000;\">&#8211; Possibilit\u00e9 de faire corder sa raquette avec un cordage Yonex-BG65,\u00a0<\/span><span style=\"color: #000000;\">10\u20ac \/ raquette, contacter Franck FERAUD (cocoye1801@hotmail.com)<\/span><\/div>\n<div><span style=\"color: #000000;\">&#8211; r\u00e9ductions sur le site de LARDE SPORTS (sp\u00e9cialiste de la vente en ligne de\u00a0mat\u00e9riels de sport de raquette) <b>\u00a0\u00a0<a href=\"http:\/\/www.lardesports.com\/\" target=\"_blank\">http:\/\/www.lardesports.com\/<\/a><\/b><\/span><\/div>\n<div><span style=\"color: #000000;\">\u00a0<\/span><\/div>\n<p><span style=\"text-decoration: underline;\"><span style=\"color: #000000; text-decoration: underline;\"><strong>IMPORTANT : S\u00c9ANCES D&rsquo;ESSAI<\/strong><\/span><\/span><\/p>\n<p><span style=\"color: #000000;\">Que vous soyez un ancien licenci\u00e9 ou un nouveau, les s\u00e9ances d&rsquo;essai seront <span style=\"text-decoration: underline;\">au maximum de 3.<\/span><\/span><\/p>\n<p><span style=\"color: #000000;\">Pour pouvoir \u00eatre couvert lors de ces s\u00e9ances d&rsquo;essai,\u00a0lorsque vous viendrez au gymnase vous devrez remplir un <a style=\"color: #000000;\" href=\"http:\/\/istressportsbadminton.com\/wp-content\/uploads\/2015\/07\/Fiche-dinscription-Pratiquant-a-lessai.pdf\"><strong>formulaire<\/strong><\/a>\u00a0et nous vous enregistrerons sur un registre .<\/span><\/p>\n<p><span style=\"color: #000000;\">Si vous voulez vous affranchir de cette proc\u00e9dure d&rsquo;essais, il vous suffit alors de prendre directement votre licence.<\/span><\/p>\n<div><span style=\"text-decoration: underline;\"><span style=\"color: #000000; text-decoration: underline;\"><strong>NOUS VOUS DEMANDONS AUSSI DE REMPLIR LISIBLEMENT VOS ADRESSES MAILS<\/strong><\/span><\/span><\/div>\n<p><span style=\"color: #000000;\">Afin que vous puissiez pratiquer le badminton en toute s\u00e9curit\u00e9 et de faciliter le travail des b\u00e9n\u00e9voles, nous vous remercions de bien respecter ces proc\u00e9dures.\u00a0<\/span><\/p>\n<div><span style=\"font-size: 12pt;\"><strong><span style=\"color: #ff0000;\">NOTE IMPORTANTE!! :<\/span><\/strong><\/span><\/div>\n<p><span style=\"color: #000000;\">Le badminton est un sport sollicitant fortement les appuis lat\u00e9raux\u00a0et les changements brutaux de directions, l&rsquo;utilisation notamment de <strong>chaussures de running\u00a0\u00e9tant \u00e0\u00a0proscrire<u> ABSOLUMENT<\/u> de par le danger qu&rsquo;elles repr\u00e9sentent pour les chevilles des badistes!<\/strong><\/span><\/p>\n<p><strong style=\"color: #000000;\">Il est\u00a0<span style=\"text-decoration: underline;\">IMP\u00c9RATIF<\/span> de\u00a0pratiquer le badminton avec des chaussures de sport adapt\u00e9es dites \u00ab\u00a0de sports de salle\u00a0\u00bb, concues pour le Badminton, Squash, Handball, et que vous retrouvez facilement dans les rayons sp\u00e9cialis\u00e9s des magasins de sport.\u00a0<\/strong><span style=\"color: #000000;\">N&rsquo;h\u00e9sitez pas a\u00a0demander conseil aux\u00a0membres du club qui seront ravis de vous renseigner.<\/span><\/p>\n<p>&nbsp;<\/p>\n","protected":false},"excerpt":{"rendered":"<p>C\u2019est la reprise! La nouvelle saison 2016-2017 d\u00e9marre le jeudi 1er septembre. Voici tous les d\u00e9tails pour nous rejoindre et faire partie de la grande famille d\u2019Istres Sports Badminton (ISB) \u00a0&#x1f600; Pour vous inscrire aupr\u00e9s du club, rien de plus simple. Imprimez et compl\u00e9tez le dossier d&rsquo;inscription disponible dans le lien ci-dessous. Puis une fois &hellip; <a href=\"https:\/\/istressportsbadminton.com\/?page_id=37\" class=\"more-link\">Continuer la lecture<span class=\"screen-reader-text\"> de &laquo;&nbsp;<strong>Inscriptions 2016-2017<\/strong>&nbsp;&raquo;<\/span><\/a><\/p>\n","protected":false},"author":3,"featured_media":0,"parent":0,"menu_order":0,"comment_status":"closed","ping_status":"open","template":"","meta":{"sfsi_plus_gutenberg_text_before_share":"","sfsi_plus_gutenberg_show_text_before_share":"","sfsi_plus_gutenberg_icon_type":"","sfsi_plus_gutenberg_icon_alignemt":"","sfsi_plus_gutenburg_max_per_row":""},"_links":{"self":[{"href":"https:\/\/istressportsbadminton.com\/index.php?rest_route=\/wp\/v2\/pages\/37"}],"collection":[{"href":"https:\/\/istressportsbadminton.com\/index.php?rest_route=\/wp\/v2\/pages"}],"about":[{"href":"https:\/\/istressportsbadminton.com\/index.php?rest_route=\/wp\/v2\/types\/page"}],"author":[{"embeddable":true,"href":"https:\/\/istressportsbadminton.com\/index.php?rest_route=\/wp\/v2\/users\/3"}],"replies":[{"embeddable":true,"href":"https:\/\/istressportsbadminton.com\/index.php?rest_route=%2Fwp%2Fv2%2Fcomments&post=37"}],"version-history":[{"count":18,"href":"https:\/\/istressportsbadminton.com\/index.php?rest_route=\/wp\/v2\/pages\/37\/revisions"}],"predecessor-version":[{"id":1720,"href":"https:\/\/istressportsbadminton.com\/index.php?rest_route=\/wp\/v2\/pages\/37\/revisions\/1720"}],"wp:attachment":[{"href":"https:\/\/istressportsbadminton.com\/index.php?rest_route=%2Fwp%2Fv2%2Fmedia&parent=37"}],"curies":[{"name":"wp","href":"https:\/\/api.w.org\/{rel}","templated":true}]}}