{"id":381,"date":"2015-12-15T16:32:22","date_gmt":"2015-12-15T15:32:22","guid":{"rendered":"http:\/\/istressportsbadminton.com\/?page_id=381"},"modified":"2015-12-16T00:38:54","modified_gmt":"2015-12-15T23:38:54","slug":"solibad-a-6-ans","status":"publish","type":"page","link":"https:\/\/istressportsbadminton.com\/?page_id=381","title":{"rendered":"Solibad a 6 ans!"},"content":{"rendered":"<h1>Joyeux\u00a0Anniversaire\u00a0Solibad<\/h1>\n<div class=\"post-meta wrapper alt\"><\/div>\n<div class=\"wrapper\">\n<div class=\"featured-thumbnail\"><img loading=\"lazy\" class=\"attachment-post-thumbnail wp-post-image\" src=\"http:\/\/www.solibad.fr\/wp-content\/uploads\/2015\/12\/HB-Solibad-2015-201x124.jpg\" alt=\"HB Solibad 2015\" width=\"201\" height=\"124\" \/><\/div>\n<div class=\"post-content\">\n<p><strong>COMMUNIQU\u00c9 DE PRESSE<br \/>\nParis, le 10 D\u00e9cembre 2015<\/strong><\/p>\n<p>25 000 \u20ac envoy\u00e9s aux enfants des projets pour le 6e anniversaire de Solibad. Alors que les meilleurs joueurs sont impliqu\u00e9s dans les BWF Destination Duba\u00ef Superseries finale cette semaine \u2013 parmi lesquels certains Ambassadeurs Solibad -, l\u2019organisme de bienfaisance a annonc\u00e9 aujourd\u2019hui que 25 000 \u20ac (30 000 $ US) vont \u00eatre vers\u00e9 dans les prochains jours pour ses programmes afin d\u2019aider les enfants \u00e0 travers le monde et que son conseil d\u2019administration avait accept\u00e9 de prendre deux nouveaux programmes, au Mexique et en Indon\u00e9sie.<\/p>\n<p>Tout l\u2019argent recueilli sur l\u2019ann\u00e9e par le staff et les amis de Solibad (\u00e9v\u00e9nements, ventes aux ench\u00e8res et les dons) ira comme promis aux enfants des programmes et il n\u2019y a pas moins de 25 000 \u20ac qui sera envoy\u00e9 dans les prochains jours en Ouganda, au Br\u00e9sil, en Iran, en Malaisie, en Colombie et en Inde.<br \/>\n\u00ab\u00a0Comme nous l\u2019avons toujours dit \u00e0 nos donateurs, 100% de l\u2019argent que nous avons re\u00e7u va \u00e0 nos projets. Nous avons d\u00e9j\u00e0 d\u00e9pens\u00e9 de l\u2019argent pour nos programmes au d\u00e9but de l\u2019ann\u00e9e et nous sommes heureux de pouvoir en envoyer autant pour cl\u00f4turer l\u2019ann\u00e9e car nous savons que certains programmes ont vraiment besoin de cet argent \u00ab\u00a0, a d\u00e9clar\u00e9 le pr\u00e9sident de Solibad et fondateur Raphael Sachetat.<\/p>\n<p>Une fa\u00e7on id\u00e9ale de c\u00e9l\u00e9brer 6\u00e8me anniversaire de la fondation le 10 D\u00e9cembre, avec de plus en plus de clubs dans le monde entier, est de se joindre \u00e0 notre cause en signant la Charte Solibad \u2013 un document qui est un engagement pour le club en accord avec les valeurs sportives et humanitaires de SOLIBAD ainsi que d\u2019une volont\u00e9 de promouvoir les projets de l\u2019organisme caritatif.<\/p>\n<p><strong>Deux nouveaux programmes<\/strong><br \/>\nLe conseil d\u2019Solibad a r\u00e9cemment d\u00e9cid\u00e9 d\u2019aider deux nouveaux programmes qui sont fortement li\u00e9s au badminton.<br \/>\nLe premier \u00ab\u00a0Bintang Solibad\u00a0\u00bb est en Indon\u00e9sie et cherche \u00e0 aider les enfants vivant dans un d\u00e9potoir g\u00e9ant dans la banlieue de Jakarta afin d\u2019avoir une occasion de quitter leur environnement quotidien et oser r\u00eaver d\u2019un avenir meilleur \u2013 comme trouver un autre emploi \u2013 par le biais badminton.<br \/>\nPratiquement, le programme finance une formation de badminton forte pour les enfants qui font actuellement du recyclage des ordures avant et apr\u00e8s l\u2019\u00e9cole \u2013 parfois<br \/>\nau lieu d\u2019aller \u00e0 l\u2019\u00e9cole. L\u2019objectif est de leur fournir un niveau de jeu qui pourrait plus tard leur permettre de devenir des entra\u00eeneurs de badminton \u2013 pour les meilleurs \u2013 Les joueurs de badminton dans les \u00e9quipes d\u2019entreprise en Indon\u00e9sie. Le projet intitul\u00e9 \u00abSolibad Bintang Kali\u00a0\u00bb (qui signifie \u00ab\u00a0SOLIBAD \u00e9toiles\u00a0\u00bb en indon\u00e9sien) Ce programmes concerne actuellement un total de 28 enfants \u00e0 Jakarta et Yojakarta.<\/p>\n<p>Le deuxi\u00e8me nouveau programme qui sera lanc\u00e9 en 2016 aidera les enfants au Mexique qui vivent dans des conditions tr\u00e8s pauvres, pour leur permettre d\u2019avoir une activit\u00e9 sociale gr\u00e2ce au badminton.<\/p>\n<p>Les ambassadeurs pr\u00e9sents \u00e0 Duba\u00ef et les autres ont jou\u00e9 un grand r\u00f4le dans la collecte de l\u2019argent pour Solibad cette ann\u00e9e encore, montrant un grand soutien en donnant des t-shirts, des raquettes ou en faisant de la simple promotion de notre travail. Parmi nos ambassadeurs \u00e0 Duba\u00ef, certains seront sur le terrain jeudi: Tai Tzu Ying (TPE),Carolina Marin (ESP), Lee Yong Dae (KOR), Jan Jorgensen (DEN), Viktor Axelsen (DEN), Selena Piek (NED), Greysia Polli (IND), Chris Adcock et Gabby (Royaume-Uni). Peter Gade, notre ambassadeur sp\u00e9cial est aussi \u00e0 Duba\u00ef. Certains d\u2019entre eux ainsi que nos autres ambassadeurs parleront \u00e0 leurs fans de notre notre travail aujourd\u2019hui.<\/p>\n<p><strong>Pour c\u00e9l\u00e9brer nos 6\u00e8me anniversaire, amis et sympathisants de Solibad sont invit\u00e9s \u00e0 faire un don en ligne (simple et s\u00e9curis\u00e9) pour aider nos programmes pour l\u2019ann\u00e9e \u00e0 venir. S\u2019ils ne peuvent pas, ils sont les bienvenus pour partager cette image sur leurs r\u00e9seaux sociaux pour cr\u00e9er la sensibilisation.<br \/>\n<\/strong><\/p>\n<p>Site Web (pour les dons) \u2013 cliquez sur le bouton \u00ab\u00a0donation):<br \/>\n<a href=\"http:\/\/www.solibad.fr\/\" target=\"_blank\">www.solibad.net<\/a><br \/>\nContacts M\u00e9dias \/ Solibad<br \/>\nRaphael Sachetat (pr\u00e9sident Solibad): 33660682504<br \/>\nraphael@solibad.net<br \/>\nCoordinateur de projets:<br \/>\nColette Bacherius (secr\u00e9taire d\u2019Solibad) Tel: 32479509664<br \/>\nMail: cristina@solibad.net<br \/>\nNote \u00e0 la r\u00e9daction:<br \/>\nImages \/ Logos \/ affiches peuvent \u00eatre utilis\u00e9s libres de droits<\/p>\n<p><a href=\"http:\/\/www.strikingly.com\/solibadbox\" target=\"_blank\">http:\/\/www.strikingly.com\/solibadbox<\/a><\/p>\n<\/div>\n<\/div>\n<p>&nbsp;<\/p>\n","protected":false},"excerpt":{"rendered":"<p>Joyeux\u00a0Anniversaire\u00a0Solibad COMMUNIQU\u00c9 DE PRESSE Paris, le 10 D\u00e9cembre 2015 25 000 \u20ac envoy\u00e9s aux enfants des projets pour le 6e anniversaire de Solibad. Alors que les meilleurs joueurs sont impliqu\u00e9s dans les BWF Destination Duba\u00ef Superseries finale cette semaine \u2013 parmi lesquels certains Ambassadeurs Solibad -, l\u2019organisme de bienfaisance a annonc\u00e9 aujourd\u2019hui que 25 000 &hellip; <a href=\"https:\/\/istressportsbadminton.com\/?page_id=381\" class=\"more-link\">Continuer la lecture<span class=\"screen-reader-text\"> de &laquo;&nbsp;Solibad a 6 ans!&nbsp;&raquo;<\/span><\/a><\/p>\n","protected":false},"author":3,"featured_media":0,"parent":0,"menu_order":0,"comment_status":"closed","ping_status":"closed","template":"","meta":{"sfsi_plus_gutenberg_text_before_share":"","sfsi_plus_gutenberg_show_text_before_share":"","sfsi_plus_gutenberg_icon_type":"","sfsi_plus_gutenberg_icon_alignemt":"","sfsi_plus_gutenburg_max_per_row":""},"_links":{"self":[{"href":"https:\/\/istressportsbadminton.com\/index.php?rest_route=\/wp\/v2\/pages\/381"}],"collection":[{"href":"https:\/\/istressportsbadminton.com\/index.php?rest_route=\/wp\/v2\/pages"}],"about":[{"href":"https:\/\/istressportsbadminton.com\/index.php?rest_route=\/wp\/v2\/types\/page"}],"author":[{"embeddable":true,"href":"https:\/\/istressportsbadminton.com\/index.php?rest_route=\/wp\/v2\/users\/3"}],"replies":[{"embeddable":true,"href":"https:\/\/istressportsbadminton.com\/index.php?rest_route=%2Fwp%2Fv2%2Fcomments&post=381"}],"version-history":[{"count":5,"href":"https:\/\/istressportsbadminton.com\/index.php?rest_route=\/wp\/v2\/pages\/381\/revisions"}],"predecessor-version":[{"id":406,"href":"https:\/\/istressportsbadminton.com\/index.php?rest_route=\/wp\/v2\/pages\/381\/revisions\/406"}],"wp:attachment":[{"href":"https:\/\/istressportsbadminton.com\/index.php?rest_route=%2Fwp%2Fv2%2Fmedia&parent=381"}],"curies":[{"name":"wp","href":"https:\/\/api.w.org\/{rel}","templated":true}]}}