{"id":4145,"date":"2022-05-02T13:45:54","date_gmt":"2022-05-02T11:45:54","guid":{"rendered":"http:\/\/istressportsbadminton.com\/?page_id=4145"},"modified":"2022-05-02T13:45:55","modified_gmt":"2022-05-02T11:45:55","slug":"mode-demploi-inscription","status":"publish","type":"page","link":"https:\/\/istressportsbadminton.com\/?page_id=4145","title":{"rendered":"Mode D&#8217;emploi Inscription"},"content":{"rendered":"\n<p class=\"has-text-color has-background has-medium-font-size\" style=\"background-color:#0dcca0;color:#ffffff\"><strong>Inscriptions en ligne. Mode d&#8217;emploi:<\/strong><\/p>\n\n\n\n<p> <em>3 cas possibles selon votre situation: <\/em> <br><\/p>\n\n\n\n<p><strong>-Si vous \u00e9tiez licenci\u00e9s \u00e0 Istres Sports Badminton en 2020\/2021 : <\/strong> <br>&gt;Cliquez <a rel=\"noreferrer noopener\" href=\"http:\/\/istressportsbadminton.com\/?page_id=3844\" target=\"_blank\">ICI\ufeff<\/a> <\/p>\n\n\n\n<p><strong>-Vous n&rsquo;\u00e9tiez pas Licenci\u00e9 \u00e0 ISB mais poss\u00e9dez un compte MyFFBad:<\/strong> <br>-&gt;Cliquez <a rel=\"noreferrer noopener\" href=\"http:\/\/istressportsbadminton.com\/?page_id=3862\" target=\"_blank\">ICI<\/a>  <\/p>\n\n\n\n<p><strong>-Vous n&rsquo;avez jamais \u00e9t\u00e9 licenci\u00e9 dans un club f\u00e9d\u00e9r\u00e9 de Badminton, ou licenci\u00e9 dans le pass\u00e9 sans compte MyFFBad:<\/strong> <br>-&gt;Cliquez <a rel=\"noreferrer noopener\" href=\"http:\/\/istressportsbadminton.com\/?page_id=3904\" target=\"_blank\">ICI<\/a> <\/p>\n","protected":false},"excerpt":{"rendered":"<p>Inscriptions en ligne. Mode d&#8217;emploi: 3 cas possibles selon votre situation: -Si vous \u00e9tiez licenci\u00e9s \u00e0 Istres Sports Badminton en 2020\/2021 : &gt;Cliquez ICI\ufeff -Vous n&rsquo;\u00e9tiez pas Licenci\u00e9 \u00e0 ISB mais poss\u00e9dez un compte MyFFBad: -&gt;Cliquez ICI -Vous n&rsquo;avez jamais \u00e9t\u00e9 licenci\u00e9 dans un club f\u00e9d\u00e9r\u00e9 de Badminton, ou licenci\u00e9 dans le pass\u00e9 sans compte &hellip; <a href=\"https:\/\/istressportsbadminton.com\/?page_id=4145\" class=\"more-link\">Continuer la lecture<span class=\"screen-reader-text\"> de &laquo;&nbsp;Mode D&#8217;emploi Inscription&nbsp;&raquo;<\/span><\/a><\/p>\n","protected":false},"author":3,"featured_media":0,"parent":0,"menu_order":0,"comment_status":"closed","ping_status":"closed","template":"","meta":{"sfsi_plus_gutenberg_text_before_share":"","sfsi_plus_gutenberg_show_text_before_share":"","sfsi_plus_gutenberg_icon_type":"","sfsi_plus_gutenberg_icon_alignemt":"","sfsi_plus_gutenburg_max_per_row":""},"_links":{"self":[{"href":"https:\/\/istressportsbadminton.com\/index.php?rest_route=\/wp\/v2\/pages\/4145"}],"collection":[{"href":"https:\/\/istressportsbadminton.com\/index.php?rest_route=\/wp\/v2\/pages"}],"about":[{"href":"https:\/\/istressportsbadminton.com\/index.php?rest_route=\/wp\/v2\/types\/page"}],"author":[{"embeddable":true,"href":"https:\/\/istressportsbadminton.com\/index.php?rest_route=\/wp\/v2\/users\/3"}],"replies":[{"embeddable":true,"href":"https:\/\/istressportsbadminton.com\/index.php?rest_route=%2Fwp%2Fv2%2Fcomments&post=4145"}],"version-history":[{"count":1,"href":"https:\/\/istressportsbadminton.com\/index.php?rest_route=\/wp\/v2\/pages\/4145\/revisions"}],"predecessor-version":[{"id":4147,"href":"https:\/\/istressportsbadminton.com\/index.php?rest_route=\/wp\/v2\/pages\/4145\/revisions\/4147"}],"wp:attachment":[{"href":"https:\/\/istressportsbadminton.com\/index.php?rest_route=%2Fwp%2Fv2%2Fmedia&parent=4145"}],"curies":[{"name":"wp","href":"https:\/\/api.w.org\/{rel}","templated":true}]}}