{"id":4321,"date":"2022-11-30T16:08:24","date_gmt":"2022-11-30T14:08:24","guid":{"rendered":"http:\/\/istressportsbadminton.com\/?page_id=4321"},"modified":"2023-05-24T18:36:33","modified_gmt":"2023-05-24T16:36:33","slug":"boutique-balotti","status":"publish","type":"page","link":"https:\/\/istressportsbadminton.com\/?page_id=4321","title":{"rendered":"<p><span style=\"color: #993366;\"><strong>Boutique Balotti<\/strong><\/span><\/p>"},"content":{"rendered":"\n\n\n<p class=\"has-text-align-left\">Envie de briller sur les terrain aux couleurs d&rsquo;ISB?&nbsp;<\/p>\n\n\n\n<p class=\"has-text-align-left\">Rendez-vous sur la boutique de notre \u00e9quipementier Balotti pour y retrouver maillots, shorts, surv\u00eatements, sweat, sac \u00e0 dos, gourde, etc, le tout avec les flocages du club.<\/p>\n\n\n\n<p>Livraison \u00e0 domicile ou retrait sur place \u00e0 Eygui\u00e8res&nbsp; chez Balotti (Balotti, ZA LES PALUDS, Eygui\u00e8res 13430)<\/p>\n\n\n\n<p class=\"has-text-align-center has-white-color has-dark-gray-background-color has-text-color has-background\" style=\"font-size:18px\">&#8211;> <strong><a rel=\"noreferrer noopener\" href=\"https:\/\/isb.balotti.eu\/shop\" target=\"_blank\"><span style=\"background-color:#1a1a1a\" class=\"tadv-background-color\"><span style=\"color:#fff\" class=\"tadv-color\">BOUTIQUE Istres Sports Badminton<\/span><\/span><\/a><\/strong><\/p>\n\n\n<div class=\"wp-block-image\">\n<figure class=\"aligncenter size-medium\"><img loading=\"lazy\" width=\"300\" height=\"84\" src=\"http:\/\/istressportsbadminton.com\/wp-content\/uploads\/2022\/11\/Balotti-logo-noir-300x84.png\" alt=\"\" class=\"wp-image-4322\" srcset=\"https:\/\/istressportsbadminton.com\/wp-content\/uploads\/2022\/11\/Balotti-logo-noir-300x84.png 300w, https:\/\/istressportsbadminton.com\/wp-content\/uploads\/2022\/11\/Balotti-logo-noir-1024x287.png 1024w, https:\/\/istressportsbadminton.com\/wp-content\/uploads\/2022\/11\/Balotti-logo-noir-150x42.png 150w, https:\/\/istressportsbadminton.com\/wp-content\/uploads\/2022\/11\/Balotti-logo-noir-1536x431.png 1536w, https:\/\/istressportsbadminton.com\/wp-content\/uploads\/2022\/11\/Balotti-logo-noir-1200x337.png 1200w, https:\/\/istressportsbadminton.com\/wp-content\/uploads\/2022\/11\/Balotti-logo-noir.png 1679w\" sizes=\"(max-width: 300px) 85vw, 300px\" \/><\/figure><\/div>\n\n\n<p>Pour toute question ou probl\u00e8me, n&rsquo;h\u00e9sitez pas \u00e0 vous rapprocher d&rsquo;un membre du club, ou bien contacter isb13800@gmail.com<\/p>\n","protected":false},"excerpt":{"rendered":"<p>Envie de briller sur les terrain aux couleurs d&rsquo;ISB?&nbsp; Rendez-vous sur la boutique de notre \u00e9quipementier Balotti pour y retrouver maillots, shorts, surv\u00eatements, sweat, sac \u00e0 dos, gourde, etc, le tout avec les flocages du club. Livraison \u00e0 domicile ou retrait sur place \u00e0 Eygui\u00e8res&nbsp; chez Balotti (Balotti, ZA LES PALUDS, Eygui\u00e8res 13430) &#8211;> BOUTIQUE &hellip; <a href=\"https:\/\/istressportsbadminton.com\/?page_id=4321\" class=\"more-link\">Continuer la lecture<span class=\"screen-reader-text\"> de &laquo;&nbsp;<\/p>\n<p><span style=\"color: #993366;\"><strong>Boutique Balotti<\/strong><\/span><\/p>\n<p>&nbsp;&raquo;<\/span><\/a><\/p>\n","protected":false},"author":3,"featured_media":0,"parent":0,"menu_order":0,"comment_status":"closed","ping_status":"closed","template":"","meta":{"sfsi_plus_gutenberg_text_before_share":"","sfsi_plus_gutenberg_show_text_before_share":"","sfsi_plus_gutenberg_icon_type":"","sfsi_plus_gutenberg_icon_alignemt":"","sfsi_plus_gutenburg_max_per_row":""},"_links":{"self":[{"href":"https:\/\/istressportsbadminton.com\/index.php?rest_route=\/wp\/v2\/pages\/4321"}],"collection":[{"href":"https:\/\/istressportsbadminton.com\/index.php?rest_route=\/wp\/v2\/pages"}],"about":[{"href":"https:\/\/istressportsbadminton.com\/index.php?rest_route=\/wp\/v2\/types\/page"}],"author":[{"embeddable":true,"href":"https:\/\/istressportsbadminton.com\/index.php?rest_route=\/wp\/v2\/users\/3"}],"replies":[{"embeddable":true,"href":"https:\/\/istressportsbadminton.com\/index.php?rest_route=%2Fwp%2Fv2%2Fcomments&post=4321"}],"version-history":[{"count":9,"href":"https:\/\/istressportsbadminton.com\/index.php?rest_route=\/wp\/v2\/pages\/4321\/revisions"}],"predecessor-version":[{"id":4400,"href":"https:\/\/istressportsbadminton.com\/index.php?rest_route=\/wp\/v2\/pages\/4321\/revisions\/4400"}],"wp:attachment":[{"href":"https:\/\/istressportsbadminton.com\/index.php?rest_route=%2Fwp%2Fv2%2Fmedia&parent=4321"}],"curies":[{"name":"wp","href":"https:\/\/api.w.org\/{rel}","templated":true}]}}