{"id":4475,"date":"2023-09-14T12:09:36","date_gmt":"2023-09-14T10:09:36","guid":{"rendered":"http:\/\/istressportsbadminton.com\/?page_id=4475"},"modified":"2025-09-04T13:43:13","modified_gmt":"2025-09-04T11:43:13","slug":"4475-2","status":"publish","type":"page","link":"https:\/\/istressportsbadminton.com\/?page_id=4475","title":{"rendered":"S&rsquo;INSCRIRE AU CLUB"},"content":{"rendered":"\n<p>Les cr\u00e9neaux de cette saison sont \u00e0 retrouver sur cette page:<br \/><span style=\"color: #0000ff;\"><a style=\"color: #0000ff;\" href=\"http:\/\/istressportsbadminton.com\/?page_id=3402\" target=\"_blank\" rel=\"noreferrer noopener\"><strong>Cr\u00e9neaux ADULTES ISB 2025\/2026<\/strong><\/a><\/span><\/p>\n<p><a href=\"http:\/\/istressportsbadminton.com\/?page_id=4867\" target=\"_blank\" rel=\"noopener\">Cr\u00e9neaux JEUNES ISB 2025\/2026<\/a><\/p>\n<p><br \/>et les diff\u00e9rents tarifs et types de licences:<br \/><span style=\"color: #0000ff;\"><a style=\"color: #0000ff;\" href=\"http:\/\/istressportsbadminton.com\/?page_id=4860\" target=\"_blank\" rel=\"noreferrer noopener\"><strong>Licences ADULTES ISB 2025\/2026<\/strong><\/a><\/span><\/p>\n<p><a href=\"http:\/\/istressportsbadminton.com\/?page_id=4864\" target=\"_blank\" rel=\"noopener\">Licences JEUNES ISB 2025\/2026<\/a><\/p>\n<p>Et avant toute inscription, si vous \u00eates un adulte d\u00e9butant ou un jeune, plus d&rsquo;infos sur ces pages\u00a0 \u00a0 \u00a0-&gt;<span style=\"color: #0000ff;\"> <a style=\"color: #0000ff;\" href=\"http:\/\/istressportsbadminton.com\/?p=3510\">Info D\u00e9couverte Adulte<\/a>\u00a0 \u00a0<\/span> \u00a0 \u00a0 \u00a0 <span style=\"font-size: revert;\">-&gt; <\/span><span style=\"color: #0000ff;\"><a style=\"font-size: revert; color: #0000ff;\" href=\"http:\/\/istressportsbadminton.com\/?page_id=3747\">Infos Jeunes<\/a><\/span><\/p>\n<h2>MODALITE D&rsquo;INSCRIPTIONS 2025-2026 :<\/h2>\n<p><strong>Pour les licenci\u00e9s FFBad en 2024\/2025<\/strong>: acc\u00e9dez au formulaire d&rsquo;inscription directement \u00e0 partir de votre compte MyFFBad, en cherchant le club d&rsquo;Istres Sports Badminton (ISB-13):<span style=\"color: #0000ff;\"> <a style=\"color: #0000ff;\" href=\"https:\/\/myffbad.fr\">https:\/\/myffbad.fr<\/a><\/span><\/p>\n<p>Pour les <strong>n\u00e9o-licenci\u00e9s ou sans compte MyFFBad<\/strong>:<\/p>\n<p>1 \u2013 acc\u00e9der au formulaire le lien suivant <span style=\"color: #0000ff;\"><a style=\"color: #0000ff;\" href=\"https:\/\/myffbad.fr\/club\/616\">https:\/\/myffbad.fr\/club\/616<\/a><\/span><\/p>\n<p>2- vous compl\u00e9tez vos donn\u00e9es personnelles, ainsi qu&rsquo;un contact d&rsquo;urgence\u00a0<\/p>\n<p>3 \u2013 vous r\u00e9pondez au Questionnaire de Sant\u00e9 (si une de vos r\u00e9ponses est positive, vous devrez fournir ce <a href=\"http:\/\/www.aucbadminton.fr\/wp-content\/uploads\/2024\/08\/Certificat-medical-24-25.pdf\">certificat m\u00e9dical )<\/a><\/p>\n<p>4- Choisissez la licence qui vous convient, et appliquez vos \u00e9ventuelles r\u00e9ductions :<\/p>\n<ul>\n<li style=\"list-style-type: none;\">\n<ul>\n<li style=\"list-style-type: none;\">\n<ul>\n<li>pour les jeunes (carte CJeune, Pass&rsquo;Sport, ch\u00e8ques Pass&rsquo;Sport Loisirs culture CAF13)<\/li>\n<li>pour tous:\u00a0 r\u00e9duction famille (-10% sur le 2\u00e8me membre, -20% sur le 3\u00e8me, etc)\u00a0<\/li>\n<\/ul>\n<\/li>\n<\/ul>\n<\/li>\n<\/ul>\n<p><span style=\"background-color: #ff6600;\"><strong>Les ch\u00e8ques vacances ANCV sont accept\u00e9s pour les inscriptions\u00a0<\/strong><\/span><\/p>\n<p>Pour les mineurs, valider l&rsquo;Autorisation Parentale.<\/p>\n<p>5- Choisissez votre m\u00e9thode de r\u00e8glement :<\/p>\n<ul>\n<li style=\"list-style-type: none;\">\n<ul>\n<li style=\"list-style-type: none;\">\n<ul>\n<li><strong>Carte Bancaire<\/strong> (en 1,2 ou 3x) directement en ligne<\/li>\n<li><strong>Virement Bancaire<\/strong><\/li>\n<li><strong style=\"font-size: revert;\">Autre:<\/strong><span style=\"font-size: revert;\"> pour un r\u00e8glement au gymnase en Ch\u00e8que(s), Carte Bancaire, Esp\u00e8ce ou Ch\u00e8ques Vacances (bien cocher la case ch\u00e8ques vacances dans les options apr\u00e8s le choix de la licence )<\/span><\/li>\n<\/ul>\n<\/li>\n<\/ul>\n<\/li>\n<\/ul>\n<h1><strong>L&rsquo;adh\u00e9sion comprend :<\/strong><\/h1>\n<ul>\n<li style=\"list-style-type: none;\">\n<ul>\n<li>La <strong>Licence F\u00e9d\u00e9rale<\/strong> aupr\u00e8s de la FFBad<\/li>\n<li><strong>L&rsquo;acc\u00e8s aux cr\u00e9neaux et\/ou cours encadr\u00e9s<\/strong> selon vos licences<\/li>\n<li>Pour tous:\n<ul style=\"list-style-type: circle;\">\n<li>acc\u00e8s aux <strong>cr\u00e9neaux famille du samedi 10h\/12h<\/strong>\u00a0<strong><span style=\"color: #ffcc00;\"> (Cr\u00e9neaux non encadr\u00e9s -&gt;jeunes sous la responsabilit\u00e9 d&rsquo;un adulte responsable)<\/span>\u00a0<\/strong><\/li>\n<li>acc\u00e8s aux <strong>cr\u00e9neaux des vacances scolaires<\/strong> (g\u00e9n\u00e9ralement 4 cr\u00e9neaux hebdomadaire, annonc\u00e9s quelques temps avant chaque vacances) <span style=\"color: #ffcc00;\"><strong>(Cr\u00e9neaux non encadr\u00e9s -&gt;jeunes sous la responsabilit\u00e9 d&rsquo;un adulte responsable)\u00a0<\/strong><\/span><\/li>\n<\/ul>\n<\/li>\n<li>Tarifs pr\u00e9f\u00e9rentiels sur les <strong>volants et cordages<\/strong> (Se renseigner aupr\u00e8s d&rsquo;un membre du club)<\/li>\n<li>C<strong>ouverture en cas d\u2019accident<\/strong> ; pour en savoir plus sur les conditions d\u2019assurance de la licence f\u00e9d\u00e9rale, c\u2019est\u00a0<a href=\"https:\/\/www.ffbad.org\/la-ffbad\/l-assurance\/\" target=\"_blank\" rel=\"noreferrer noopener\">ICI<\/a>.<\/li>\n<li>Pouvoir s&rsquo;inscrire en <strong>tournois<\/strong>, et participer \u00e0 une <strong>\u00e9quipe d&rsquo;Interclubs<\/strong> (selon disponibilit\u00e9 et niveau sportif, se renseigner aupr\u00e8s d&rsquo;un membre du club)<\/li>\n<li><strong>Tarifs pr\u00e9f\u00e9rentiels<\/strong> sur les <strong>produits floqu\u00e9s du club<\/strong> (maillots, surv\u00eatements, etc) sur la <span style=\"color: #0000ff;\"><a style=\"color: #0000ff;\" href=\"https:\/\/istressportsbadminton.com\/?page_id=4321\" target=\"_blank\" rel=\"noopener\"><strong>Boutique<\/strong> (cliquez ici)<\/a><\/span> ainsi que sur du <strong>mat\u00e9riel<\/strong> (raquettes, textiles, etc) chez notre partenaire <strong><a href=\"https:\/\/www.badventure.fr\/\">Badventure<\/a><\/strong> (pour les istr\u00e9ens, r\u00e9duction de 10% sur les Prix Public Conseill\u00e9s (PPC) de tous les articles, y compris hors badminton (hors volants et cordages) et de 20% sur les PPC sur les marque FORZA et VICTOR (hors volants))<\/li>\n<\/ul>\n<\/li>\n<\/ul>\n<h3 class=\"wp-block-heading\">INFORMATIONS<\/h3>\n<p>Le club met des raquettes de pr\u00eat \u00e0 la disposition des joueurs pour les essais.\u00a0 Vous pourrez les trouver dans un sac de sport g\u00e9n\u00e9ralement pos\u00e9 pr\u00e8s de la malle du mat\u00e9riel. Si vous ne les trouvez pas, n\u2019h\u00e9sitez pas \u00e0 demander !<\/p>\n<p>Les volants sont \u00e0 la charge des joueurs, sauf dans le cadre des entra\u00eenements organis\u00e9s.<\/p>\n<p>Des vendeurs de volants sont r\u00e9guli\u00e8rement pr\u00e9sents, ainsi que la possibilit\u00e9 de faire recorder vos raquettes \u00e0 prix r\u00e9duit. Si vous ne les trouvez pas, n\u2019h\u00e9sitez pas \u00e0 demander !<\/p>\n<p>\u00a0<\/p>\n<p>\u00a0<\/p>\n","protected":false},"excerpt":{"rendered":"<p>Les cr\u00e9neaux de cette saison sont \u00e0 retrouver sur cette page:Cr\u00e9neaux ADULTES ISB 2025\/2026 Cr\u00e9neaux JEUNES ISB 2025\/2026 et les diff\u00e9rents tarifs et types de licences:Licences ADULTES ISB 2025\/2026 Licences JEUNES ISB 2025\/2026 Et avant toute inscription, si vous \u00eates un adulte d\u00e9butant ou un jeune, plus d&rsquo;infos sur ces pages\u00a0 \u00a0 \u00a0-&gt; Info D\u00e9couverte &hellip; <a href=\"https:\/\/istressportsbadminton.com\/?page_id=4475\" class=\"more-link\">Continuer la lecture<span class=\"screen-reader-text\"> de &laquo;&nbsp;S&rsquo;INSCRIRE AU CLUB&nbsp;&raquo;<\/span><\/a><\/p>\n","protected":false},"author":3,"featured_media":0,"parent":0,"menu_order":0,"comment_status":"closed","ping_status":"closed","template":"","meta":{"sfsi_plus_gutenberg_text_before_share":"","sfsi_plus_gutenberg_show_text_before_share":"","sfsi_plus_gutenberg_icon_type":"","sfsi_plus_gutenberg_icon_alignemt":"","sfsi_plus_gutenburg_max_per_row":""},"_links":{"self":[{"href":"https:\/\/istressportsbadminton.com\/index.php?rest_route=\/wp\/v2\/pages\/4475"}],"collection":[{"href":"https:\/\/istressportsbadminton.com\/index.php?rest_route=\/wp\/v2\/pages"}],"about":[{"href":"https:\/\/istressportsbadminton.com\/index.php?rest_route=\/wp\/v2\/types\/page"}],"author":[{"embeddable":true,"href":"https:\/\/istressportsbadminton.com\/index.php?rest_route=\/wp\/v2\/users\/3"}],"replies":[{"embeddable":true,"href":"https:\/\/istressportsbadminton.com\/index.php?rest_route=%2Fwp%2Fv2%2Fcomments&post=4475"}],"version-history":[{"count":25,"href":"https:\/\/istressportsbadminton.com\/index.php?rest_route=\/wp\/v2\/pages\/4475\/revisions"}],"predecessor-version":[{"id":4899,"href":"https:\/\/istressportsbadminton.com\/index.php?rest_route=\/wp\/v2\/pages\/4475\/revisions\/4899"}],"wp:attachment":[{"href":"https:\/\/istressportsbadminton.com\/index.php?rest_route=%2Fwp%2Fv2%2Fmedia&parent=4475"}],"curies":[{"name":"wp","href":"https:\/\/api.w.org\/{rel}","templated":true}]}}