{"id":4600,"date":"2024-09-05T19:20:14","date_gmt":"2024-09-05T17:20:14","guid":{"rendered":"https:\/\/istressportsbadminton.com\/?page_id=4600"},"modified":"2024-09-05T19:20:14","modified_gmt":"2024-09-05T17:20:14","slug":"carte-epass-jeunes-20-00e","status":"publish","type":"page","link":"https:\/\/istressportsbadminton.com\/?page_id=4600","title":{"rendered":"Carte E&rsquo;Pass Jeunes\u00a0(-20.00\u20ac)"},"content":{"rendered":"\n\n\n<p><strong style=\"font-size: revert;\">La Carte E&rsquo;Pass Jeunes, c&rsquo;est quoi?\u00a0<\/strong><\/p>\n<div class=\"description\">\n<p><strong>R<\/strong><strong>\u00e9duction jusqu&rsquo;\u00e0 20\u20ac<\/strong>\u00a0pour les jeunes de\u00a015-25 ans,\u00a0d\u00e9tenteurs de la\u00a0<strong>carte E&rsquo;Pass Jeunes, propos\u00e9e par le conseil r\u00e9gional SUD PACA.\u00a0<\/strong>Plus de renseignements sur ce lien: https:\/\/www.maregionsud.fr\/toutes-vos-aides\/detail\/e-pass-jeunes<\/p>\n<p><strong>E-PASS JEUNES pour qui ?<\/strong><\/p>\n<p>Pour les jeunes \u00e2g\u00e9s de 15 \u00e0 25 ans scolaris\u00e9s en R\u00e9gion Provence-Alpes-C\u00f4te d\u2019Azur, qu\u2019ils soient:<\/p>\n<ul>\n<li>lyc\u00e9ens<\/li>\n<li>en BTS ou en classe pr\u00e9paratoire aux grandes \u00e9coles dans un lyc\u00e9e<\/li>\n<li>apprentis ou stagiaires de la formation professionnelle,<\/li>\n<li>stagiaires \u00e0 l\u2019Ecole de la 2e Chance<\/li>\n<li>\u00e9l\u00e8ves ou \u00e9tudiants du sanitaire et du social (IFSI \/ IFAS)<\/li>\n<li>\u00e9l\u00e8ves ou apprentis dans une Maison familiale et rurale (MFR)<\/li>\n<li>\u00e9l\u00e8ves dans une Institut m\u00e9dico-\u00e9ducatif (IME)<\/li>\n<li>jeunes dans une Mission locale<\/li>\n<li>jeunes en Service Civique<\/li>\n<\/ul>\n<p>Le club n&rsquo;utilisera que la somme correspondante \/\/ Cumulable avec le PASS&rsquo;SPORT<\/p>\n<\/div>\n","protected":false},"excerpt":{"rendered":"<p>La Carte E&rsquo;Pass Jeunes, c&rsquo;est quoi?\u00a0 R\u00e9duction jusqu&rsquo;\u00e0 20\u20ac\u00a0pour les jeunes de\u00a015-25 ans,\u00a0d\u00e9tenteurs de la\u00a0carte E&rsquo;Pass Jeunes, propos\u00e9e par le conseil r\u00e9gional SUD PACA.\u00a0Plus de renseignements sur ce lien: https:\/\/www.maregionsud.fr\/toutes-vos-aides\/detail\/e-pass-jeunes E-PASS JEUNES pour qui ? Pour les jeunes \u00e2g\u00e9s de 15 \u00e0 25 ans scolaris\u00e9s en R\u00e9gion Provence-Alpes-C\u00f4te d\u2019Azur, qu\u2019ils soient: lyc\u00e9ens en BTS ou &hellip; <a href=\"https:\/\/istressportsbadminton.com\/?page_id=4600\" class=\"more-link\">Continuer la lecture<span class=\"screen-reader-text\"> de &laquo;&nbsp;Carte E&rsquo;Pass Jeunes\u00a0(-20.00\u20ac)&nbsp;&raquo;<\/span><\/a><\/p>\n","protected":false},"author":3,"featured_media":0,"parent":0,"menu_order":0,"comment_status":"closed","ping_status":"closed","template":"","meta":{"sfsi_plus_gutenberg_text_before_share":"","sfsi_plus_gutenberg_show_text_before_share":"","sfsi_plus_gutenberg_icon_type":"","sfsi_plus_gutenberg_icon_alignemt":"","sfsi_plus_gutenburg_max_per_row":""},"_links":{"self":[{"href":"https:\/\/istressportsbadminton.com\/index.php?rest_route=\/wp\/v2\/pages\/4600"}],"collection":[{"href":"https:\/\/istressportsbadminton.com\/index.php?rest_route=\/wp\/v2\/pages"}],"about":[{"href":"https:\/\/istressportsbadminton.com\/index.php?rest_route=\/wp\/v2\/types\/page"}],"author":[{"embeddable":true,"href":"https:\/\/istressportsbadminton.com\/index.php?rest_route=\/wp\/v2\/users\/3"}],"replies":[{"embeddable":true,"href":"https:\/\/istressportsbadminton.com\/index.php?rest_route=%2Fwp%2Fv2%2Fcomments&post=4600"}],"version-history":[{"count":1,"href":"https:\/\/istressportsbadminton.com\/index.php?rest_route=\/wp\/v2\/pages\/4600\/revisions"}],"predecessor-version":[{"id":4602,"href":"https:\/\/istressportsbadminton.com\/index.php?rest_route=\/wp\/v2\/pages\/4600\/revisions\/4602"}],"wp:attachment":[{"href":"https:\/\/istressportsbadminton.com\/index.php?rest_route=%2Fwp%2Fv2%2Fmedia&parent=4600"}],"curies":[{"name":"wp","href":"https:\/\/api.w.org\/{rel}","templated":true}]}}