{"id":4864,"date":"2025-09-02T18:14:29","date_gmt":"2025-09-02T16:14:29","guid":{"rendered":"https:\/\/istressportsbadminton.com\/?page_id=4864"},"modified":"2026-01-06T11:21:25","modified_gmt":"2026-01-06T09:21:25","slug":"licences-jeunes","status":"publish","type":"page","link":"https:\/\/istressportsbadminton.com\/?page_id=4864","title":{"rendered":"Licences Jeunes"},"content":{"rendered":"\n<p>Pour les essais, selon l&rsquo;\u00e2ge:\u00a0<\/p>\n<ul>\n<li>5-11 ans : le Lundi 17h30-18h ou mercredi 16h-17h<\/li>\n<li>12-17 ans: le mercredi 18h-19h<\/li>\n<\/ul>\n<p>N&rsquo;h\u00e9sitez pas \u00e0 discuter avec l&rsquo;encadrant \u00e0 la suite de l&rsquo;essai.<\/p>\n<p><em>cliquez pour agrandir les images<\/em><\/p>\n\n\n\n<p><a href=\"http:\/\/istressportsbadminton.com\/wp-content\/uploads\/2026\/01\/Menus-licences-jeunes-25-26-Jan26.png\" target=\"_blank\" rel=\"noopener\"><img loading=\"lazy\" class=\"aligncenter wp-image-4965\" src=\"http:\/\/istressportsbadminton.com\/wp-content\/uploads\/2026\/01\/Menus-licences-jeunes-25-26-Jan26.png\" alt=\"\" width=\"687\" height=\"486\" srcset=\"https:\/\/istressportsbadminton.com\/wp-content\/uploads\/2026\/01\/Menus-licences-jeunes-25-26-Jan26.png 1517w, https:\/\/istressportsbadminton.com\/wp-content\/uploads\/2026\/01\/Menus-licences-jeunes-25-26-Jan26-300x212.png 300w, https:\/\/istressportsbadminton.com\/wp-content\/uploads\/2026\/01\/Menus-licences-jeunes-25-26-Jan26-1024x725.png 1024w, https:\/\/istressportsbadminton.com\/wp-content\/uploads\/2026\/01\/Menus-licences-jeunes-25-26-Jan26-150x106.png 150w, https:\/\/istressportsbadminton.com\/wp-content\/uploads\/2026\/01\/Menus-licences-jeunes-25-26-Jan26-1200x850.png 1200w\" sizes=\"(max-width: 687px) 85vw, 687px\" \/><\/a><a href=\"http:\/\/istressportsbadminton.com\/wp-content\/uploads\/2026\/01\/Menus-licence-creneau-famille-Jan26.png\" target=\"_blank\" rel=\"noopener\"><img loading=\"lazy\" class=\"aligncenter wp-image-4964\" src=\"http:\/\/istressportsbadminton.com\/wp-content\/uploads\/2026\/01\/Menus-licence-creneau-famille-Jan26.png\" alt=\"\" width=\"152\" height=\"249\" srcset=\"https:\/\/istressportsbadminton.com\/wp-content\/uploads\/2026\/01\/Menus-licence-creneau-famille-Jan26.png 838w, https:\/\/istressportsbadminton.com\/wp-content\/uploads\/2026\/01\/Menus-licence-creneau-famille-Jan26-183x300.png 183w, https:\/\/istressportsbadminton.com\/wp-content\/uploads\/2026\/01\/Menus-licence-creneau-famille-Jan26-625x1024.png 625w, https:\/\/istressportsbadminton.com\/wp-content\/uploads\/2026\/01\/Menus-licence-creneau-famille-Jan26-91x150.png 91w\" sizes=\"(max-width: 152px) 85vw, 152px\" \/><\/a><\/p>\n","protected":false},"excerpt":{"rendered":"<p>Pour les essais, selon l&rsquo;\u00e2ge:\u00a0 5-11 ans : le Lundi 17h30-18h ou mercredi 16h-17h 12-17 ans: le mercredi 18h-19h N&rsquo;h\u00e9sitez pas \u00e0 discuter avec l&rsquo;encadrant \u00e0 la suite de l&rsquo;essai. cliquez pour agrandir les images<\/p>\n","protected":false},"author":3,"featured_media":0,"parent":0,"menu_order":0,"comment_status":"closed","ping_status":"closed","template":"","meta":{"sfsi_plus_gutenberg_text_before_share":"","sfsi_plus_gutenberg_show_text_before_share":"","sfsi_plus_gutenberg_icon_type":"","sfsi_plus_gutenberg_icon_alignemt":"","sfsi_plus_gutenburg_max_per_row":""},"_links":{"self":[{"href":"https:\/\/istressportsbadminton.com\/index.php?rest_route=\/wp\/v2\/pages\/4864"}],"collection":[{"href":"https:\/\/istressportsbadminton.com\/index.php?rest_route=\/wp\/v2\/pages"}],"about":[{"href":"https:\/\/istressportsbadminton.com\/index.php?rest_route=\/wp\/v2\/types\/page"}],"author":[{"embeddable":true,"href":"https:\/\/istressportsbadminton.com\/index.php?rest_route=\/wp\/v2\/users\/3"}],"replies":[{"embeddable":true,"href":"https:\/\/istressportsbadminton.com\/index.php?rest_route=%2Fwp%2Fv2%2Fcomments&post=4864"}],"version-history":[{"count":2,"href":"https:\/\/istressportsbadminton.com\/index.php?rest_route=\/wp\/v2\/pages\/4864\/revisions"}],"predecessor-version":[{"id":4966,"href":"https:\/\/istressportsbadminton.com\/index.php?rest_route=\/wp\/v2\/pages\/4864\/revisions\/4966"}],"wp:attachment":[{"href":"https:\/\/istressportsbadminton.com\/index.php?rest_route=%2Fwp%2Fv2%2Fmedia&parent=4864"}],"curies":[{"name":"wp","href":"https:\/\/api.w.org\/{rel}","templated":true}]}}