{"id":490,"date":"2015-12-17T15:08:13","date_gmt":"2015-12-17T14:08:13","guid":{"rendered":"http:\/\/istressportsbadminton.com\/?page_id=490"},"modified":"2016-02-05T16:21:12","modified_gmt":"2016-02-05T15:21:12","slug":"trj-3-apt","status":"publish","type":"page","link":"https:\/\/istressportsbadminton.com\/?page_id=490","title":{"rendered":"TRJ 3 Apt"},"content":{"rendered":"<p>En ce samedi 12 d\u00e9cembre, suite des aventures de notre petit champion <strong>Swann Hardi<\/strong>, qui du haut de ses 8 ans, participait au Tournoi <span style=\"text-decoration: underline;\">R\u00e9gional<\/span> Jeunes d&rsquo;Apt, \u00a0<a href=\"http:\/\/istressportsbadminton.com\/?page_id=208\" target=\"_blank\">apr\u00e8s ses tr\u00e8s belles premi\u00e8res perf d&rsquo;octobre.<\/a><\/p>\n<p><strong>Swann<\/strong> se pr\u00e9sentait en qualit\u00e9 de t\u00eate de s\u00e9rie N1 en cat\u00e9gorie Poussin TopB. Et il fait parfaitement honneur a son statut lors de ses 2 matchs de poule, confortablement remport\u00e9s 21-13 21-10 et 21-18 21-19.\u00a0Il va ensuite litt\u00e9ralement survoler sa demi-finale 21-15 21-12, et voila notre graine de champion qualifi\u00e9 pour sa 1\u00e8re finale de tournoi.<\/p>\n<p>Cette finale ne d\u00e9marre malheureusement pas bien et <strong>Swann<\/strong> se retrouve rapidement men\u00e9 11-3 \u00e0 la pause. Il revient alors bien dans son match, mais pas pas suffisamment pour l&#8217;emporter, 1\u00e8re manche finalement perdue 22-20.\u00a0Le coach <strong>Fabien<\/strong>, pr\u00e9sent \u00e0 l&rsquo;\u00e9v\u00e9nement, sait alors trouver les mots qu&rsquo;il faut, et \u00e7a marche! Le 2\u00e8me set est remport\u00e9 facilement 21-09. Malheureusement, <strong>Swann<\/strong>\u00a0d\u00e9joue dans derni\u00e8re manche, et s&rsquo;incline finalement 21-13.<\/p>\n<p><a href=\"http:\/\/istressportsbadminton.com\/wp-content\/uploads\/2015\/12\/Swann-TRJ.jpg\"><img loading=\"lazy\" class=\"alignleft wp-image-491 size-thumbnail\" src=\"http:\/\/istressportsbadminton.com\/wp-content\/uploads\/2015\/12\/Swann-TRJ-150x150.jpg\" alt=\"Swann TRJ\" width=\"150\" height=\"150\" srcset=\"https:\/\/istressportsbadminton.com\/wp-content\/uploads\/2015\/12\/Swann-TRJ-150x150.jpg 150w, https:\/\/istressportsbadminton.com\/wp-content\/uploads\/2015\/12\/Swann-TRJ-1x1.jpg 1w\" sizes=\"(max-width: 150px) 85vw, 150px\" \/><\/a>Malgr\u00e9 les regrets d&rsquo;\u00eatre tomb\u00e9 dans une finale qui \u00e9tait \u00e0\u00a0sa port\u00e9, comme l&rsquo;a soulign\u00e9 <strong>Fabien<\/strong>, la performance est tr\u00e8s belle pour seulement son 3\u00e8me tournoi, qui plus est dans un tournoi r\u00e9gional.<\/p>\n<p>Bravo <strong>Swann<\/strong>!!\u00a0<img src=\"https:\/\/ssl.gstatic.com\/mail\/emoji\/6\/48px\/emoji_u1f44d.png\" alt=\"\uf44d\" data-goomoji=\"1f44d\" \/><\/p>\n","protected":false},"excerpt":{"rendered":"<p>En ce samedi 12 d\u00e9cembre, suite des aventures de notre petit champion Swann Hardi, qui du haut de ses 8 ans, participait au Tournoi R\u00e9gional Jeunes d&rsquo;Apt, \u00a0apr\u00e8s ses tr\u00e8s belles premi\u00e8res perf d&rsquo;octobre. Swann se pr\u00e9sentait en qualit\u00e9 de t\u00eate de s\u00e9rie N1 en cat\u00e9gorie Poussin TopB. Et il fait parfaitement honneur a son &hellip; <a href=\"https:\/\/istressportsbadminton.com\/?page_id=490\" class=\"more-link\">Continuer la lecture<span class=\"screen-reader-text\"> de &laquo;&nbsp;TRJ 3 Apt&nbsp;&raquo;<\/span><\/a><\/p>\n","protected":false},"author":3,"featured_media":0,"parent":0,"menu_order":0,"comment_status":"closed","ping_status":"closed","template":"","meta":{"sfsi_plus_gutenberg_text_before_share":"","sfsi_plus_gutenberg_show_text_before_share":"","sfsi_plus_gutenberg_icon_type":"","sfsi_plus_gutenberg_icon_alignemt":"","sfsi_plus_gutenburg_max_per_row":""},"_links":{"self":[{"href":"https:\/\/istressportsbadminton.com\/index.php?rest_route=\/wp\/v2\/pages\/490"}],"collection":[{"href":"https:\/\/istressportsbadminton.com\/index.php?rest_route=\/wp\/v2\/pages"}],"about":[{"href":"https:\/\/istressportsbadminton.com\/index.php?rest_route=\/wp\/v2\/types\/page"}],"author":[{"embeddable":true,"href":"https:\/\/istressportsbadminton.com\/index.php?rest_route=\/wp\/v2\/users\/3"}],"replies":[{"embeddable":true,"href":"https:\/\/istressportsbadminton.com\/index.php?rest_route=%2Fwp%2Fv2%2Fcomments&post=490"}],"version-history":[{"count":4,"href":"https:\/\/istressportsbadminton.com\/index.php?rest_route=\/wp\/v2\/pages\/490\/revisions"}],"predecessor-version":[{"id":742,"href":"https:\/\/istressportsbadminton.com\/index.php?rest_route=\/wp\/v2\/pages\/490\/revisions\/742"}],"wp:attachment":[{"href":"https:\/\/istressportsbadminton.com\/index.php?rest_route=%2Fwp%2Fv2%2Fmedia&parent=490"}],"curies":[{"name":"wp","href":"https:\/\/api.w.org\/{rel}","templated":true}]}}