{"id":4995,"date":"2026-05-03T11:49:22","date_gmt":"2026-05-03T09:49:22","guid":{"rendered":"https:\/\/istressportsbadminton.com\/?page_id=4995"},"modified":"2026-05-03T11:49:22","modified_gmt":"2026-05-03T09:49:22","slug":"licence-estivale-et-double-adhesion-estivale","status":"publish","type":"page","link":"https:\/\/istressportsbadminton.com\/?page_id=4995","title":{"rendered":"Licence Estivale et Double Adh\u00e9sion Estivale"},"content":{"rendered":"\n\n\n<p><a href=\"http:\/\/istressportsbadminton.com\/wp-content\/uploads\/2025\/07\/image-licence-estivales.png\"><img loading=\"lazy\" class=\"wp-image-4987 alignleft\" src=\"http:\/\/istressportsbadminton.com\/wp-content\/uploads\/2025\/07\/image-licence-estivales.png\" alt=\"\" width=\"341\" height=\"239\" srcset=\"https:\/\/istressportsbadminton.com\/wp-content\/uploads\/2025\/07\/image-licence-estivales.png 1859w, https:\/\/istressportsbadminton.com\/wp-content\/uploads\/2025\/07\/image-licence-estivales-300x211.png 300w, https:\/\/istressportsbadminton.com\/wp-content\/uploads\/2025\/07\/image-licence-estivales-1024x719.png 1024w, https:\/\/istressportsbadminton.com\/wp-content\/uploads\/2025\/07\/image-licence-estivales-150x105.png 150w, https:\/\/istressportsbadminton.com\/wp-content\/uploads\/2025\/07\/image-licence-estivales-1536x1078.png 1536w, https:\/\/istressportsbadminton.com\/wp-content\/uploads\/2025\/07\/image-licence-estivales-1200x842.png 1200w\" sizes=\"(max-width: 341px) 85vw, 341px\" \/><\/a>Vous souhaitez nous rejoindre sur cette fin de saison et tout l&rsquo;\u00e9t\u00e9 (et pourquoi pas ensuite vous inscrire pour la rentr\u00e9e ) ?<\/p>\n<p><span style=\"background-color: #ffffff; color: #000000;\"><span style=\"color: #3366ff;\"><b><span style=\"color: #000000;\">Les <span style=\"color: #ff9900;\">Licences estivales<\/span> (Adultes ou Enfants) et <span style=\"color: #ff9900;\">Doubles<\/span> <span style=\"color: #ff9900;\">Adh\u00e9sion<\/span> (licenci\u00e9 25\/26 dans un autre club) sont disponibles! <\/span><\/b><\/span><\/span><\/p>\n<p><span style=\"color: #000000;\"><b>Valable <span style=\"text-decoration: underline;\"><span style=\"color: #ff9900; text-decoration: underline;\">jusqu&rsquo;au 31 aout 2026<\/span><\/span><\/b><\/span><\/p>\n<p>Donne acc\u00e8s \u00e0 :<\/p>\n<ul>\n<li>Jusqu&rsquo;au 3 juillet, \u00e0 l&rsquo;ensemble des cr\u00e9neaux de Jeu Libre Adulte du planning de saison:\u00a0<a href=\"https:\/\/istressportsbadminton.com\/wp-content\/uploads\/2026\/01\/Creneaux-Adultes-25_26-jan26.png\">CLIQUEZ: Voir l\u2019ensemble des cr\u00e9neaux Adultes<\/a><\/li>\n<li>Du 6 juillet au 31 ao\u00fbt, \u00e0 l&rsquo;ensemble des cr\u00e9neaux vacances (tous les Lundi, Mercredi et Vendredi, de 18h \u00e0 22h, et samedi de 10h \u00e0 12h)\u00a0<\/li>\n<\/ul>\n<p><span style=\"color: #000000;\"><b><span style=\"color: #ff9900;\"> \u21d2<\/span><\/b><\/span><strong><span style=\"text-decoration: underline;\">Licence Estivale<\/span>, <span style=\"color: #ff9900;\">50\u20ac\u00a0 <span style=\"color: #000000;\">ou <b>\u21d2<\/b><\/span><span style=\"color: #000000;\"><span style=\"text-decoration: underline;\">Double Adh\u00e9sion Estivale<\/span>,<\/span> 30\u20ac<\/span><\/strong><\/p>\n<p>Convaincu? n&rsquo;h\u00e9sitez pas \u00e0 nous contacter ( isb13800@gmail.com, 06 16 86 43 03) et venir faire une s\u00e9ance d&rsquo;essai.<\/p>\n<p>Les inscriptions se font ensuite en ligne:<\/p>\n<ul>\n<li>N\u00e9o licenci\u00e9? acc\u00e9dez au formulaire d&rsquo;inscription<span style=\"color: #0000ff;\"> <strong style=\"font-size: 23px;\"><a style=\"background-color: #ff9900; color: #0000ff;\" href=\"https:\/\/adherer.ffbad.club\/ISB13\">-&gt; https:\/\/adherer.ffbad.club\/ISB13<\/a><\/strong><\/span><\/li>\n<li>D\u00e9j\u00e0 licenci\u00e9 dans un autre club?\u00a0 : \u21d2 <strong>directement via votre compte MyFFBad<\/strong> (&gt; cherchez y la page d&rsquo;Istres Sports Badminton &gt; cliquez sur le bouton \u00ab\u00a0adh\u00e9rer \u00e0 ce club\u00a0\u00bb &gt; sur la page tarif, s\u00e9lectionnez \u00ab\u00a0Double Adh\u00e9sion Estivale\u00a0\u00bb)<\/li>\n<\/ul>\n<p>A tr\u00e8s vite au gymnase\u00a0 !!<\/p>\n","protected":false},"excerpt":{"rendered":"<p>Vous souhaitez nous rejoindre sur cette fin de saison et tout l&rsquo;\u00e9t\u00e9 (et pourquoi pas ensuite vous inscrire pour la rentr\u00e9e ) ? Les Licences estivales (Adultes ou Enfants) et Doubles Adh\u00e9sion (licenci\u00e9 25\/26 dans un autre club) sont disponibles! Valable jusqu&rsquo;au 31 aout 2026 Donne acc\u00e8s \u00e0 : Jusqu&rsquo;au 3 juillet, \u00e0 l&rsquo;ensemble des &hellip; <a href=\"https:\/\/istressportsbadminton.com\/?page_id=4995\" class=\"more-link\">Continuer la lecture<span class=\"screen-reader-text\"> de &laquo;&nbsp;Licence Estivale et Double Adh\u00e9sion Estivale&nbsp;&raquo;<\/span><\/a><\/p>\n","protected":false},"author":3,"featured_media":0,"parent":0,"menu_order":0,"comment_status":"closed","ping_status":"closed","template":"","meta":{"sfsi_plus_gutenberg_text_before_share":"","sfsi_plus_gutenberg_show_text_before_share":"","sfsi_plus_gutenberg_icon_type":"","sfsi_plus_gutenberg_icon_alignemt":"","sfsi_plus_gutenburg_max_per_row":""},"_links":{"self":[{"href":"https:\/\/istressportsbadminton.com\/index.php?rest_route=\/wp\/v2\/pages\/4995"}],"collection":[{"href":"https:\/\/istressportsbadminton.com\/index.php?rest_route=\/wp\/v2\/pages"}],"about":[{"href":"https:\/\/istressportsbadminton.com\/index.php?rest_route=\/wp\/v2\/types\/page"}],"author":[{"embeddable":true,"href":"https:\/\/istressportsbadminton.com\/index.php?rest_route=\/wp\/v2\/users\/3"}],"replies":[{"embeddable":true,"href":"https:\/\/istressportsbadminton.com\/index.php?rest_route=%2Fwp%2Fv2%2Fcomments&post=4995"}],"version-history":[{"count":1,"href":"https:\/\/istressportsbadminton.com\/index.php?rest_route=\/wp\/v2\/pages\/4995\/revisions"}],"predecessor-version":[{"id":4998,"href":"https:\/\/istressportsbadminton.com\/index.php?rest_route=\/wp\/v2\/pages\/4995\/revisions\/4998"}],"wp:attachment":[{"href":"https:\/\/istressportsbadminton.com\/index.php?rest_route=%2Fwp%2Fv2%2Fmedia&parent=4995"}],"curies":[{"name":"wp","href":"https:\/\/api.w.org\/{rel}","templated":true}]}}