{"id":944,"date":"2016-03-25T15:55:03","date_gmt":"2016-03-25T14:55:03","guid":{"rendered":"http:\/\/istressportsbadminton.com\/?page_id=944"},"modified":"2016-03-25T15:55:03","modified_gmt":"2016-03-25T14:55:03","slug":"compte-rendu-j5-4","status":"publish","type":"page","link":"https:\/\/istressportsbadminton.com\/?page_id=944","title":{"rendered":"Compte Rendu J5"},"content":{"rendered":"<p>Le 26 janvier, l&rsquo;\u00e9quipe 2 du capitaine Greg faisait le court d\u00e9placement \u00e0 Arles (avec Taline en guest star!) \u00e0 l&rsquo;occasion de la 5e journ\u00e9e pour tenter de continuer son parcours sans faute. Et c&rsquo;est sur une victoire 5-2 qu&rsquo;ISB boucle cette phase aller parfaite avec 5 victoires en 5 matchs!<\/p>\n<p><a href=\"http:\/\/istressportsbadminton.com\/wp-content\/uploads\/2015\/11\/classement-D1.jpg\" rel=\"attachment wp-att-695\"><img loading=\"lazy\" class=\"alignnone size-full wp-image-695\" src=\"http:\/\/istressportsbadminton.com\/wp-content\/uploads\/2015\/11\/classement-D1.jpg\" alt=\"classement D1 J5\" width=\"1084\" height=\"199\" srcset=\"https:\/\/istressportsbadminton.com\/wp-content\/uploads\/2015\/11\/classement-D1.jpg 1084w, https:\/\/istressportsbadminton.com\/wp-content\/uploads\/2015\/11\/classement-D1-300x55.jpg 300w, https:\/\/istressportsbadminton.com\/wp-content\/uploads\/2015\/11\/classement-D1-1024x188.jpg 1024w, https:\/\/istressportsbadminton.com\/wp-content\/uploads\/2015\/11\/classement-D1-5x1.jpg 5w\" sizes=\"(max-width: 709px) 85vw, (max-width: 909px) 67vw, (max-width: 1362px) 62vw, 840px\" \/><\/a><\/p>\n","protected":false},"excerpt":{"rendered":"<p>Le 26 janvier, l&rsquo;\u00e9quipe 2 du capitaine Greg faisait le court d\u00e9placement \u00e0 Arles (avec Taline en guest star!) \u00e0 l&rsquo;occasion de la 5e journ\u00e9e pour tenter de continuer son parcours sans faute. Et c&rsquo;est sur une victoire 5-2 qu&rsquo;ISB boucle cette phase aller parfaite avec 5 victoires en 5 matchs!<\/p>\n","protected":false},"author":3,"featured_media":0,"parent":0,"menu_order":0,"comment_status":"closed","ping_status":"closed","template":"","meta":{"sfsi_plus_gutenberg_text_before_share":"","sfsi_plus_gutenberg_show_text_before_share":"","sfsi_plus_gutenberg_icon_type":"","sfsi_plus_gutenberg_icon_alignemt":"","sfsi_plus_gutenburg_max_per_row":""},"_links":{"self":[{"href":"https:\/\/istressportsbadminton.com\/index.php?rest_route=\/wp\/v2\/pages\/944"}],"collection":[{"href":"https:\/\/istressportsbadminton.com\/index.php?rest_route=\/wp\/v2\/pages"}],"about":[{"href":"https:\/\/istressportsbadminton.com\/index.php?rest_route=\/wp\/v2\/types\/page"}],"author":[{"embeddable":true,"href":"https:\/\/istressportsbadminton.com\/index.php?rest_route=\/wp\/v2\/users\/3"}],"replies":[{"embeddable":true,"href":"https:\/\/istressportsbadminton.com\/index.php?rest_route=%2Fwp%2Fv2%2Fcomments&post=944"}],"version-history":[{"count":1,"href":"https:\/\/istressportsbadminton.com\/index.php?rest_route=\/wp\/v2\/pages\/944\/revisions"}],"predecessor-version":[{"id":945,"href":"https:\/\/istressportsbadminton.com\/index.php?rest_route=\/wp\/v2\/pages\/944\/revisions\/945"}],"wp:attachment":[{"href":"https:\/\/istressportsbadminton.com\/index.php?rest_route=%2Fwp%2Fv2%2Fmedia&parent=944"}],"curies":[{"name":"wp","href":"https:\/\/api.w.org\/{rel}","templated":true}]}}