{"id":961,"date":"2016-03-28T17:44:54","date_gmt":"2016-03-28T16:44:54","guid":{"rendered":"http:\/\/istressportsbadminton.com\/?page_id=961"},"modified":"2016-03-28T17:54:36","modified_gmt":"2016-03-28T16:54:36","slug":"compte-rendu-j8","status":"publish","type":"page","link":"https:\/\/istressportsbadminton.com\/?page_id=961","title":{"rendered":"Compte Rendu J8"},"content":{"rendered":"<p><span style=\"text-decoration: underline;\"><strong><span style=\"color: #993366; text-decoration: underline;\">Vitrolles-ISB 2<\/span><\/strong><\/span><\/p>\n<p>En l&rsquo;absence du capitaine <strong>Greg<\/strong>, c&rsquo;est <strong>Jean Pierre<\/strong> qui se retrouvait aux commandes de l&rsquo;\u00e9quipe 2 pour ce d\u00e9placement chez son ancien club. 2e de la poule B, Istres affronte le 4e (sur 6) avec l&rsquo;ambition de rester au contact du leader Aubagne et de valider au plus vite sa place en play off. 5 joueurs seulement ont \u00e9t\u00e9 convoqu\u00e9 pour cette rencontre en raison de la blessure de Quentin et de l&rsquo;absence de Teddy (qui jouera d\u00e9sormais avec l&rsquo;\u00e9quipe 1) et de Greg: Il s&rsquo;agit de <strong>Jean Pierre<\/strong>, <strong>Geoffrey<\/strong>, <strong>Maxence<\/strong>, <strong>Agn\u00e8s<\/strong> et <strong>R\u00e9gine<\/strong>.<\/p>\n<p><strong><span style=\"color: #993366;\">SH1:<\/span><\/strong> Align\u00e9 en simple 2 au match aller, le (tr\u00e8s) jeune Gabriel Rodrigues, 13 ans, avait cr\u00e9\u00e9 la sensation en accrochant s\u00e9rieusement Greg ne perdant le match que 21-19 au 3e set. Cette fois ci oppos\u00e9 \u00e0 Jean Pierre, Gabriel ne pourra rien faire face \u00e0 l&rsquo;exp\u00e9rience de son adversaire et s&rsquo;inclinera s\u00e8chement 21-7 21-9. \u00a0 \u00a0 \u00a0 \u00a0 \u00a0 \u00a0 \u00a0 \u00a0 \u00a0 \u00a0 \u00a0 \u00a0 \u00a0 \u00a0 \u00a0 \u00a0 \u00a0 \u00a0 \u00a0 \u00a0 \u00a0 \u00a0 \u00a0 \u00a0 \u00a0 \u00a0 \u00a0 \u00a0 \u00a0 \u00a0 \u00a0 \u00a0 \u00a0 \u00a0 \u00a0 \u00a0 \u00a0 \u00a0 \u00a0 \u00a0 \u00a0 \u00a0\u00a0<span style=\"color: #993366;\"><strong>SH2:<\/strong><\/span> M\u00eame physionomie dans le simple 2, o\u00f9 Geoffrey, soucieux de se rattraper apr\u00e8s son match perdu lors de la pr\u00e9c\u00e9dente journ\u00e9e, ne fera qu&rsquo;une bouch\u00e9e de Mathieu Balsamo 21-5 21-6.<br \/>\n<span style=\"color: #993366;\"><strong>SH3<\/strong><\/span>: En revanche, le simple 3 va s\u2019av\u00e9rer bien plus compliqu\u00e9&#8230; Malgr\u00e9 la nette diff\u00e9rence de classement avec son adversaire, Maxence va avoir toutes les peines du monde \u00e0 remporter ce match et aura besoin de 3 sets pour venir \u00e0 bout de Guillaume Maurillon 11-21 21-19 17-21. Ouf!<br \/>\n<span style=\"color: #993366;\"><strong>SD<\/strong><\/span>: Le simple dame sera lui aussi tr\u00e8s accroch\u00e9 pour Agn\u00e8s face \u00e0 une Natacha Forestier qui avait s\u00e9rieusement accroch\u00e9 Aur\u00e9lie au match aller (d\u00e9faite 21-18 au 3e set). Et c&rsquo;est malheureusement la vitrollaise qui aura le dernier mot avec une d\u00e9faite en 3 sets 21-15 18-21 21-12 pour notre cascadeuse.<br \/>\n<span style=\"color: #993366;\"><strong>DD<\/strong><\/span>: Encore un match serr\u00e9 en double dame, o\u00f9 R\u00e9gine et Agn\u00e8s vont finir par rendre les armes apr\u00e8s 3 sets acharn\u00e9s 21-15 15-21 21-17.<br \/>\n<span style=\"color: #993366;\"><strong>DH:<\/strong><\/span> Le double homme, lui, ne sera qu&rsquo;une formalit\u00e9 pour la paire Geoffrey\/Maxence qui va punir Gabriel et Guillaume sur le score de 21-8 21-10.<br \/>\n<span style=\"color: #993366;\"><strong>Mx<\/strong><\/span>: Enfin, pour sa deuxi\u00e8me rencontre depuis son arriv\u00e9e au club, R\u00e9gine va remporter son premier match \u00e0 l&rsquo;occasion du mixte (associ\u00e9 \u00e0 Jean Pierre) 21-15 21-16.<br \/>\nVictoire finale 5-2 pour ISB! Bravo \u00e0 l&rsquo;\u00e9quipe et \u00e0 Jean Pierre qui a parfaitement assum\u00e9 son r\u00f4le de leader en l&rsquo;absence du capitaine Greg.<\/p>\n<p>Je vous rappelle que si vous voulez suivre en direct live les rencontres d&rsquo;interclubs d&rsquo;Istres Sports Badminton, il vous suffit d&rsquo;installer l&rsquo;appli \u00ab\u00a0JOIN APP\u00a0\u00bb sur votre mobile (en cliquant sur le lien suivant <span style=\"color: #993366;\"><strong><a style=\"color: #993366;\" href=\"http:\/\/www.joinapp.fr\/d\/faf83d4a62247c0ef16580acb60bc18a\" target=\"_blank\">http:\/\/www.joinapp.fr\/d\/<wbr \/>faf83d4a62247c0ef16580acb60bc1<wbr \/>8a<\/a><\/strong><\/span>) ou en scannant le QR code suivant:<\/p>\n<p><a href=\"http:\/\/istressportsbadminton.com\/wp-content\/uploads\/2016\/03\/QRCode-Join-App-ISB.png\" rel=\"attachment wp-att-966\"><img loading=\"lazy\" class=\"wp-image-966  alignnone\" src=\"http:\/\/istressportsbadminton.com\/wp-content\/uploads\/2016\/03\/QRCode-Join-App-ISB-150x150.png\" alt=\"QRCode Join App ISB\" width=\"103\" height=\"103\" srcset=\"https:\/\/istressportsbadminton.com\/wp-content\/uploads\/2016\/03\/QRCode-Join-App-ISB-150x150.png 150w, https:\/\/istressportsbadminton.com\/wp-content\/uploads\/2016\/03\/QRCode-Join-App-ISB-1x1.png 1w, https:\/\/istressportsbadminton.com\/wp-content\/uploads\/2016\/03\/QRCode-Join-App-ISB.png 219w\" sizes=\"(max-width: 103px) 85vw, 103px\" \/><\/a><\/p>\n<p>et de rejoindre le groupe \u00ab\u00a0ISB\u00a0\u00bb. Ainsi vous recevrez en direct les r\u00e9sultats sur votre portable \ud83d\ude09<\/p>\n","protected":false},"excerpt":{"rendered":"<p>Vitrolles-ISB 2 En l&rsquo;absence du capitaine Greg, c&rsquo;est Jean Pierre qui se retrouvait aux commandes de l&rsquo;\u00e9quipe 2 pour ce d\u00e9placement chez son ancien club. 2e de la poule B, Istres affronte le 4e (sur 6) avec l&rsquo;ambition de rester au contact du leader Aubagne et de valider au plus vite sa place en play &hellip; <a href=\"https:\/\/istressportsbadminton.com\/?page_id=961\" class=\"more-link\">Continuer la lecture<span class=\"screen-reader-text\"> de &laquo;&nbsp;Compte Rendu J8&nbsp;&raquo;<\/span><\/a><\/p>\n","protected":false},"author":3,"featured_media":0,"parent":0,"menu_order":0,"comment_status":"closed","ping_status":"closed","template":"","meta":{"sfsi_plus_gutenberg_text_before_share":"","sfsi_plus_gutenberg_show_text_before_share":"","sfsi_plus_gutenberg_icon_type":"","sfsi_plus_gutenberg_icon_alignemt":"","sfsi_plus_gutenburg_max_per_row":""},"_links":{"self":[{"href":"https:\/\/istressportsbadminton.com\/index.php?rest_route=\/wp\/v2\/pages\/961"}],"collection":[{"href":"https:\/\/istressportsbadminton.com\/index.php?rest_route=\/wp\/v2\/pages"}],"about":[{"href":"https:\/\/istressportsbadminton.com\/index.php?rest_route=\/wp\/v2\/types\/page"}],"author":[{"embeddable":true,"href":"https:\/\/istressportsbadminton.com\/index.php?rest_route=\/wp\/v2\/users\/3"}],"replies":[{"embeddable":true,"href":"https:\/\/istressportsbadminton.com\/index.php?rest_route=%2Fwp%2Fv2%2Fcomments&post=961"}],"version-history":[{"count":3,"href":"https:\/\/istressportsbadminton.com\/index.php?rest_route=\/wp\/v2\/pages\/961\/revisions"}],"predecessor-version":[{"id":967,"href":"https:\/\/istressportsbadminton.com\/index.php?rest_route=\/wp\/v2\/pages\/961\/revisions\/967"}],"wp:attachment":[{"href":"https:\/\/istressportsbadminton.com\/index.php?rest_route=%2Fwp%2Fv2%2Fmedia&parent=961"}],"curies":[{"name":"wp","href":"https:\/\/api.w.org\/{rel}","templated":true}]}}